000
CDUS43 KICT 100622
CLICNU

CLIMATE REPORT
NATIONAL WEATHER SERVICE WICHITA KS
121 AM CDT SUN AUG 10 2014


...................................

...THE CHANUTE KS CLIMATE SUMMARY FOR AUGUST 9 2014...

CLIMATE NORMAL PERIOD 1981 TO 2010
CLIMATE RECORD PERIOD 1894 TO 2014


WEATHER ITEM   OBSERVED TIME   RECORD YEAR NORMAL DEPARTURE LAST
                VALUE   (LST)  VALUE       VALUE  FROM      YEAR
                                                  NORMAL
..................................................................
TEMPERATURE (F)
 YESTERDAY
  MAXIMUM         88    452 PM 113    1936  91     -3       76
  MINIMUM         69    608 AM  53    1989  69      0       67
  AVERAGE         79                        80     -1       72

PRECIPITATION (IN)
  YESTERDAY        0.05          3.20 2008   0.12  -0.07     0.04
  MONTH TO DATE    1.05                      1.04   0.01     3.71
  SINCE JUN 1     10.71                     11.44  -0.73    16.86
  SINCE JAN 1     20.17                     27.84  -7.67    35.42

DEGREE DAYS
 HEATING
  YESTERDAY        0                         0      0        0
  MONTH TO DATE    0                         0      0        0
  SINCE JUN 1      1                         6     -5       10
  SINCE JUL 1      1                         0      1        0

 COOLING
  YESTERDAY       14                        15     -1        7
  MONTH TO DATE  120                       135    -15      120
  SINCE JUN 1    728                       876   -148      861
  SINCE JAN 1    920                      1009    -89      984
..................................................................


WIND (MPH)
  HIGHEST WIND SPEED    12   HIGHEST WIND DIRECTION     E (110)
  HIGHEST GUST SPEED    14   HIGHEST GUST DIRECTION     E (100)
  AVERAGE WIND SPEED     4.9


SKY COVER
  POSSIBLE SUNSHINE  MM
  AVERAGE SKY COVER 0.2


WEATHER CONDITIONS
 THE FOLLOWING WEATHER WAS RECORDED YESTERDAY.
  THUNDERSTORM
  LIGHT RAIN
  FOG


RELATIVE HUMIDITY (PERCENT)
 HIGHEST    97           700 AM
 LOWEST     53           600 PM
 AVERAGE    75

..........................................................


THE CHANUTE KS CLIMATE NORMALS FOR TODAY
                         NORMAL    RECORD    YEAR
 MAXIMUM TEMPERATURE (F)   91       111      1936
 MINIMUM TEMPERATURE (F)   69        54      1917


SUNRISE AND SUNSET
AUGUST 10 2014........SUNRISE   633 AM CDT   SUNSET   821 PM CDT
AUGUST 11 2014........SUNRISE   634 AM CDT   SUNSET   819 PM CDT


-  INDICATES NEGATIVE NUMBERS.
R  INDICATES RECORD WAS SET OR TIED.
MM INDICATES DATA IS MISSING.
T  INDICATES TRACE AMOUNT.




$$
