000
CDUS43 KICT 160623
CLICNU

CLIMATE REPORT
NATIONAL WEATHER SERVICE WICHITA KS
122 AM CDT SUN APR 16 2017


...................................

...THE CHANUTE KS CLIMATE SUMMARY FOR APRIL 15 2017...

CLIMATE NORMAL PERIOD 1981 TO 2010
CLIMATE RECORD PERIOD 1894 TO 2017


WEATHER ITEM   OBSERVED TIME   RECORD YEAR NORMAL DEPARTURE LAST
                VALUE   (LST)  VALUE       VALUE  FROM      YEAR
                                                  NORMAL
..................................................................
TEMPERATURE (F)
 YESTERDAY
  MAXIMUM         82    353 PM  91    1936  68     14       74
  MINIMUM         62    622 AM  23    2014  46     16       48
  AVERAGE         72                        57     15       61

PRECIPITATION (IN)
  YESTERDAY        0.00          1.99 1973   0.15  -0.15     0.00
  MONTH TO DATE    3.09                      1.98   1.11     1.18
  SINCE MAR 1      5.11                      5.02   0.09     2.59
  SINCE JAN 1      7.26                      8.18  -0.92     3.67

DEGREE DAYS
 HEATING
  YESTERDAY        0                         9     -9        4
  MONTH TO DATE  101                       167    -66      132
  SINCE MAR 1    511                       726   -215      520
  SINCE JUL 1   3279                      4298  -1019     3485

 COOLING
  YESTERDAY        7                         1      6        0
  MONTH TO DATE   26                        11     15        9
  SINCE MAR 1     43                        15     28        9
  SINCE JAN 1     46                        15     31        9
..................................................................


WIND (MPH)
  HIGHEST WIND SPEED    28   HIGHEST WIND DIRECTION     S (200)
  HIGHEST GUST SPEED    40   HIGHEST GUST DIRECTION    SW (210)
  AVERAGE WIND SPEED    17.9


SKY COVER
  POSSIBLE SUNSHINE  MM
  AVERAGE SKY COVER 0.3


WEATHER CONDITIONS
 THE FOLLOWING WEATHER WAS RECORDED YESTERDAY.
  NO SIGNIFICANT WEATHER WAS OBSERVED.


RELATIVE HUMIDITY (PERCENT)
 HIGHEST    73           700 AM
 LOWEST     47           400 PM
 AVERAGE    60

..........................................................


THE CHANUTE KS CLIMATE NORMALS FOR TODAY
                         NORMAL    RECORD    YEAR
 MAXIMUM TEMPERATURE (F)   68        88      2006
 MINIMUM TEMPERATURE (F)   46        24      1953


SUNRISE AND SUNSET
APRIL 16 2017.........SUNRISE   645 AM CDT   SUNSET   759 PM CDT
APRIL 17 2017.........SUNRISE   644 AM CDT   SUNSET   800 PM CDT


-  INDICATES NEGATIVE NUMBERS.
R  INDICATES RECORD WAS SET OR TIED.
MM INDICATES DATA IS MISSING.
T  INDICATES TRACE AMOUNT.




$$
