000
CDUS43 KICT 220631
CLICNU

CLIMATE REPORT
NATIONAL WEATHER SERVICE WICHITA KS
130 AM CDT SAT OCT 22 2016

...................................

...THE CHANUTE KS CLIMATE SUMMARY FOR OCTOBER 21 2016...

CLIMATE NORMAL PERIOD 1981 TO 2010
CLIMATE RECORD PERIOD 1894 TO 2016


WEATHER ITEM   OBSERVED TIME   RECORD YEAR NORMAL DEPARTURE LAST
                VALUE   (LST)  VALUE       VALUE  FROM      YEAR
                                                  NORMAL
..................................................................
TEMPERATURE (F)
 YESTERDAY
  MAXIMUM         65    341 PM  90    1978  68     -3       83
  MINIMUM         37    658 AM  25    1987  46     -9       60
  AVERAGE         51                        57     -6       72

PRECIPITATION (IN)
  YESTERDAY        0.00          1.92 1972   0.10  -0.10     0.00
  MONTH TO DATE    3.10                      2.68   0.42     0.59
  SINCE SEP 1     10.01                      6.35   3.66     1.88
  SINCE JAN 1     35.24                     36.84  -1.60    33.19

DEGREE DAYS
 HEATING
  YESTERDAY       14                         9      5        0
  MONTH TO DATE   73                       136    -63       71
  SINCE SEP 1     84                       182    -98       77
  SINCE JUL 1     84                       183    -99       77

 COOLING
  YESTERDAY        0                         1     -1        7
  MONTH TO DATE   60                        29     31       34
  SINCE SEP 1    321                       222     99      284
  SINCE JAN 1   1802                      1526    276     1603
..................................................................


WIND (MPH)
  HIGHEST WIND SPEED    12   HIGHEST WIND DIRECTION     S (170)
  HIGHEST GUST SPEED    15   HIGHEST GUST DIRECTION     S (170)
  AVERAGE WIND SPEED     4.4


SKY COVER
  POSSIBLE SUNSHINE  MM
  AVERAGE SKY COVER 0.0


WEATHER CONDITIONS
 THE FOLLOWING WEATHER WAS RECORDED YESTERDAY.
  NO SIGNIFICANT WEATHER WAS OBSERVED.


RELATIVE HUMIDITY (PERCENT)
 HIGHEST    92           300 AM
 LOWEST     40           200 PM
 AVERAGE    66

..........................................................


THE CHANUTE KS CLIMATE NORMALS FOR TODAY
                         NORMAL    RECORD    YEAR
 MAXIMUM TEMPERATURE (F)   67        88      1939
 MINIMUM TEMPERATURE (F)   45        27      2006


SUNRISE AND SUNSET
OCTOBER 22 2016.......SUNRISE   737 AM CDT   SUNSET   635 PM CDT
OCTOBER 23 2016.......SUNRISE   738 AM CDT   SUNSET   633 PM CDT


-  INDICATES NEGATIVE NUMBERS.
R  INDICATES RECORD WAS SET OR TIED.
MM INDICATES DATA IS MISSING.
T  INDICATES TRACE AMOUNT.

$$
