742
CDUS43 KICT 050642
CLICNU


CLIMATE REPORT
NATIONAL WEATHER SERVICE WICHITA KS
1242 AM CST SUN FEB 5 2017


...................................

...THE CHANUTE KS CLIMATE SUMMARY FOR FEBRUARY 4 2017...

CLIMATE NORMAL PERIOD 1981 TO 2010
CLIMATE RECORD PERIOD 1894 TO 2017


WEATHER ITEM   OBSERVED TIME   RECORD YEAR NORMAL DEPARTURE LAST
                VALUE   (LST)  VALUE       VALUE  FROM      YEAR
                                                  NORMAL
..................................................................
TEMPERATURE (F)
 YESTERDAY
  MAXIMUM         49    351 PM  76    2008  45      4       49
  MINIMUM         23    521 AM  -6    1996  24     -1       15
  AVERAGE         36                        34      2       32

PRECIPITATION (IN)
  YESTERDAY        0.00          1.24 1960   0.05  -0.05     0.00
  MONTH TO DATE    0.00                      0.20  -0.20     0.29
  SINCE DEC 1      2.62                      3.21  -0.59     4.62
  SINCE JAN 1      1.84                      1.46   0.38     1.07

DEGREE DAYS
 HEATING
  YESTERDAY       29                        31     -2       33
  MONTH TO DATE  125                       124      1      108
  SINCE DEC 1   1909                      2071   -162     1794
  SINCE JUL 1   2387                      2923   -536     2437

 COOLING
  YESTERDAY        0                         0      0        0
  MONTH TO DATE    0                         0      0        0
  SINCE DEC 1      0                         0      0        0
  SINCE JAN 1      0                         0      0        0
..................................................................


WIND (MPH)
  HIGHEST WIND SPEED    29   HIGHEST WIND DIRECTION     S (190)
  HIGHEST GUST SPEED    35   HIGHEST GUST DIRECTION     S (170)
  AVERAGE WIND SPEED    15.0


SKY COVER
  POSSIBLE SUNSHINE  MM
  AVERAGE SKY COVER 0.3


WEATHER CONDITIONS
 THE FOLLOWING WEATHER WAS RECORDED YESTERDAY.
  NO SIGNIFICANT WEATHER WAS OBSERVED.


RELATIVE HUMIDITY (PERCENT)
 HIGHEST    70          1000 PM
 LOWEST     36           300 PM
 AVERAGE    53

..........................................................


THE CHANUTE KS CLIMATE NORMALS FOR TODAY
                         NORMAL    RECORD    YEAR
 MAXIMUM TEMPERATURE (F)   45        68      1963
 MINIMUM TEMPERATURE (F)   24        -6      1979


SUNRISE AND SUNSET
FEBRUARY  5 2017......SUNRISE   722 AM CST   SUNSET   551 PM CST
FEBRUARY  6 2017......SUNRISE   721 AM CST   SUNSET   552 PM CST


-  INDICATES NEGATIVE NUMBERS.
R  INDICATES RECORD WAS SET OR TIED.
MM INDICATES DATA IS MISSING.
T  INDICATES TRACE AMOUNT.




$$
