841
CDUS43 KICT 020741
CLICNU


CLIMATE REPORT
NATIONAL WEATHER SERVICE WICHITA KS
241 AM CDT THU NOV 2 2017


...................................

...THE CHANUTE KS CLIMATE SUMMARY FOR NOVEMBER 1 2017...

CLIMATE NORMAL PERIOD 1981 TO 2010
CLIMATE RECORD PERIOD 1894 TO 2017


WEATHER ITEM   OBSERVED TIME   RECORD YEAR NORMAL DEPARTURE LAST
                VALUE   (LST)  VALUE       VALUE  FROM      YEAR
                                                  NORMAL
..................................................................
TEMPERATURE (F)
 YESTERDAY
  MAXIMUM         60    441 PM  85    1937  64     -4       80
  MINIMUM         33    224 AM  21    1991  42     -9       64
  AVERAGE         47                        53     -6       72

PRECIPITATION (IN)
  YESTERDAY        0.00          3.10 1948   0.08  -0.08     0.00
  MONTH TO DATE    0.00                      0.08  -0.08     0.00
  SINCE SEP 1      8.62                      7.41   1.21    10.42
  SINCE JAN 1     45.26                     37.90   7.36    35.65

DEGREE DAYS
 HEATING
  YESTERDAY       18                        12      6        0
  MONTH TO DATE   18                        12      6        0
  SINCE SEP 1    246                       299    -53       98
  SINCE JUL 1    246                       300    -54       98

 COOLING
  YESTERDAY        0                         0      0        7
  MONTH TO DATE    0                         0      0        7
  SINCE SEP 1    309                       225     84      352
  SINCE JAN 1   1616                      1529     87     1833
..................................................................


WIND (MPH)
  HIGHEST WIND SPEED    20   HIGHEST WIND DIRECTION     S (180)
  HIGHEST GUST SPEED    26   HIGHEST GUST DIRECTION     S (170)
  AVERAGE WIND SPEED     9.4


SKY COVER
  POSSIBLE SUNSHINE  MM
  AVERAGE SKY COVER 0.3


WEATHER CONDITIONS
 THE FOLLOWING WEATHER WAS RECORDED YESTERDAY.
  FOG


RELATIVE HUMIDITY (PERCENT)
 HIGHEST    96           900 PM
 LOWEST     72           400 PM
 AVERAGE    84

..........................................................


THE CHANUTE KS CLIMATE NORMALS FOR TODAY
                         NORMAL    RECORD    YEAR
 MAXIMUM TEMPERATURE (F)   63        83      1914
 MINIMUM TEMPERATURE (F)   42        13      1991


SUNRISE AND SUNSET
NOVEMBER  2 2017......SUNRISE   748 AM CDT   SUNSET   622 PM CDT
NOVEMBER  3 2017......SUNRISE   749 AM CDT   SUNSET   621 PM CDT


-  INDICATES NEGATIVE NUMBERS.
R  INDICATES RECORD WAS SET OR TIED.
MM INDICATES DATA IS MISSING.
T  INDICATES TRACE AMOUNT.




$$
