000
CDUS43 KICT 260622
CLICNU


CLIMATE REPORT
NATIONAL WEATHER SERVICE WICHITA KS
121 AM CDT SAT MAR 26 2016


...................................

...THE CHANUTE KS CLIMATE SUMMARY FOR MARCH 25 2016...

CLIMATE NORMAL PERIOD 1981 TO 2010
CLIMATE RECORD PERIOD 1894 TO 2016


WEATHER ITEM   OBSERVED TIME   RECORD YEAR NORMAL DEPARTURE LAST
                VALUE   (LST)  VALUE       VALUE  FROM      YEAR
                                                  NORMAL
..................................................................
TEMPERATURE (F)
 YESTERDAY
  MAXIMUM         63    324 PM  88    1910  61      2       71
  MINIMUM         24    638 AM   8    1955  39    -15       38
  AVERAGE         44                        50     -6       55

PRECIPITATION (IN)
  YESTERDAY        0.00          2.23 1920   0.10  -0.10     0.13
  MONTH TO DATE    0.60                      2.38  -1.78     0.54
  SINCE MAR 1      0.60                      2.38  -1.78     0.54
  SINCE JAN 1      1.68                      5.54  -3.86     1.85

DEGREE DAYS
 HEATING
  YESTERDAY       21                        15      6       10
  MONTH TO DATE  324                       474   -150      419
  SINCE MAR 1    324                       474   -150      419
  SINCE JUL 1   3289                      4046   -757     4109

 COOLING
  YESTERDAY        0                         0      0        0
  MONTH TO DATE    0                         0      0        0
  SINCE MAR 1      0                         0      0        0
  SINCE JAN 1      0                         0      0        0
..................................................................


WIND (MPH)
  HIGHEST WIND SPEED    17   HIGHEST WIND DIRECTION    SE (130)
  HIGHEST GUST SPEED    21   HIGHEST GUST DIRECTION    SE (150)
  AVERAGE WIND SPEED     7.0


SKY COVER
  POSSIBLE SUNSHINE  MM
  AVERAGE SKY COVER 0.0


WEATHER CONDITIONS
 THE FOLLOWING WEATHER WAS RECORDED YESTERDAY.
  FOG
  HAZE


RELATIVE HUMIDITY (PERCENT)
 HIGHEST   100           300 AM
 LOWEST     26           600 PM
 AVERAGE    63

..........................................................


THE CHANUTE KS CLIMATE NORMALS FOR TODAY
                         NORMAL    RECORD    YEAR
 MAXIMUM TEMPERATURE (F)   62        85      1918
 MINIMUM TEMPERATURE (F)   39         6      1955


SUNRISE AND SUNSET
MARCH 26 2016.........SUNRISE   716 AM CDT   SUNSET   740 PM CDT
MARCH 27 2016.........SUNRISE   714 AM CDT   SUNSET   741 PM CDT


-  INDICATES NEGATIVE NUMBERS.
R  INDICATES RECORD WAS SET OR TIED.
MM INDICATES DATA IS MISSING.
T  INDICATES TRACE AMOUNT.




$$
