000
CDUS43 KICT 310621
CLICNU

CLIMATE REPORT
NATIONAL WEATHER SERVICE WICHITA KS
1220 AM CST TUE JAN 31 2017


...................................

...THE CHANUTE KS CLIMATE SUMMARY FOR JANUARY 30 2017...

CLIMATE NORMAL PERIOD 1981 TO 2010
CLIMATE RECORD PERIOD 1894 TO 2017


WEATHER ITEM   OBSERVED TIME   RECORD YEAR NORMAL DEPARTURE LAST
                VALUE   (LST)  VALUE       VALUE  FROM      YEAR
                                                  NORMAL
..................................................................
TEMPERATURE (F)
 YESTERDAY
  MAXIMUM         71    423 PM  72    1917  44     27       65
  MINIMUM         27    706 AM -23    1949  23      4       31
  AVERAGE         49                        34     15       48

PRECIPITATION (IN)
  YESTERDAY        0.00          2.04 1975   0.05  -0.05     0.00
  MONTH TO DATE    1.84                      1.21   0.63     0.78
  SINCE DEC 1      2.62                      2.96  -0.34     4.33
  SINCE JAN 1      1.84                      1.21   0.63     0.78

DEGREE DAYS
 HEATING
  YESTERDAY       16                        31    -15       17
  MONTH TO DATE  821                       979   -158      958
  SINCE DEC 1   1763                      1920   -157     1670
  SINCE JUL 1   2241                      2772   -531     2313

 COOLING
  YESTERDAY        0                         0      0        0
  MONTH TO DATE    0                         0      0        0
  SINCE DEC 1      0                         0      0        0
  SINCE JAN 1      0                         0      0        0
..................................................................


WIND (MPH)
  HIGHEST WIND SPEED    20   HIGHEST WIND DIRECTION     W (270)
  HIGHEST GUST SPEED    25   HIGHEST GUST DIRECTION    SW (240)
  AVERAGE WIND SPEED     6.9


SKY COVER
  POSSIBLE SUNSHINE  MM
  AVERAGE SKY COVER 0.0


WEATHER CONDITIONS
 THE FOLLOWING WEATHER WAS RECORDED YESTERDAY.
  NO SIGNIFICANT WEATHER WAS OBSERVED.


RELATIVE HUMIDITY (PERCENT)
 HIGHEST    85           100 AM
 LOWEST     15           400 PM
 AVERAGE    50

..........................................................


THE CHANUTE KS CLIMATE NORMALS FOR TODAY
                         NORMAL    RECORD    YEAR
 MAXIMUM TEMPERATURE (F)   44        71      1911
 MINIMUM TEMPERATURE (F)   24        -6      1918


SUNRISE AND SUNSET
JANUARY 31 2017.......SUNRISE   726 AM CST   SUNSET   545 PM CST
FEBRUARY  1 2017......SUNRISE   725 AM CST   SUNSET   546 PM CST


-  INDICATES NEGATIVE NUMBERS.
R  INDICATES RECORD WAS SET OR TIED.
MM INDICATES DATA IS MISSING.
T  INDICATES TRACE AMOUNT.




$$
