125
CDUS43 KICT 060620
CLICNU


CLIMATE REPORT
NATIONAL WEATHER SERVICE WICHITA KS
120 AM CDT WED JUL 6 2016


...................................

...THE CHANUTE KS CLIMATE SUMMARY FOR JULY 5 2016...

CLIMATE NORMAL PERIOD 1981 TO 2010
CLIMATE RECORD PERIOD 1894 TO 2016


WEATHER ITEM   OBSERVED TIME   RECORD YEAR NORMAL DEPARTURE LAST
                VALUE   (LST)  VALUE       VALUE  FROM      YEAR
                                                  NORMAL
..................................................................
TEMPERATURE (F)
 YESTERDAY
  MAXIMUM         93    349 PM 106    1911  89      4       92
  MINIMUM         74    117 AM  50    1972  69      5       69
  AVERAGE         84                        79      5       81

PRECIPITATION (IN)
  YESTERDAY        0.00          3.45 1992   0.15  -0.15      T
  MONTH TO DATE    T                         0.79  -0.79     0.17
  SINCE JUN 1      3.20                      6.82  -3.62     2.54
  SINCE JAN 1     14.99                     23.22  -8.23    20.51

DEGREE DAYS
 HEATING
  YESTERDAY        0                         0      0        0
  MONTH TO DATE    0                         0      0        0
  SINCE JUN 1      0                         6     -6        0
  SINCE JUL 1      0                         0      0        0

 COOLING
  YESTERDAY       19                        14      5       16
  MONTH TO DATE   72                        68      4       68
  SINCE JUN 1    506                       360    146      459
  SINCE JAN 1    613                       493    120      568
..................................................................


WIND (MPH)
  HIGHEST WIND SPEED    20   HIGHEST WIND DIRECTION     S (180)
  HIGHEST GUST SPEED    24   HIGHEST GUST DIRECTION     S (190)
  AVERAGE WIND SPEED    10.2


SKY COVER
  POSSIBLE SUNSHINE  MM
  AVERAGE SKY COVER 0.0


WEATHER CONDITIONS
 THE FOLLOWING WEATHER WAS RECORDED YESTERDAY.
  FOG
  HAZE


RELATIVE HUMIDITY (PERCENT)
 HIGHEST    94           300 AM
 LOWEST     60           600 PM
 AVERAGE    77

..........................................................


THE CHANUTE KS CLIMATE NORMALS FOR TODAY
                         NORMAL    RECORD    YEAR
 MAXIMUM TEMPERATURE (F)   89       103      1980
 MINIMUM TEMPERATURE (F)   69        49      1972


SUNRISE AND SUNSET
JULY  6 2016..........SUNRISE   607 AM CDT   SUNSET   846 PM CDT
JULY  7 2016..........SUNRISE   607 AM CDT   SUNSET   846 PM CDT


-  INDICATES NEGATIVE NUMBERS.
R  INDICATES RECORD WAS SET OR TIED.
MM INDICATES DATA IS MISSING.
T  INDICATES TRACE AMOUNT.




$$
