000
CDUS43 KICT 270638
CLICNU

CLIMATE REPORT
NATIONAL WEATHER SERVICE WICHITA KS
137 AM CDT THU OCT 27 2016


...................................

...THE CHANUTE KS CLIMATE SUMMARY FOR OCTOBER 26 2016...

CLIMATE NORMAL PERIOD 1981 TO 2010
CLIMATE RECORD PERIOD 1894 TO 2016


WEATHER ITEM   OBSERVED TIME   RECORD YEAR NORMAL DEPARTURE LAST
                VALUE   (LST)  VALUE       VALUE  FROM      YEAR
                                                  NORMAL
..................................................................
TEMPERATURE (F)
 YESTERDAY
  MAXIMUM         78    404 PM  89    1922  66     12       70
  MINIMUM         57   1157 PM  21    1942  44     13       37
  AVERAGE         68                        55     13       54

PRECIPITATION (IN)
  YESTERDAY        0.41          2.65 1918   0.10   0.31     0.00
  MONTH TO DATE    3.51                      3.18   0.33     0.73
  SINCE SEP 1     10.42                      6.85   3.57     2.02
  SINCE JAN 1     35.65                     37.34  -1.69    33.33

DEGREE DAYS
 HEATING
  YESTERDAY        0                        10    -10       11
  MONTH TO DATE   79                       184   -105      101
  SINCE SEP 1     90                       230   -140      107
  SINCE JUL 1     90                       231   -141      107

 COOLING
  YESTERDAY        3                         0      3        0
  MONTH TO DATE   67                        31     36       43
  SINCE SEP 1    328                       224    104      293
  SINCE JAN 1   1809                      1528    281     1612
..................................................................


WIND (MPH)
  HIGHEST WIND SPEED    23   HIGHEST WIND DIRECTION     S (170)
  HIGHEST GUST SPEED    28   HIGHEST GUST DIRECTION     S (180)
  AVERAGE WIND SPEED     9.1


SKY COVER
  POSSIBLE SUNSHINE  MM
  AVERAGE SKY COVER 0.4


WEATHER CONDITIONS
 THE FOLLOWING WEATHER WAS RECORDED YESTERDAY.
  THUNDERSTORM
  HEAVY RAIN
  RAIN
  LIGHT RAIN
  FOG


RELATIVE HUMIDITY (PERCENT)
 HIGHEST    93           900 AM
 LOWEST     54           400 PM
 AVERAGE    74

..........................................................


THE CHANUTE KS CLIMATE NORMALS FOR TODAY
                         NORMAL    RECORD    YEAR
 MAXIMUM TEMPERATURE (F)   66        87      1927
 MINIMUM TEMPERATURE (F)   44        24      1957


SUNRISE AND SUNSET
OCTOBER 27 2016.......SUNRISE   742 AM CDT   SUNSET   628 PM CDT
OCTOBER 28 2016.......SUNRISE   744 AM CDT   SUNSET   627 PM CDT


-  INDICATES NEGATIVE NUMBERS.
R  INDICATES RECORD WAS SET OR TIED.
MM INDICATES DATA IS MISSING.
T  INDICATES TRACE AMOUNT.




$$
