000
CDUS43 KICT 240622
CLICNU

CLIMATE REPORT
NATIONAL WEATHER SERVICE WICHITA KS
121 AM CDT MON OCT 24 2016


...................................

...THE CHANUTE KS CLIMATE SUMMARY FOR OCTOBER 23 2016...

CLIMATE NORMAL PERIOD 1981 TO 2010
CLIMATE RECORD PERIOD 1894 TO 2016


WEATHER ITEM   OBSERVED TIME   RECORD YEAR NORMAL DEPARTURE LAST
                VALUE   (LST)  VALUE       VALUE  FROM      YEAR
                                                  NORMAL
..................................................................
TEMPERATURE (F)
 YESTERDAY
  MAXIMUM         77    312 PM  92    1939  67     10       76
  MINIMUM         54   1159 PM  21    1937  45      9       60
  AVERAGE         66                        56     10       68

PRECIPITATION (IN)
  YESTERDAY        0.00          2.49 1957   0.10  -0.10     0.12
  MONTH TO DATE    3.10                      2.89   0.21     0.73
  SINCE SEP 1     10.01                      6.56   3.45     2.02
  SINCE JAN 1     35.24                     37.05  -1.81    33.33

DEGREE DAYS
 HEATING
  YESTERDAY        0                         9     -9        0
  MONTH TO DATE   77                       154    -77       71
  SINCE SEP 1     88                       200   -112       77
  SINCE JUL 1     88                       201   -113       77

 COOLING
  YESTERDAY        1                         1      0        3
  MONTH TO DATE   61                        31     30       43
  SINCE SEP 1    322                       224     98      293
  SINCE JAN 1   1803                      1528    275     1612
..................................................................


WIND (MPH)
  HIGHEST WIND SPEED    18   HIGHEST WIND DIRECTION     S (180)
  HIGHEST GUST SPEED    23   HIGHEST GUST DIRECTION     S (180)
  AVERAGE WIND SPEED     8.1


SKY COVER
  POSSIBLE SUNSHINE  MM
  AVERAGE SKY COVER 0.0


WEATHER CONDITIONS
 THE FOLLOWING WEATHER WAS RECORDED YESTERDAY.
  HAZE


RELATIVE HUMIDITY (PERCENT)
 HIGHEST    86          1000 PM
 LOWEST     43           300 PM
 AVERAGE    65

..........................................................


THE CHANUTE KS CLIMATE NORMALS FOR TODAY
                         NORMAL    RECORD    YEAR
 MAXIMUM TEMPERATURE (F)   67        92      1927
 MINIMUM TEMPERATURE (F)   45        24      1999


SUNRISE AND SUNSET
OCTOBER 24 2016.......SUNRISE   739 AM CDT   SUNSET   632 PM CDT
OCTOBER 25 2016.......SUNRISE   740 AM CDT   SUNSET   631 PM CDT


-  INDICATES NEGATIVE NUMBERS.
R  INDICATES RECORD WAS SET OR TIED.
MM INDICATES DATA IS MISSING.
T  INDICATES TRACE AMOUNT.




$$
