000
CDUS43 KICT 110624
CLICNU


CLIMATE REPORT
NATIONAL WEATHER SERVICE WICHITA KS
124 AM CDT SAT JUN 11 2016


...................................

...THE CHANUTE KS CLIMATE SUMMARY FOR JUNE 10 2016...

CLIMATE NORMAL PERIOD 1981 TO 2010
CLIMATE RECORD PERIOD 1894 TO 2016


WEATHER ITEM   OBSERVED TIME   RECORD YEAR NORMAL DEPARTURE LAST
                VALUE   (LST)  VALUE       VALUE  FROM      YEAR
                                                  NORMAL
..................................................................
TEMPERATURE (F)
 YESTERDAY
  MAXIMUM         90    308 PM 101    1911  83      7       95
  MINIMUM         68    413 AM  49    1913  63      5       70
  AVERAGE         79                        73      6       83

PRECIPITATION (IN)
  YESTERDAY        0.00          2.25 1916   0.22  -0.22     0.00
  MONTH TO DATE    0.51                      2.33  -1.82     0.13
  SINCE JUN 1      0.51                      2.33  -1.82     0.13
  SINCE JAN 1     12.30                     18.73  -6.43    18.10

DEGREE DAYS
 HEATING
  YESTERDAY        0                         0      0        0
  MONTH TO DATE    0                         4     -4        0
  SINCE JUN 1      0                         4     -4        0
  SINCE JUL 1   3647                      4481   -834     4455

 COOLING
  YESTERDAY       14                         8      6       18
  MONTH TO DATE   91                        72     19      120
  SINCE JUN 1     91                        72     19      120
  SINCE JAN 1    198                       205     -7      229
..................................................................


WIND (MPH)
  HIGHEST WIND SPEED    21   HIGHEST WIND DIRECTION    SW (210)
  HIGHEST GUST SPEED    26   HIGHEST GUST DIRECTION     S (200)
  AVERAGE WIND SPEED    11.1


SKY COVER
  POSSIBLE SUNSHINE  MM
  AVERAGE SKY COVER 0.1


WEATHER CONDITIONS
 THE FOLLOWING WEATHER WAS RECORDED YESTERDAY.
  NO SIGNIFICANT WEATHER WAS OBSERVED.


RELATIVE HUMIDITY (PERCENT)
 HIGHEST    84           500 AM
 LOWEST     50           200 PM
 AVERAGE    67

..........................................................


THE CHANUTE KS CLIMATE NORMALS FOR TODAY
                         NORMAL    RECORD    YEAR
 MAXIMUM TEMPERATURE (F)   83       104      1918
 MINIMUM TEMPERATURE (F)   64        45      1903


SUNRISE AND SUNSET
JUNE 11 2016..........SUNRISE   600 AM CDT   SUNSET   844 PM CDT
JUNE 12 2016..........SUNRISE   600 AM CDT   SUNSET   844 PM CDT


-  INDICATES NEGATIVE NUMBERS.
R  INDICATES RECORD WAS SET OR TIED.
MM INDICATES DATA IS MISSING.
T  INDICATES TRACE AMOUNT.




$$
