000
CDUS43 KICT 020725
CLICNU


CLIMATE REPORT
NATIONAL WEATHER SERVICE WICHITA KS
224 AM CDT TUE MAY 2 2017


...................................

...THE CHANUTE KS CLIMATE SUMMARY FOR MAY 1 2017...

CLIMATE NORMAL PERIOD 1981 TO 2010
CLIMATE RECORD PERIOD 1894 TO 2017


WEATHER ITEM   OBSERVED TIME   RECORD YEAR NORMAL DEPARTURE LAST
                VALUE   (LST)  VALUE       VALUE  FROM      YEAR
                                                  NORMAL
..................................................................
TEMPERATURE (F)
 YESTERDAY
  MAXIMUM         67    437 PM  89    1901  72     -5       63
  MINIMUM         40    601 AM  28    1909  51    -11       44
  AVERAGE         54                        62     -8       54

PRECIPITATION (IN)
  YESTERDAY        0.01          3.32 1954   0.15  -0.14     0.00
  MONTH TO DATE    0.01                      0.15  -0.14     0.00
  SINCE MAR 1     13.05                      7.59   5.46     6.88
  SINCE JAN 1     15.20                     10.75   4.45     7.96

DEGREE DAYS
 HEATING
  YESTERDAY       11                         5      6       11
  MONTH TO DATE   11                         5      6       11
  SINCE MAR 1    630                       835   -205      574
  SINCE JUL 1   3398                      4407  -1009     3539

 COOLING
  YESTERDAY        0                         1     -1        0
  MONTH TO DATE    0                         1     -1        0
  SINCE MAR 1     55                        32     23       24
  SINCE JAN 1     58                        32     26       24
..................................................................


WIND (MPH)
  HIGHEST WIND SPEED    28   HIGHEST WIND DIRECTION     W (280)
  HIGHEST GUST SPEED    37   HIGHEST GUST DIRECTION    NW (300)
  AVERAGE WIND SPEED    16.5


SKY COVER
  POSSIBLE SUNSHINE  MM
  AVERAGE SKY COVER 0.5


WEATHER CONDITIONS
 THE FOLLOWING WEATHER WAS RECORDED YESTERDAY.
  LIGHT RAIN
  FOG


RELATIVE HUMIDITY (PERCENT)
 HIGHEST    92           600 AM
 LOWEST     29           500 PM
 AVERAGE    61

..........................................................


THE CHANUTE KS CLIMATE NORMALS FOR TODAY
                         NORMAL    RECORD    YEAR
 MAXIMUM TEMPERATURE (F)   73        88      1968
 MINIMUM TEMPERATURE (F)   52        28      2005


SUNRISE AND SUNSET
MAY  2 2017...........SUNRISE   625 AM CDT   SUNSET   813 PM CDT
MAY  3 2017...........SUNRISE   624 AM CDT   SUNSET   814 PM CDT


-  INDICATES NEGATIVE NUMBERS.
R  INDICATES RECORD WAS SET OR TIED.
MM INDICATES DATA IS MISSING.
T  INDICATES TRACE AMOUNT.




$$
