000
CDUS43 KICT 030628
CLICNU


CLIMATE REPORT
NATIONAL WEATHER SERVICE WICHITA KS
128 AM CDT THU JUL 3 2014


...................................

...THE CHANUTE KS CLIMATE SUMMARY FOR JULY 2 2014...

CLIMATE NORMAL PERIOD 1981 TO 2010
CLIMATE RECORD PERIOD 1894 TO 2014


WEATHER ITEM   OBSERVED TIME   RECORD YEAR NORMAL DEPARTURE LAST
                VALUE   (LST)  VALUE       VALUE  FROM      YEAR
                                                  NORMAL
..................................................................
TEMPERATURE (F)
 YESTERDAY
  MAXIMUM         79    412 PM 109    1933  89    -10       83
  MINIMUM         56   1159 PM  55    2013  68    -12       55
  AVERAGE         68                        78    -10       69

PRECIPITATION (IN)
  YESTERDAY        0.00          2.95 1922   0.17  -0.17     0.00
  MONTH TO DATE    0.58                      0.32   0.26     0.00
  SINCE JUN 1      8.63                      6.35   2.28     4.12
  SINCE JAN 1     18.09                     22.75  -4.66    22.68

DEGREE DAYS
 HEATING
  YESTERDAY        0                         0      0        0
  MONTH TO DATE    0                         0      0        0
  SINCE JUN 1      0                         6     -6       10
  SINCE JUL 1      0                         0      0        0

 COOLING
  YESTERDAY        3                        13    -10        4
  MONTH TO DATE   13                        26    -13        9
  SINCE JUN 1    311                       318     -7      323
  SINCE JAN 1    503                       451     52      446
..................................................................


WIND (MPH)
  HIGHEST WIND SPEED    18   HIGHEST WIND DIRECTION    NW (320)
  HIGHEST GUST SPEED    27   HIGHEST GUST DIRECTION    NW (330)
  AVERAGE WIND SPEED     9.2


SKY COVER
  POSSIBLE SUNSHINE  MM
  AVERAGE SKY COVER 0.1


WEATHER CONDITIONS
 THE FOLLOWING WEATHER WAS RECORDED YESTERDAY.
  NO SIGNIFICANT WEATHER WAS OBSERVED.


RELATIVE HUMIDITY (PERCENT)
 HIGHEST    84           600 AM
 LOWEST     37           500 PM
 AVERAGE    61

..........................................................


THE CHANUTE KS CLIMATE NORMALS FOR TODAY
                         NORMAL    RECORD    YEAR
 MAXIMUM TEMPERATURE (F)   89       107      1911
 MINIMUM TEMPERATURE (F)   69        48      1924


SUNRISE AND SUNSET
JULY  3 2014..........SUNRISE   605 AM CDT   SUNSET   847 PM CDT
JULY  4 2014..........SUNRISE   606 AM CDT   SUNSET   847 PM CDT


-  INDICATES NEGATIVE NUMBERS.
R  INDICATES RECORD WAS SET OR TIED.
MM INDICATES DATA IS MISSING.
T  INDICATES TRACE AMOUNT.




$$

JMBW
