000
CDUS43 KICT 190631
CLICNU


CLIMATE REPORT
NATIONAL WEATHER SERVICE WICHITA KS
130 AM CDT WED OCT 19 2016


...................................

...THE CHANUTE KS CLIMATE SUMMARY FOR OCTOBER 18 2016...

CLIMATE NORMAL PERIOD 1981 TO 2010
CLIMATE RECORD PERIOD 1894 TO 2016


WEATHER ITEM   OBSERVED TIME   RECORD YEAR NORMAL DEPARTURE LAST
                VALUE   (LST)  VALUE       VALUE  FROM      YEAR
                                                  NORMAL
..................................................................
TEMPERATURE (F)
 YESTERDAY
  MAXIMUM         79    348 PM  90    1932  69     10       73
  MINIMUM         59    702 AM  28    1922  47     12       47
  AVERAGE         69                        58     11       60

PRECIPITATION (IN)
  YESTERDAY        0.00          1.84 1935   0.11  -0.11     0.00
  MONTH TO DATE    3.10                      2.36   0.74     0.59
  SINCE SEP 1     10.01                      6.03   3.98     1.88
  SINCE JAN 1     35.24                     36.52  -1.28    33.19

DEGREE DAYS
 HEATING
  YESTERDAY        0                         8     -8        5
  MONTH TO DATE   48                       110    -62       70
  SINCE SEP 1     59                       156    -97       76
  SINCE JUL 1     59                       157    -98       76

 COOLING
  YESTERDAY        4                         1      3        0
  MONTH TO DATE   59                        26     33       21
  SINCE SEP 1    320                       219    101      271
  SINCE JAN 1   1801                      1523    278     1590
..................................................................


WIND (MPH)
  HIGHEST WIND SPEED    16   HIGHEST WIND DIRECTION     N (350)
  HIGHEST GUST SPEED    20   HIGHEST GUST DIRECTION     S (200)
  AVERAGE WIND SPEED     7.3


SKY COVER
  POSSIBLE SUNSHINE  MM
  AVERAGE SKY COVER 0.1


WEATHER CONDITIONS
 THE FOLLOWING WEATHER WAS RECORDED YESTERDAY.
  NO SIGNIFICANT WEATHER WAS OBSERVED.


RELATIVE HUMIDITY (PERCENT)
 HIGHEST    90           200 AM
 LOWEST     36           100 PM
 AVERAGE    63

..........................................................


THE CHANUTE KS CLIMATE NORMALS FOR TODAY
                         NORMAL    RECORD    YEAR
 MAXIMUM TEMPERATURE (F)   68        87      1963
 MINIMUM TEMPERATURE (F)   46        24      1972


SUNRISE AND SUNSET
OCTOBER 19 2016.......SUNRISE   735 AM CDT   SUNSET   638 PM CDT
OCTOBER 20 2016.......SUNRISE   736 AM CDT   SUNSET   637 PM CDT


-  INDICATES NEGATIVE NUMBERS.
R  INDICATES RECORD WAS SET OR TIED.
MM INDICATES DATA IS MISSING.
T  INDICATES TRACE AMOUNT.




$$
