000
CDUS43 KICT 120645
CLICNU


CLIMATE REPORT
NATIONAL WEATHER SERVICE WICHITA KS
144 AM CDT FRI JUN 12 2015


...................................

...THE CHANUTE KS CLIMATE SUMMARY FOR JUNE 11 2015...

CLIMATE NORMAL PERIOD 1981 TO 2010
CLIMATE RECORD PERIOD 1894 TO 2015


WEATHER ITEM   OBSERVED TIME   RECORD YEAR NORMAL DEPARTURE LAST
                VALUE   (LST)  VALUE       VALUE  FROM      YEAR
                                                  NORMAL
..................................................................
TEMPERATURE (F)
 YESTERDAY
  MAXIMUM         92    405 PM 104    1918  83      9       81
  MINIMUM         72    338 AM  45    1903  64      8       53
  AVERAGE         82                        73      9       67

PRECIPITATION (IN)
  YESTERDAY        0.00          1.98 1930   0.21  -0.21     0.00
  MONTH TO DATE    0.13                      2.54  -2.41     5.46
  SINCE JUN 1      0.13                      2.54  -2.41     5.46
  SINCE JAN 1     18.10                     18.94  -0.84    14.92

DEGREE DAYS
 HEATING
  YESTERDAY        0                         0      0        0
  MONTH TO DATE    0                         4     -4        0
  SINCE JUN 1      0                         4     -4        0
  SINCE JUL 1   4455                      4481    -26     5090

 COOLING
  YESTERDAY       17                         9      8        2
  MONTH TO DATE  137                        81     56       82
  SINCE JUN 1    137                        81     56       82
  SINCE JAN 1    246                       214     32      274
..................................................................


WIND (MPH)
  HIGHEST WIND SPEED    26   HIGHEST WIND DIRECTION     S (200)
  HIGHEST GUST SPEED    34   HIGHEST GUST DIRECTION     S (190)
  AVERAGE WIND SPEED    14.0


SKY COVER
  POSSIBLE SUNSHINE  MM
  AVERAGE SKY COVER 0.1


WEATHER CONDITIONS
 THE FOLLOWING WEATHER WAS RECORDED YESTERDAY.
  NO SIGNIFICANT WEATHER WAS OBSERVED.


RELATIVE HUMIDITY (PERCENT)
 HIGHEST    74           600 AM
 LOWEST     41           400 PM
 AVERAGE    58

..........................................................


THE CHANUTE KS CLIMATE NORMALS FOR TODAY
                         NORMAL    RECORD    YEAR
 MAXIMUM TEMPERATURE (F)   84       106      1953
 MINIMUM TEMPERATURE (F)   64        48      1913


SUNRISE AND SUNSET
JUNE 12 2015..........SUNRISE   600 AM CDT   SUNSET   844 PM CDT
JUNE 13 2015..........SUNRISE   600 AM CDT   SUNSET   844 PM CDT


-  INDICATES NEGATIVE NUMBERS.
R  INDICATES RECORD WAS SET OR TIED.
MM INDICATES DATA IS MISSING.
T  INDICATES TRACE AMOUNT.




$$
