000
CDUS43 KICT 080630
CLICNU


CLIMATE REPORT
NATIONAL WEATHER SERVICE WICHITA KS
130 AM CDT FRI SEP 8 2017


...................................

...THE CHANUTE KS CLIMATE SUMMARY FOR SEPTEMBER 7 2017...

CLIMATE NORMAL PERIOD 1981 TO 2010
CLIMATE RECORD PERIOD 1894 TO 2017


WEATHER ITEM   OBSERVED TIME   RECORD YEAR NORMAL DEPARTURE LAST
                VALUE   (LST)  VALUE       VALUE  FROM      YEAR
                                                  NORMAL
..................................................................
TEMPERATURE (F)
 YESTERDAY
  MAXIMUM         84    314 PM 105    1998  85     -1       94
  MINIMUM         47    554 AM  42    1898  63    -16       76
  AVERAGE         66                        74     -8       85

PRECIPITATION (IN)
  YESTERDAY        0.00          3.04 1937   0.11  -0.11     0.00
  MONTH TO DATE    0.00                      0.78  -0.78     0.00
  SINCE SEP 1      0.00                      0.78  -0.78     0.00
  SINCE JAN 1     36.64                     31.27   5.37    25.23

DEGREE DAYS
 HEATING
  YESTERDAY        0                         0      0        0
  MONTH TO DATE    3                         0      3        0
  SINCE SEP 1      3                         0      3        0
  SINCE JUL 1      3                         1      2        0

 COOLING
  YESTERDAY        1                         9     -8       20
  MONTH TO DATE   48                        70    -22       85
  SINCE SEP 1     48                        70    -22       85
  SINCE JAN 1   1355                      1374    -19     1566
..................................................................


WIND (MPH)
  HIGHEST WIND SPEED    10   HIGHEST WIND DIRECTION     S (170)
  HIGHEST GUST SPEED    13   HIGHEST GUST DIRECTION     S (200)
  AVERAGE WIND SPEED     5.2


SKY COVER
  POSSIBLE SUNSHINE  MM
  AVERAGE SKY COVER 0.0


WEATHER CONDITIONS
 THE FOLLOWING WEATHER WAS RECORDED YESTERDAY.
  HAZE


RELATIVE HUMIDITY (PERCENT)
 HIGHEST    93           500 AM
 LOWEST     31           300 PM
 AVERAGE    62

..........................................................


THE CHANUTE KS CLIMATE NORMALS FOR TODAY
                         NORMAL    RECORD    YEAR
 MAXIMUM TEMPERATURE (F)   85       103      1925
 MINIMUM TEMPERATURE (F)   62        42      1898


SUNRISE AND SUNSET
SEPTEMBER  8 2017.....SUNRISE   658 AM CDT   SUNSET   740 PM CDT
SEPTEMBER  9 2017.....SUNRISE   659 AM CDT   SUNSET   739 PM CDT


-  INDICATES NEGATIVE NUMBERS.
R  INDICATES RECORD WAS SET OR TIED.
MM INDICATES DATA IS MISSING.
T  INDICATES TRACE AMOUNT.




$$
