000
CDUS43 KICT 190634
CLICNU


CLIMATE REPORT
NATIONAL WEATHER SERVICE WICHITA KS
134 AM CDT WED AUG 19 2015


...................................

...THE CHANUTE KS CLIMATE SUMMARY FOR AUGUST 18 2015...

CLIMATE NORMAL PERIOD 1981 TO 2010
CLIMATE RECORD PERIOD 1894 TO 2015


WEATHER ITEM   OBSERVED TIME   RECORD YEAR NORMAL DEPARTURE LAST
                VALUE   (LST)  VALUE       VALUE  FROM      YEAR
                                                  NORMAL
..................................................................
TEMPERATURE (F)
 YESTERDAY
  MAXIMUM         84    439 PM 106    1956  90     -6       93
  MINIMUM         68   1159 PM  50    1943  68      0       68
  AVERAGE         76                        79     -3       81

PRECIPITATION (IN)
  YESTERDAY        0.46          1.20 1915   0.13   0.33     0.01
  MONTH TO DATE    3.02                      2.19   0.83     1.16
  SINCE JUN 1     10.19                     12.59  -2.40    10.82
  SINCE JAN 1     28.16                     28.99  -0.83    20.28

DEGREE DAYS
 HEATING
  YESTERDAY        0                         0      0        0
  MONTH TO DATE    0                         0      0        0
  SINCE JUN 1      0                         6     -6        1
  SINCE JUL 1      0                         0      0        1

 COOLING
  YESTERDAY       11                        14     -3       16
  MONTH TO DATE  248                       265    -17      231
  SINCE JUN 1   1125                      1006    119      839
  SINCE JAN 1   1234                      1139     95     1031
..................................................................


WIND (MPH)
  HIGHEST WIND SPEED    24   HIGHEST WIND DIRECTION     S (180)
  HIGHEST GUST SPEED    34   HIGHEST GUST DIRECTION     W (250)
  AVERAGE WIND SPEED    10.6


SKY COVER
  POSSIBLE SUNSHINE  MM
  AVERAGE SKY COVER 0.5


WEATHER CONDITIONS
 THE FOLLOWING WEATHER WAS RECORDED YESTERDAY.
  THUNDERSTORM
  HEAVY RAIN
  RAIN
  LIGHT RAIN
  FOG


RELATIVE HUMIDITY (PERCENT)
 HIGHEST    93          1100 PM
 LOWEST     65           300 PM
 AVERAGE    79

..........................................................


THE CHANUTE KS CLIMATE NORMALS FOR TODAY
                         NORMAL    RECORD    YEAR
 MAXIMUM TEMPERATURE (F)   90       105      1936
 MINIMUM TEMPERATURE (F)   68        51      2001


SUNRISE AND SUNSET
AUGUST 19 2015........SUNRISE   641 AM CDT   SUNSET   810 PM CDT
AUGUST 20 2015........SUNRISE   642 AM CDT   SUNSET   808 PM CDT


-  INDICATES NEGATIVE NUMBERS.
R  INDICATES RECORD WAS SET OR TIED.
MM INDICATES DATA IS MISSING.
T  INDICATES TRACE AMOUNT.




$$
