000
CDUS43 KICT 050623
CLICNU


CLIMATE REPORT
NATIONAL WEATHER SERVICE WICHITA KS
1222 AM CST SUN MAR 5 2017


...................................

...THE CHANUTE KS CLIMATE SUMMARY FOR MARCH 4 2017...

CLIMATE NORMAL PERIOD 1981 TO 2010
CLIMATE RECORD PERIOD 1894 TO 2017


WEATHER ITEM   OBSERVED TIME   RECORD YEAR NORMAL DEPARTURE LAST
                VALUE   (LST)  VALUE       VALUE  FROM      YEAR
                                                  NORMAL
..................................................................
TEMPERATURE (F)
 YESTERDAY
  MAXIMUM         70    327 PM  81    1938  54     16       69
  MINIMUM         45    709 AM  -3    2002  32     13       29
  AVERAGE         58                        43     15       49

PRECIPITATION (IN)
  YESTERDAY        0.00          2.87 1985   0.10  -0.10     0.00
  MONTH TO DATE    0.00                      0.36  -0.36      T
  SINCE MAR 1      0.00                      0.36  -0.36      T
  SINCE JAN 1      2.15                      3.52  -1.37     1.08

DEGREE DAYS
 HEATING
  YESTERDAY        7                        22    -15       16
  MONTH TO DATE   67                        90    -23       70
  SINCE MAR 1     67                        90    -23       70
  SINCE JUL 1   2835                      3662   -827     3035

 COOLING
  YESTERDAY        0                         0      0        0
  MONTH TO DATE    0                         0      0        0
  SINCE MAR 1      0                         0      0        0
  SINCE JAN 1      3                         0      3        0
..................................................................


WIND (MPH)
  HIGHEST WIND SPEED    30   HIGHEST WIND DIRECTION     S (190)
  HIGHEST GUST SPEED    36   HIGHEST GUST DIRECTION     S (190)
  AVERAGE WIND SPEED    19.3


SKY COVER
  POSSIBLE SUNSHINE  MM
  AVERAGE SKY COVER 0.3


WEATHER CONDITIONS
 THE FOLLOWING WEATHER WAS RECORDED YESTERDAY.
  NO SIGNIFICANT WEATHER WAS OBSERVED.


RELATIVE HUMIDITY (PERCENT)
 HIGHEST    53           700 AM
 LOWEST     20           300 PM
 AVERAGE    37

..........................................................


THE CHANUTE KS CLIMATE NORMALS FOR TODAY
                         NORMAL    RECORD    YEAR
 MAXIMUM TEMPERATURE (F)   54        86      1956
 MINIMUM TEMPERATURE (F)   33         4      1960


SUNRISE AND SUNSET
MARCH  5 2017.........SUNRISE   647 AM CST   SUNSET   620 PM CST
MARCH  6 2017.........SUNRISE   646 AM CST   SUNSET   621 PM CST


-  INDICATES NEGATIVE NUMBERS.
R  INDICATES RECORD WAS SET OR TIED.
MM INDICATES DATA IS MISSING.
T  INDICATES TRACE AMOUNT.




$$
