895
CDUS43 KICT 310610
CLICNU


CLIMATE REPORT
NATIONAL WEATHER SERVICE WICHITA KS
110 AM CDT SUN JUL 31 2016


...................................

...THE CHANUTE KS CLIMATE SUMMARY FOR JULY 30 2016...

CLIMATE NORMAL PERIOD 1981 TO 2010
CLIMATE RECORD PERIOD 1894 TO 2016


WEATHER ITEM   OBSERVED TIME   RECORD YEAR NORMAL DEPARTURE LAST
                VALUE   (LST)  VALUE       VALUE  FROM      YEAR
                                                  NORMAL
..................................................................
TEMPERATURE (F)
 YESTERDAY
  MAXIMUM         88        MM 108    1986  91     -3       86
  MINIMUM         67        MM  54    1971  69     -2       68
  AVERAGE         78                        80     -2       77

PRECIPITATION (IN)
  YESTERDAY        T             2.48 1979   0.12  -0.12     0.00
  MONTH TO DATE    4.49                      4.25   0.24     4.80
  SINCE JUN 1      7.69                     10.28  -2.59     7.17
  SINCE JAN 1     19.48                     26.68  -7.20    25.14

DEGREE DAYS
 HEATING
  YESTERDAY        0                         0      0        0
  MONTH TO DATE    0                         0      0        0
  SINCE JUN 1      0                         6     -6        0
  SINCE JUL 1      0                         0      0        0

 COOLING
  YESTERDAY       13                        15     -2       12
  MONTH TO DATE  483                       437     46      472
  SINCE JUN 1    917                       729    188      863
  SINCE JAN 1   1024                       862    162      972
..................................................................


WIND (MPH)
  HIGHEST WIND SPEED     9   HIGHEST WIND DIRECTION    SE (140)
  HIGHEST GUST SPEED    MM   HIGHEST GUST DIRECTION    MM
  AVERAGE WIND SPEED     3.8


SKY COVER
  POSSIBLE SUNSHINE  MM
  AVERAGE SKY COVER 0.1


WEATHER CONDITIONS
 THE FOLLOWING WEATHER WAS RECORDED YESTERDAY.
  LIGHT RAIN
  FOG


RELATIVE HUMIDITY (PERCENT)
 HIGHEST   100           500 AM
 LOWEST     59           300 PM
 AVERAGE    80

..........................................................


THE CHANUTE KS CLIMATE NORMALS FOR TODAY
                         NORMAL    RECORD    YEAR
 MAXIMUM TEMPERATURE (F)   91       107      1934
 MINIMUM TEMPERATURE (F)   69        50      1971


SUNRISE AND SUNSET
JULY 31 2016..........SUNRISE   625 AM CDT   SUNSET   831 PM CDT
AUGUST  1 2016........SUNRISE   626 AM CDT   SUNSET   830 PM CDT


-  INDICATES NEGATIVE NUMBERS.
R  INDICATES RECORD WAS SET OR TIED.
MM INDICATES DATA IS MISSING.
T  INDICATES TRACE AMOUNT.




$$
