000
CDUS43 KICT 040629
CLICNU

CLIMATE REPORT
NATIONAL WEATHER SERVICE WICHITA KS
1228 AM CST WED FEB 4 2015


...................................

...THE CHANUTE KS CLIMATE SUMMARY FOR FEBRUARY 3 2015...

CLIMATE NORMAL PERIOD 1981 TO 2010
CLIMATE RECORD PERIOD 1894 TO 2015


WEATHER ITEM   OBSERVED TIME   RECORD YEAR NORMAL DEPARTURE LAST
                VALUE   (LST)  VALUE       VALUE  FROM      YEAR
                                                  NORMAL
..................................................................
TEMPERATURE (F)
 YESTERDAY
  MAXIMUM         54    323 PM  80    1934  45      9       38
  MINIMUM         22    510 AM -16    2011  24     -2        6
  AVERAGE         38                        34      4       22

PRECIPITATION (IN)
  YESTERDAY        0.00          1.74 1986   0.05  -0.05     0.01
  MONTH TO DATE    0.23                      0.15   0.08     0.01
  SINCE DEC 1      3.23                      3.16   0.07     0.28
  SINCE JAN 1      0.86                      1.41  -0.55     0.12

DEGREE DAYS
 HEATING
  YESTERDAY       27                        31     -4       43
  MONTH TO DATE  109                        93     16      127
  SINCE DEC 1   1901                      2040   -139     2246
  SINCE JUL 1   2843                      2892    -49     3166

 COOLING
  YESTERDAY        0                         0      0        0
  MONTH TO DATE    0                         0      0        0
  SINCE DEC 1      0                         0      0        0
  SINCE JAN 1      0                         0      0        0
..................................................................


WIND (MPH)
  HIGHEST WIND SPEED    23   HIGHEST WIND DIRECTION     S (190)
  HIGHEST GUST SPEED    27   HIGHEST GUST DIRECTION     S (190)
  AVERAGE WIND SPEED    11.5


SKY COVER
  POSSIBLE SUNSHINE  MM
  AVERAGE SKY COVER 0.0


WEATHER CONDITIONS
 THE FOLLOWING WEATHER WAS RECORDED YESTERDAY.
  NO SIGNIFICANT WEATHER WAS OBSERVED.


RELATIVE HUMIDITY (PERCENT)
 HIGHEST    81           500 AM
 LOWEST     38           400 PM
 AVERAGE    60

..........................................................


THE CHANUTE KS CLIMATE NORMALS FOR TODAY
                         NORMAL    RECORD    YEAR
 MAXIMUM TEMPERATURE (F)   45        76      2008
 MINIMUM TEMPERATURE (F)   24        -6      1996


SUNRISE AND SUNSET
FEBRUARY  4 2015......SUNRISE   723 AM CST   SUNSET   549 PM CST
FEBRUARY  5 2015......SUNRISE   722 AM CST   SUNSET   550 PM CST


-  INDICATES NEGATIVE NUMBERS.
R  INDICATES RECORD WAS SET OR TIED.
MM INDICATES DATA IS MISSING.
T  INDICATES TRACE AMOUNT.




$$
