000
CDUS43 KICT 160707
CLICNU


CLIMATE REPORT
NATIONAL WEATHER SERVICE WICHITA KS
206 AM CDT SUN AUG 16 2015


...................................

...THE CHANUTE KS CLIMATE SUMMARY FOR AUGUST 15 2015...

CLIMATE NORMAL PERIOD 1981 TO 2010
CLIMATE RECORD PERIOD 1894 TO 2015


WEATHER ITEM   OBSERVED TIME   RECORD YEAR NORMAL DEPARTURE LAST
                VALUE   (LST)  VALUE       VALUE  FROM      YEAR
                                                  NORMAL
..................................................................
TEMPERATURE (F)
 YESTERDAY
  MAXIMUM         90    342 PM 110    1936  90      0       93
  MINIMUM         63    447 AM  48    1929  68     -5       72
  AVERAGE         77                        79     -2       83

PRECIPITATION (IN)
  YESTERDAY        0.00          1.61 1924   0.14  -0.14     0.09
  MONTH TO DATE    2.56                      1.80   0.76     1.15
  SINCE JUN 1      9.73                     12.20  -2.47    10.81
  SINCE JAN 1     27.70                     28.60  -0.90    20.27

DEGREE DAYS
 HEATING
  YESTERDAY        0                         0      0        0
  MONTH TO DATE    0                         0      0        0
  SINCE JUN 1      0                         6     -6        1
  SINCE JUL 1      0                         0      0        1

 COOLING
  YESTERDAY       12                        14     -2       18
  MONTH TO DATE  209                       223    -14      181
  SINCE JUN 1   1086                       964    122      789
  SINCE JAN 1   1195                      1097     98      981
..................................................................


WIND (MPH)
  HIGHEST WIND SPEED    13   HIGHEST WIND DIRECTION    SE (140)
  HIGHEST GUST SPEED    16   HIGHEST GUST DIRECTION    SE (120)
  AVERAGE WIND SPEED     5.8


SKY COVER
  POSSIBLE SUNSHINE  MM
  AVERAGE SKY COVER 0.0


WEATHER CONDITIONS
 THE FOLLOWING WEATHER WAS RECORDED YESTERDAY.
  FOG


RELATIVE HUMIDITY (PERCENT)
 HIGHEST   100           600 AM
 LOWEST     38           300 PM
 AVERAGE    69

..........................................................


THE CHANUTE KS CLIMATE NORMALS FOR TODAY
                         NORMAL    RECORD    YEAR
 MAXIMUM TEMPERATURE (F)   90       110      1956
 MINIMUM TEMPERATURE (F)   68        54      1992


SUNRISE AND SUNSET
AUGUST 16 2015........SUNRISE   638 AM CDT   SUNSET   814 PM CDT
AUGUST 17 2015........SUNRISE   639 AM CDT   SUNSET   812 PM CDT


-  INDICATES NEGATIVE NUMBERS.
R  INDICATES RECORD WAS SET OR TIED.
MM INDICATES DATA IS MISSING.
T  INDICATES TRACE AMOUNT.




$$

JMBW
