000
CDUS43 KICT 010634
CLICNU


CLIMATE REPORT
NATIONAL WEATHER SERVICE WICHITA KS
1233 AM CST SUN MAR 1 2015


...................................

...THE CHANUTE KS CLIMATE SUMMARY FOR FEBRUARY 28 2015...

CLIMATE NORMAL PERIOD 1981 TO 2010
CLIMATE RECORD PERIOD 1894 TO 2015


WEATHER ITEM   OBSERVED TIME   RECORD YEAR NORMAL DEPARTURE LAST
                VALUE   (LST)  VALUE       VALUE  FROM      YEAR
                                                  NORMAL
..................................................................
TEMPERATURE (F)
 YESTERDAY
  MAXIMUM         24   1159 PM  81    1932  52    -28       48
  MINIMUM         17    223 AM   0    1962  31    -14       26
  AVERAGE         21                        42    -21       37

PRECIPITATION (IN)
  YESTERDAY        0.27          2.08 1987   0.08   0.19     0.15
  MONTH TO DATE    0.68                      1.90  -1.22     0.86
  SINCE DEC 1      3.68                      4.91  -1.23     1.13
  SINCE JAN 1      1.31                      3.16  -1.85     0.97

DEGREE DAYS
 HEATING
  YESTERDAY       44                        23     21       28
  MONTH TO DATE  956                       773    183      981
  SINCE DEC 1   2748                      2720     28     3100
  SINCE JUL 1   3690                      3572    118     4020

 COOLING
  YESTERDAY        0                         0      0        0
  MONTH TO DATE    0                         0      0        0
  SINCE DEC 1      0                         0      0        0
  SINCE JAN 1      0                         0      0        0
..................................................................


WIND (MPH)
  HIGHEST WIND SPEED     9   HIGHEST WIND DIRECTION    SE (120)
  HIGHEST GUST SPEED    12   HIGHEST GUST DIRECTION     E (110)
  AVERAGE WIND SPEED     4.9


SKY COVER
  POSSIBLE SUNSHINE  MM
  AVERAGE SKY COVER 1.0


WEATHER CONDITIONS
 THE FOLLOWING WEATHER WAS RECORDED YESTERDAY.
  SNOW
  LIGHT SNOW
  FOG
  FOG W/VISIBILITY <= 1/4 MILE


RELATIVE HUMIDITY (PERCENT)
 HIGHEST    96           200 PM
 LOWEST     67          1200 AM
 AVERAGE    82

..........................................................


THE CHANUTE KS CLIMATE NORMALS FOR TODAY
                         NORMAL    RECORD    YEAR
 MAXIMUM TEMPERATURE (F)   53        86      2006
 MINIMUM TEMPERATURE (F)   31         5      1962


SUNRISE AND SUNSET
MARCH  1 2015.........SUNRISE   654 AM CST   SUNSET   615 PM CST
MARCH  2 2015.........SUNRISE   652 AM CST   SUNSET   616 PM CST


-  INDICATES NEGATIVE NUMBERS.
R  INDICATES RECORD WAS SET OR TIED.
MM INDICATES DATA IS MISSING.
T  INDICATES TRACE AMOUNT.




$$
