000
CDUS43 KICT 230634
CLICNU


CLIMATE REPORT
NATIONAL WEATHER SERVICE WICHITA KS
134 AM CDT SAT APR 23 2016


...................................

...THE CHANUTE KS CLIMATE SUMMARY FOR APRIL 22 2016...

CLIMATE NORMAL PERIOD 1981 TO 2010
CLIMATE RECORD PERIOD 1894 TO 2016


WEATHER ITEM   OBSERVED TIME   RECORD YEAR NORMAL DEPARTURE LAST
                VALUE   (LST)  VALUE       VALUE  FROM      YEAR
                                                  NORMAL
..................................................................
TEMPERATURE (F)
 YESTERDAY
  MAXIMUM         72    437 PM  89    2006  70      2       62
  MINIMUM         48    301 AM  28    1931  48      0       44
  AVERAGE         60                        59      1       53

PRECIPITATION (IN)
  YESTERDAY        0.00          1.58 1944   0.16  -0.16      T
  MONTH TO DATE    2.91                      3.04  -0.13     4.51
  SINCE MAR 1      4.32                      6.08  -1.76     5.06
  SINCE JAN 1      5.40                      9.24  -3.84     6.37

DEGREE DAYS
 HEATING
  YESTERDAY        5                         7     -2       12
  MONTH TO DATE  152                       223    -71      137
  SINCE MAR 1    540                       782   -242      632
  SINCE JUL 1   3505                      4354   -849     4322

 COOLING
  YESTERDAY        0                         1     -1        0
  MONTH TO DATE   11                        18     -7       22
  SINCE MAR 1     11                        22    -11       22
  SINCE JAN 1     11                        22    -11       22
..................................................................


WIND (MPH)
  HIGHEST WIND SPEED    14   HIGHEST WIND DIRECTION    NW (330)
  HIGHEST GUST SPEED    18   HIGHEST GUST DIRECTION     N (350)
  AVERAGE WIND SPEED     4.8


SKY COVER
  POSSIBLE SUNSHINE  MM
  AVERAGE SKY COVER 0.1


WEATHER CONDITIONS
 THE FOLLOWING WEATHER WAS RECORDED YESTERDAY.
  FOG
  HAZE


RELATIVE HUMIDITY (PERCENT)
 HIGHEST   100          1000 PM
 LOWEST     53           600 PM
 AVERAGE    77

..........................................................


THE CHANUTE KS CLIMATE NORMALS FOR TODAY
                         NORMAL    RECORD    YEAR
 MAXIMUM TEMPERATURE (F)   70        89      2006
 MINIMUM TEMPERATURE (F)   48        33      1909


SUNRISE AND SUNSET
APRIL 23 2016.........SUNRISE   636 AM CDT   SUNSET   805 PM CDT
APRIL 24 2016.........SUNRISE   634 AM CDT   SUNSET   806 PM CDT


-  INDICATES NEGATIVE NUMBERS.
R  INDICATES RECORD WAS SET OR TIED.
MM INDICATES DATA IS MISSING.
T  INDICATES TRACE AMOUNT.




$$
