000
CDUS43 KICT 270706
CLICNU


CLIMATE REPORT
NATIONAL WEATHER SERVICE WICHITA KS
105 AM CST THU NOV 27 2014


...................................

...THE CHANUTE KS CLIMATE SUMMARY FOR NOVEMBER 26 2014...

CLIMATE NORMAL PERIOD 1981 TO 2010
CLIMATE RECORD PERIOD 1894 TO 2014


WEATHER ITEM   OBSERVED TIME   RECORD YEAR NORMAL DEPARTURE LAST
                VALUE   (LST)  VALUE       VALUE  FROM      YEAR
                                                  NORMAL
..................................................................
TEMPERATURE (F)
 YESTERDAY
  MAXIMUM         50   1128 AM  76    1990  51     -1       42
  MINIMUM         27   1159 PM   4    1975  31     -4       23
  AVERAGE         39                        41     -2       33

PRECIPITATION (IN)
  YESTERDAY        T             1.96 1935   0.08  -0.08     0.00
  MONTH TO DATE    1.35                      2.21  -0.86     1.83
  SINCE SEP 1      9.03                      9.54  -0.51    11.97
  SINCE JAN 1     29.51                     40.03 -10.52    47.59

DEGREE DAYS
 HEATING
  YESTERDAY       26                        24      2       32
  MONTH TO DATE  617                       461    156      519
  SINCE SEP 1    826                       748     78      806
  SINCE JUL 1    827                       749     78      806

 COOLING
  YESTERDAY        0                         0      0        0
  MONTH TO DATE    0                         0      0        0
  SINCE SEP 1    224                       225     -1      293
  SINCE JAN 1   1512                      1529    -17     1560
..................................................................


WIND (MPH)
  HIGHEST WIND SPEED    30   HIGHEST WIND DIRECTION    NW (310)
  HIGHEST GUST SPEED    37   HIGHEST GUST DIRECTION    NW (320)
  AVERAGE WIND SPEED    13.2


SKY COVER
  POSSIBLE SUNSHINE  MM
  AVERAGE SKY COVER 0.6


WEATHER CONDITIONS
 THE FOLLOWING WEATHER WAS RECORDED YESTERDAY.
  NO SIGNIFICANT WEATHER WAS OBSERVED.


RELATIVE HUMIDITY (PERCENT)
 HIGHEST    78          1000 PM
 LOWEST     42          1100 AM
 AVERAGE    60

..........................................................


THE CHANUTE KS CLIMATE NORMALS FOR TODAY
                         NORMAL    RECORD    YEAR
 MAXIMUM TEMPERATURE (F)   51        75      1960
 MINIMUM TEMPERATURE (F)   31         1      1975


SUNRISE AND SUNSET
NOVEMBER 27 2014......SUNRISE   714 AM CST   SUNSET   505 PM CST
NOVEMBER 28 2014......SUNRISE   715 AM CST   SUNSET   504 PM CST


-  INDICATES NEGATIVE NUMBERS.
R  INDICATES RECORD WAS SET OR TIED.
MM INDICATES DATA IS MISSING.
T  INDICATES TRACE AMOUNT.




$$
