168
CDUS43 KICT 270625
CLICNU


CLIMATE REPORT
NATIONAL WEATHER SERVICE WICHITA KS
125 AM CDT THU APR 27 2017


...................................

...THE CHANUTE KS CLIMATE SUMMARY FOR APRIL 26 2017...

CLIMATE NORMAL PERIOD 1981 TO 2010
CLIMATE RECORD PERIOD 1894 TO 2017


WEATHER ITEM   OBSERVED TIME   RECORD YEAR NORMAL DEPARTURE LAST
                VALUE   (LST)  VALUE       VALUE  FROM      YEAR
                                                  NORMAL
..................................................................
TEMPERATURE (F)
 YESTERDAY
  MAXIMUM         53   1233 AM  91    1901  71    -18       82
  MINIMUM         41   1159 PM  32    1910  49     -8       56
  AVERAGE         47                        60    -13       69

PRECIPITATION (IN)
  YESTERDAY        0.07          2.30 1915   0.17  -0.10     1.74
  MONTH TO DATE    6.98                      3.72   3.26     4.65
  SINCE MAR 1      9.00                      6.76   2.24     6.06
  SINCE JAN 1     11.15                      9.92   1.23     7.14

DEGREE DAYS
 HEATING
  YESTERDAY       18                         6     12        0
  MONTH TO DATE  164                       249    -85      152
  SINCE MAR 1    574                       808   -234      540
  SINCE JUL 1   3342                      4380  -1038     3505

 COOLING
  YESTERDAY        0                         1     -1        4
  MONTH TO DATE   38                        22     16       24
  SINCE MAR 1     55                        26     29       24
  SINCE JAN 1     58                        26     32       24
..................................................................


WIND (MPH)
  HIGHEST WIND SPEED    23   HIGHEST WIND DIRECTION     N (350)
  HIGHEST GUST SPEED    29   HIGHEST GUST DIRECTION    NW (330)
  AVERAGE WIND SPEED    11.0


SKY COVER
  POSSIBLE SUNSHINE  MM
  AVERAGE SKY COVER 0.9


WEATHER CONDITIONS
 THE FOLLOWING WEATHER WAS RECORDED YESTERDAY.
  LIGHT RAIN
  FOG


RELATIVE HUMIDITY (PERCENT)
 HIGHEST    93          1200 AM
 LOWEST     71           600 PM
 AVERAGE    82

..........................................................


THE CHANUTE KS CLIMATE NORMALS FOR TODAY
                         NORMAL    RECORD    YEAR
 MAXIMUM TEMPERATURE (F)   71        89      1899
 MINIMUM TEMPERATURE (F)   50        32      1967


SUNRISE AND SUNSET
APRIL 27 2017.........SUNRISE   631 AM CDT   SUNSET   809 PM CDT
APRIL 28 2017.........SUNRISE   630 AM CDT   SUNSET   810 PM CDT


-  INDICATES NEGATIVE NUMBERS.
R  INDICATES RECORD WAS SET OR TIED.
MM INDICATES DATA IS MISSING.
T  INDICATES TRACE AMOUNT.




$$
