000
CDUS43 KICT 200632
CLICNU


CLIMATE REPORT
NATIONAL WEATHER SERVICE WICHITA KS
131 AM CDT WED MAY 20 2015


...................................

...THE CHANUTE KS CLIMATE SUMMARY FOR MAY 19 2015...

CLIMATE NORMAL PERIOD 1981 TO 2010
CLIMATE RECORD PERIOD 1894 TO 2015


WEATHER ITEM   OBSERVED TIME   RECORD YEAR NORMAL DEPARTURE LAST
                VALUE   (LST)  VALUE       VALUE  FROM      YEAR
                                                  NORMAL
..................................................................
TEMPERATURE (F)
 YESTERDAY
  MAXIMUM         63   1232 PM  94    1911  77    -14       82
  MINIMUM         51    623 AM  41    1968  57     -6       60
  AVERAGE         57                        67    -10       71

PRECIPITATION (IN)
  YESTERDAY        0.10          2.82 1943   0.20  -0.10     0.00
  MONTH TO DATE    5.78                      3.29   2.49     1.18
  SINCE MAR 1     10.86                     10.73   0.13     4.15
  SINCE JAN 1     12.17                     13.89  -1.72     5.12

DEGREE DAYS
 HEATING
  YESTERDAY        8                         2      6        0
  MONTH TO DATE   43                        61    -18       97
  SINCE MAR 1    725                       891   -166     1070
  SINCE JUL 1   4415                      4463    -48     5090

 COOLING
  YESTERDAY        0                         4     -4        6
  MONTH TO DATE   62                        45     17       71
  SINCE MAR 1     84                        76      8       87
  SINCE JAN 1     84                        76      8       87
..................................................................


WIND (MPH)
  HIGHEST WIND SPEED    18   HIGHEST WIND DIRECTION     E (100)
  HIGHEST GUST SPEED    26   HIGHEST GUST DIRECTION    NE (60)
  AVERAGE WIND SPEED    10.5


SKY COVER
  POSSIBLE SUNSHINE  MM
  AVERAGE SKY COVER 0.4


WEATHER CONDITIONS
 THE FOLLOWING WEATHER WAS RECORDED YESTERDAY.
  LIGHT RAIN
  FOG


RELATIVE HUMIDITY (PERCENT)
 HIGHEST    93          1000 PM
 LOWEST     57          1100 AM
 AVERAGE    75

..........................................................


THE CHANUTE KS CLIMATE NORMALS FOR TODAY
                         NORMAL    RECORD    YEAR
 MAXIMUM TEMPERATURE (F)   77        94      1956
 MINIMUM TEMPERATURE (F)   57        41      1981


SUNRISE AND SUNSET
MAY 20 2015...........SUNRISE   609 AM CDT   SUNSET   829 PM CDT
MAY 21 2015...........SUNRISE   608 AM CDT   SUNSET   830 PM CDT


-  INDICATES NEGATIVE NUMBERS.
R  INDICATES RECORD WAS SET OR TIED.
MM INDICATES DATA IS MISSING.
T  INDICATES TRACE AMOUNT.




$$
