000
CDUS43 KICT 211200
CLICNU


CLIMATE REPORT
NATIONAL WEATHER SERVICE WICHITA KS
700 AM CDT THU SEP 21 2017


...................................

...THE CHANUTE KS CLIMATE SUMMARY FOR SEPTEMBER 20 2017...

CLIMATE NORMAL PERIOD 1981 TO 2010
CLIMATE RECORD PERIOD 1894 TO 2017


WEATHER ITEM   OBSERVED TIME   RECORD YEAR NORMAL DEPARTURE LAST
                VALUE   (LST)  VALUE       VALUE  FROM      YEAR
                                                  NORMAL
..................................................................
TEMPERATURE (F)
 YESTERDAY
  MAXIMUM         92    221 PM 101    1954  79     13       93
  MINIMUM         75    636 AM  35    1918  57     18       72
  AVERAGE         84                        68     16       83

PRECIPITATION (IN)
  YESTERDAY        0.00          4.02 1947   0.13  -0.13     0.00
  MONTH TO DATE    T                         2.28  -2.28     5.88
  SINCE SEP 1      T                         2.28  -2.28     5.88
  SINCE JAN 1     36.64                     32.77   3.87    31.11

DEGREE DAYS
 HEATING
  YESTERDAY        0                         2     -2        0
  MONTH TO DATE    3                        15    -12        0
  SINCE SEP 1      3                        15    -12        0
  SINCE JUL 1      3                        16    -13        0

 COOLING
  YESTERDAY       19                         5     14       18
  MONTH TO DATE  152                       158     -6      205
  SINCE SEP 1    152                       158     -6      205
  SINCE JAN 1   1459                      1462     -3     1686
..................................................................


WIND (MPH)
  HIGHEST WIND SPEED    24   HIGHEST WIND DIRECTION     S (190)
  HIGHEST GUST SPEED    30   HIGHEST GUST DIRECTION     S (180)
  AVERAGE WIND SPEED    12.6


SKY COVER
  POSSIBLE SUNSHINE  MM
  AVERAGE SKY COVER 0.4


WEATHER CONDITIONS
 THE FOLLOWING WEATHER WAS RECORDED YESTERDAY.
  NO SIGNIFICANT WEATHER WAS OBSERVED.


RELATIVE HUMIDITY (PERCENT)
 HIGHEST    87           400 AM
 LOWEST     56           300 PM
 AVERAGE    72

..........................................................


THE CHANUTE KS CLIMATE NORMALS FOR TODAY
                         NORMAL    RECORD    YEAR
 MAXIMUM TEMPERATURE (F)   79        97      1956
 MINIMUM TEMPERATURE (F)   56        35      1918


SUNRISE AND SUNSET
SEPTEMBER 21 2017.....SUNRISE   709 AM CDT   SUNSET   720 PM CDT
SEPTEMBER 22 2017.....SUNRISE   710 AM CDT   SUNSET   718 PM CDT


-  INDICATES NEGATIVE NUMBERS.
R  INDICATES RECORD WAS SET OR TIED.
MM INDICATES DATA IS MISSING.
T  INDICATES TRACE AMOUNT.




$$
