000
CDUS43 KICT 260631
CLICNU


CLIMATE REPORT
NATIONAL WEATHER SERVICE WICHITA KS
130 AM CDT SUN OCT 26 2014


...................................

...THE CHANUTE KS CLIMATE SUMMARY FOR OCTOBER 25 2014...

CLIMATE NORMAL PERIOD 1981 TO 2010
CLIMATE RECORD PERIOD 1894 TO 2014


WEATHER ITEM   OBSERVED TIME   RECORD YEAR NORMAL DEPARTURE LAST
                VALUE   (LST)  VALUE       VALUE  FROM      YEAR
                                                  NORMAL
..................................................................
TEMPERATURE (F)
 YESTERDAY
  MAXIMUM         85    238 PM  91    1939  67     18       58
  MINIMUM         52    642 AM  27    1957  45      7       29
  AVERAGE         69                        56     13       44

PRECIPITATION (IN)
  YESTERDAY        0.00          1.62 1920   0.10  -0.10     0.00
  MONTH TO DATE    4.58                      3.08   1.50     2.89
  SINCE SEP 1      7.68                      6.75   0.93     5.91
  SINCE JAN 1     28.16                     37.24  -9.08    41.53

DEGREE DAYS
 HEATING
  YESTERDAY        0                        10    -10       21
  MONTH TO DATE  124                       174    -50      215
  SINCE SEP 1    154                       220    -66      231
  SINCE JUL 1    155                       221    -66      231

 COOLING
  YESTERDAY        4                         0      4        0
  MONTH TO DATE   27                        31     -4       37
  SINCE SEP 1    213                       224    -11      291
  SINCE JAN 1   1501                      1528    -27     1558
..................................................................


WIND (MPH)
  HIGHEST WIND SPEED    10   HIGHEST WIND DIRECTION     S (170)
  HIGHEST GUST SPEED    14   HIGHEST GUST DIRECTION     S (170)
  AVERAGE WIND SPEED     4.8


SKY COVER
  POSSIBLE SUNSHINE  MM
  AVERAGE SKY COVER 0.2


WEATHER CONDITIONS
 THE FOLLOWING WEATHER WAS RECORDED YESTERDAY.
  FOG
  FOG W/VISIBILITY <= 1/4 MILE
  HAZE


RELATIVE HUMIDITY (PERCENT)
 HIGHEST   100           200 AM
 LOWEST     51           200 PM
 AVERAGE    76

..........................................................


THE CHANUTE KS CLIMATE NORMALS FOR TODAY
                         NORMAL    RECORD    YEAR
 MAXIMUM TEMPERATURE (F)   66        89      1922
 MINIMUM TEMPERATURE (F)   44        21      1942


SUNRISE AND SUNSET
OCTOBER 26 2014.......SUNRISE   741 AM CDT   SUNSET   630 PM CDT
OCTOBER 27 2014.......SUNRISE   742 AM CDT   SUNSET   629 PM CDT


-  INDICATES NEGATIVE NUMBERS.
R  INDICATES RECORD WAS SET OR TIED.
MM INDICATES DATA IS MISSING.
T  INDICATES TRACE AMOUNT.




$$
