000
CDUS43 KICT 270625
CLICNU


CLIMATE REPORT
NATIONAL WEATHER SERVICE WICHITA KS
1225 AM CST FRI FEB 27 2015


...................................

...THE CHANUTE KS CLIMATE SUMMARY FOR FEBRUARY 26 2015...

CLIMATE NORMAL PERIOD 1981 TO 2010
CLIMATE RECORD PERIOD 1894 TO 2015


WEATHER ITEM   OBSERVED TIME   RECORD YEAR NORMAL DEPARTURE LAST
                VALUE   (LST)  VALUE       VALUE  FROM      YEAR
                                                  NORMAL
..................................................................
TEMPERATURE (F)
 YESTERDAY
  MAXIMUM         27    358 PM  75    2009  52    -25       33
                                      1999
  MINIMUM         13   1159 PM   0    1934  30    -17        9
  AVERAGE         20                        41    -21       21

PRECIPITATION (IN)
  YESTERDAY        T            99.99 2013   0.09  -0.09      T
  MONTH TO DATE    0.41                      1.74  -1.33     0.71
  SINCE DEC 1      3.41                      4.75  -1.34     0.98
  SINCE JAN 1      1.04                      3.00  -1.96     0.82

DEGREE DAYS
 HEATING
  YESTERDAY       45                        24     21       44
  MONTH TO DATE  861                       726    135      916
  SINCE DEC 1   2653                      2673    -20     3035
  SINCE JUL 1   3595                      3525     70     3955

 COOLING
  YESTERDAY        0                         0      0        0
  MONTH TO DATE    0                         0      0        0
  SINCE DEC 1      0                         0      0        0
  SINCE JAN 1      0                         0      0        0
..................................................................


WIND (MPH)
  HIGHEST WIND SPEED    28   HIGHEST WIND DIRECTION     N (350)
  HIGHEST GUST SPEED    37   HIGHEST GUST DIRECTION     N (350)
  AVERAGE WIND SPEED    15.2


SKY COVER
  POSSIBLE SUNSHINE  MM
  AVERAGE SKY COVER 0.2


WEATHER CONDITIONS
 THE FOLLOWING WEATHER WAS RECORDED YESTERDAY.
  NO SIGNIFICANT WEATHER WAS OBSERVED.


RELATIVE HUMIDITY (PERCENT)
 HIGHEST    74          1200 AM
 LOWEST     33           400 PM
 AVERAGE    54

..........................................................


THE CHANUTE KS CLIMATE NORMALS FOR TODAY
                         NORMAL    RECORD    YEAR
 MAXIMUM TEMPERATURE (F)   52        80      1976
 MINIMUM TEMPERATURE (F)   31        -1      1934


SUNRISE AND SUNSET
FEBRUARY 27 2015......SUNRISE   656 AM CST   SUNSET   613 PM CST
FEBRUARY 28 2015......SUNRISE   655 AM CST   SUNSET   614 PM CST


-  INDICATES NEGATIVE NUMBERS.
R  INDICATES RECORD WAS SET OR TIED.
MM INDICATES DATA IS MISSING.
T  INDICATES TRACE AMOUNT.




$$
