000
CDUS43 KICT 150649
CLICNU


CLIMATE REPORT
NATIONAL WEATHER SERVICE WICHITA KS
147 AM CDT SUN OCT 15 2017


...................................

...THE CHANUTE KS CLIMATE SUMMARY FOR OCTOBER 14 2017...

CLIMATE NORMAL PERIOD 1981 TO 2010
CLIMATE RECORD PERIOD 1894 TO 2017


WEATHER ITEM   OBSERVED TIME   RECORD YEAR NORMAL DEPARTURE LAST
                VALUE   (LST)  VALUE       VALUE  FROM      YEAR
                                                  NORMAL
..................................................................
TEMPERATURE (F)
 YESTERDAY
  MAXIMUM         87    254 PM  91    1938  70     17       72
  MINIMUM         60   1159 PM  31    1901  48     12       55
  AVERAGE         74                        59     15       64

PRECIPITATION (IN)
  YESTERDAY        2.61R         1.08 1975   0.11   2.50     0.22
  MONTH TO DATE    3.71                      1.89   1.82     3.10
  SINCE SEP 1      7.30                      5.56   1.74    10.01
  SINCE JAN 1     43.94                     36.05   7.89    35.24

DEGREE DAYS
 HEATING
  YESTERDAY        0                         7     -7        1
  MONTH TO DATE   21                        79    -58       48
  SINCE SEP 1     28                       125    -97       59
  SINCE JUL 1     28                       126    -98       59

 COOLING
  YESTERDAY        9                         1      8        0
  MONTH TO DATE   78                        22     56       21
  SINCE SEP 1    308                       215     93      282
  SINCE JAN 1   1615                      1519     96     1763
..................................................................


WIND (MPH)
  HIGHEST WIND SPEED    36   HIGHEST WIND DIRECTION     W (270)
  HIGHEST GUST SPEED    48   HIGHEST GUST DIRECTION     W (270)
  AVERAGE WIND SPEED    15.6


SKY COVER
  POSSIBLE SUNSHINE  MM
  AVERAGE SKY COVER 0.3


WEATHER CONDITIONS
 THE FOLLOWING WEATHER WAS RECORDED YESTERDAY.
  THUNDERSTORM
  HEAVY RAIN
  RAIN
  LIGHT RAIN
  FOG


RELATIVE HUMIDITY (PERCENT)
 HIGHEST    90          1000 PM
 LOWEST     55           100 PM
 AVERAGE    73

..........................................................


THE CHANUTE KS CLIMATE NORMALS FOR TODAY
                         NORMAL    RECORD    YEAR
 MAXIMUM TEMPERATURE (F)   70        90      1963
 MINIMUM TEMPERATURE (F)   47        32      1943


SUNRISE AND SUNSET
OCTOBER 15 2017.......SUNRISE   730 AM CDT   SUNSET   644 PM CDT
OCTOBER 16 2017.......SUNRISE   731 AM CDT   SUNSET   643 PM CDT


-  INDICATES NEGATIVE NUMBERS.
R  INDICATES RECORD WAS SET OR TIED.
MM INDICATES DATA IS MISSING.
T  INDICATES TRACE AMOUNT.




$$
