000
CDUS43 KICT 270628
CLICNU


CLIMATE REPORT
NATIONAL WEATHER SERVICE WICHITA KS
128 AM CDT TUE SEP 27 2016


...................................

...THE CHANUTE KS CLIMATE SUMMARY FOR SEPTEMBER 26 2016...

CLIMATE NORMAL PERIOD 1981 TO 2010
CLIMATE RECORD PERIOD 1894 TO 2016


WEATHER ITEM   OBSERVED TIME   RECORD YEAR NORMAL DEPARTURE LAST
                VALUE   (LST)  VALUE       VALUE  FROM      YEAR
                                                  NORMAL
..................................................................
TEMPERATURE (F)
 YESTERDAY
  MAXIMUM         74    427 PM  94    1938  76     -2       84
  MINIMUM         50    642 AM  32    1912  54     -4       54
  AVERAGE         62                        65     -3       69

PRECIPITATION (IN)
  YESTERDAY        0.00          1.60 1967   0.14  -0.14     0.00
  MONTH TO DATE    6.91                      3.12   3.79     1.29
  SINCE SEP 1      6.91                      3.12   3.79     1.29
  SINCE JAN 1     32.14                     33.61  -1.47    32.60

DEGREE DAYS
 HEATING
  YESTERDAY        3                         3      0        0
  MONTH TO DATE    3                        31    -28        6
  SINCE SEP 1      3                        31    -28        6
  SINCE JUL 1      3                        32    -29        6

 COOLING
  YESTERDAY        0                         3     -3        4
  MONTH TO DATE  260                       182     78      235
  SINCE SEP 1    260                       182     78      235
  SINCE JAN 1   1741                      1486    255     1554
..................................................................


WIND (MPH)
  HIGHEST WIND SPEED    14   HIGHEST WIND DIRECTION    NE (30)
  HIGHEST GUST SPEED    19   HIGHEST GUST DIRECTION     N (10)
  AVERAGE WIND SPEED     4.7


SKY COVER
  POSSIBLE SUNSHINE  MM
  AVERAGE SKY COVER 0.0


WEATHER CONDITIONS
 THE FOLLOWING WEATHER WAS RECORDED YESTERDAY.
  NO SIGNIFICANT WEATHER WAS OBSERVED.


RELATIVE HUMIDITY (PERCENT)
 HIGHEST    93           200 AM
 LOWEST     29           200 PM
 AVERAGE    61

..........................................................


THE CHANUTE KS CLIMATE NORMALS FOR TODAY
                         NORMAL    RECORD    YEAR
 MAXIMUM TEMPERATURE (F)   76        93      1956
 MINIMUM TEMPERATURE (F)   54        31      1942


SUNRISE AND SUNSET
SEPTEMBER 27 2016.....SUNRISE   714 AM CDT   SUNSET   710 PM CDT
SEPTEMBER 28 2016.....SUNRISE   715 AM CDT   SUNSET   709 PM CDT


-  INDICATES NEGATIVE NUMBERS.
R  INDICATES RECORD WAS SET OR TIED.
MM INDICATES DATA IS MISSING.
T  INDICATES TRACE AMOUNT.




$$
