000
CDUS43 KICT 230719
CLICNU

CLIMATE REPORT
NATIONAL WEATHER SERVICE WICHITA KS
116 AM CST FRI JAN 23 2015

...................................

...THE CHANUTE KS CLIMATE SUMMARY FOR JANUARY 22 2015...

CLIMATE NORMAL PERIOD 1981 TO 2010
CLIMATE RECORD PERIOD 1894 TO 2015


WEATHER ITEM   OBSERVED TIME   RECORD YEAR NORMAL DEPARTURE LAST
                VALUE   (LST)  VALUE       VALUE  FROM      YEAR
                                                  NORMAL
..................................................................
TEMPERATURE (F)
 YESTERDAY
  MAXIMUM         45    211 PM  72    1967  43      2       41
  MINIMUM         21   1147 PM -15    1930  23     -2       15
  AVERAGE         33                        33      0       28

PRECIPITATION (IN)
  YESTERDAY        0.00          1.52 1965   0.04  -0.04     0.00
  MONTH TO DATE    0.20                      0.86  -0.66     0.11
  SINCE DEC 1      2.57                      2.61  -0.04     0.27
  SINCE JAN 1      0.20                      0.86  -0.66     0.11

DEGREE DAYS
 HEATING
  YESTERDAY       32                        32      0       37
  MONTH TO DATE  752                       724     28      752
  SINCE DEC 1   1587                      1665    -78     1785
  SINCE JUL 1   2529                      2517     12     2705

 COOLING
  YESTERDAY        0                         0      0        0
  MONTH TO DATE    0                         0      0        0
  SINCE DEC 1      0                         0      0        0
  SINCE JAN 1      0                         0      0        0
..................................................................


WIND (MPH)
  HIGHEST WIND SPEED    15   HIGHEST WIND DIRECTION     N (20)
  HIGHEST GUST SPEED    20   HIGHEST GUST DIRECTION     N (350)
  AVERAGE WIND SPEED     6.9


SKY COVER
  POSSIBLE SUNSHINE  MM
  AVERAGE SKY COVER 0.1


WEATHER CONDITIONS
 THE FOLLOWING WEATHER WAS RECORDED YESTERDAY.
  NO SIGNIFICANT WEATHER WAS OBSERVED.


RELATIVE HUMIDITY (PERCENT)
 HIGHEST    88          1000 PM
 LOWEST     49           200 PM
 AVERAGE    69

..........................................................


THE CHANUTE KS CLIMATE NORMALS FOR TODAY
                         NORMAL    RECORD    YEAR
 MAXIMUM TEMPERATURE (F)   43        71      1967
 MINIMUM TEMPERATURE (F)   23        -6      1963


SUNRISE AND SUNSET
JANUARY 23 2015.......SUNRISE   732 AM CST   SUNSET   536 PM CST
JANUARY 24 2015.......SUNRISE   732 AM CST   SUNSET   537 PM CST


-  INDICATES NEGATIVE NUMBERS.
R  INDICATES RECORD WAS SET OR TIED.
MM INDICATES DATA IS MISSING.
T  INDICATES TRACE AMOUNT.

$$
