000
CDUS43 KICT 110628
CLICNU


CLIMATE REPORT
NATIONAL WEATHER SERVICE WICHITA KS
127 AM CDT FRI APR 11 2014


...................................

...THE CHANUTE KS CLIMATE SUMMARY FOR APRIL 10 2014...

CLIMATE NORMAL PERIOD 1981 TO 2010
CLIMATE RECORD PERIOD 1894 TO 2014


WEATHER ITEM   OBSERVED TIME   RECORD YEAR NORMAL DEPARTURE LAST
                VALUE   (LST)  VALUE       VALUE  FROM      YEAR
                                                  NORMAL
..................................................................
TEMPERATURE (F)
 YESTERDAY
  MAXIMUM         78    149 PM  92    1930  66     12       47
  MINIMUM         52   1159 PM  26    2003  44      8       34
  AVERAGE         65                        55     10       41

PRECIPITATION (IN)
  YESTERDAY        0.00          3.57 1944   0.13  -0.13     0.54
  MONTH TO DATE    0.02                      1.27  -1.25     0.71
  SINCE MAR 1      0.99                      4.31  -3.32     2.70
  SINCE JAN 1      1.96                      7.47  -5.51     8.46

DEGREE DAYS
 HEATING
  YESTERDAY        0                        11    -11       24
  MONTH TO DATE  118                       119     -1      132
  SINCE MAR 1    804                       678    126      838
  SINCE JUL 1   4824                      4250    574     3930

 COOLING
  YESTERDAY        0                         1     -1        0
  MONTH TO DATE    0                         6     -6        1
  SINCE MAR 1      0                        10    -10        1
  SINCE JAN 1      0                        10    -10        2
..................................................................


WIND (MPH)
  HIGHEST WIND SPEED    24   HIGHEST WIND DIRECTION     S (180)
  HIGHEST GUST SPEED    31   HIGHEST GUST DIRECTION     S (180)
  AVERAGE WIND SPEED    13.1


SKY COVER
  POSSIBLE SUNSHINE  MM
  AVERAGE SKY COVER 0.0


WEATHER CONDITIONS
 THE FOLLOWING WEATHER WAS RECORDED YESTERDAY.
  NO SIGNIFICANT WEATHER WAS OBSERVED.


RELATIVE HUMIDITY (PERCENT)
 HIGHEST    57           500 AM
 LOWEST     31          1200 PM
 AVERAGE    44

..........................................................


THE CHANUTE KS CLIMATE NORMALS FOR TODAY
                         NORMAL    RECORD    YEAR
 MAXIMUM TEMPERATURE (F)   67        91      1930
 MINIMUM TEMPERATURE (F)   44        26      1957


SUNRISE AND SUNSET
APRIL 11 2014.........SUNRISE   653 AM CDT   SUNSET   754 PM CDT
APRIL 12 2014.........SUNRISE   651 AM CDT   SUNSET   755 PM CDT


-  INDICATES NEGATIVE NUMBERS.
R  INDICATES RECORD WAS SET OR TIED.
MM INDICATES DATA IS MISSING.
T  INDICATES TRACE AMOUNT.




$$
