901
CDUS43 KICT 200726
CLICNU


CLIMATE REPORT
NATIONAL WEATHER SERVICE WICHITA KS
226 AM CDT TUE JUN 20 2017


...................................

...THE CHANUTE KS CLIMATE SUMMARY FOR JUNE 19 2017...

CLIMATE NORMAL PERIOD 1981 TO 2010
CLIMATE RECORD PERIOD 1894 TO 2017


WEATHER ITEM   OBSERVED TIME   RECORD YEAR NORMAL DEPARTURE LAST
                VALUE   (LST)  VALUE       VALUE  FROM      YEAR
                                                  NORMAL
..................................................................
TEMPERATURE (F)
 YESTERDAY
  MAXIMUM         80        MM 105    1918  86     -6       90
  MINIMUM         MM        MM  49    1912  66     MM       69
  AVERAGE         MM                        76     MM       80

PRECIPITATION (IN)
  YESTERDAY        0.00          3.82 1927   0.18  -0.18     0.00
  MONTH TO DATE    1.15                      4.12  -2.97     0.96
  SINCE JUN 1      1.15                      4.12  -2.97     0.96
  SINCE JAN 1     22.23                     20.52   1.71    12.75

DEGREE DAYS
 HEATING
  YESTERDAY       MM                         0     MM        0
  MONTH TO DATE    0                         4     -4        0
  SINCE JUN 1      0                         4     -4        0
  SINCE JUL 1   3452                      4481  -1029     3647

 COOLING
  YESTERDAY       MM                        11     MM       15
  MONTH TO DATE  183                       160     23      243
  SINCE JUN 1    183                       160     23      243
  SINCE JAN 1    350                       293     57      350
..................................................................


WIND (MPH)
  HIGHEST WIND SPEED     7   HIGHEST WIND DIRECTION    SE (150)
  HIGHEST GUST SPEED    MM   HIGHEST GUST DIRECTION    MM
  AVERAGE WIND SPEED     4.3


SKY COVER
  POSSIBLE SUNSHINE   0 PERCENT
  AVERAGE SKY COVER 0.0


WEATHER CONDITIONS
 THE FOLLOWING WEATHER WAS RECORDED YESTERDAY.
  NO SIGNIFICANT WEATHER WAS OBSERVED.


RELATIVE HUMIDITY (PERCENT)
 HIGHEST     0          1200 AM
 LOWEST      0          1200 AM
 AVERAGE     0

..........................................................


THE CHANUTE KS CLIMATE NORMALS FOR TODAY
                         NORMAL    RECORD    YEAR
 MAXIMUM TEMPERATURE (F)   86       108      1918
 MINIMUM TEMPERATURE (F)   66        50      1976


SUNRISE AND SUNSET
JUNE 20 2017..........SUNRISE   600 AM CDT   SUNSET   847 PM CDT
JUNE 21 2017..........SUNRISE   601 AM CDT   SUNSET   847 PM CDT


-  INDICATES NEGATIVE NUMBERS.
R  INDICATES RECORD WAS SET OR TIED.
MM INDICATES DATA IS MISSING.
T  INDICATES TRACE AMOUNT.




$$
