000
CDUS43 KICT 150647
CLICNU


CLIMATE REPORT
NATIONAL WEATHER SERVICE WICHITA KS
1247 AM CST WED FEB 15 2017


...................................

...THE CHANUTE KS CLIMATE SUMMARY FOR FEBRUARY 14 2017...

CLIMATE NORMAL PERIOD 1981 TO 2010
CLIMATE RECORD PERIOD 1894 TO 2017


WEATHER ITEM   OBSERVED TIME   RECORD YEAR NORMAL DEPARTURE LAST
                VALUE   (LST)  VALUE       VALUE  FROM      YEAR
                                                  NORMAL
..................................................................
TEMPERATURE (F)
 YESTERDAY
  MAXIMUM         53    355 PM  76    1954  48      5       56
  MINIMUM         38    853 PM  -2    1936  27     11       30
  AVERAGE         46                        37      9       43

PRECIPITATION (IN)
  YESTERDAY        0.00          0.92 1909   0.07  -0.07     0.00
  MONTH TO DATE    T                         0.83  -0.83     0.29
  SINCE DEC 1      2.62                      3.84  -1.22     4.62
  SINCE JAN 1      1.84                      2.09  -0.25     1.07

DEGREE DAYS
 HEATING
  YESTERDAY       19                        28     -9       22
  MONTH TO DATE  316                       416   -100      384
  SINCE DEC 1   2100                      2363   -263     2070
  SINCE JUL 1   2578                      3215   -637     2713

 COOLING
  YESTERDAY        0                         0      0        0
  MONTH TO DATE    3                         0      3        0
  SINCE DEC 1      3                         0      3        0
  SINCE JAN 1      3                         0      3        0
..................................................................


WIND (MPH)
  HIGHEST WIND SPEED    15   HIGHEST WIND DIRECTION     N (350)
  HIGHEST GUST SPEED    19   HIGHEST GUST DIRECTION    NW (300)
  AVERAGE WIND SPEED     6.3


SKY COVER
  POSSIBLE SUNSHINE  MM
  AVERAGE SKY COVER 0.2


WEATHER CONDITIONS
 THE FOLLOWING WEATHER WAS RECORDED YESTERDAY.
  NO SIGNIFICANT WEATHER WAS OBSERVED.


RELATIVE HUMIDITY (PERCENT)
 HIGHEST    92           500 AM
 LOWEST     38           400 PM
 AVERAGE    65

..........................................................


THE CHANUTE KS CLIMATE NORMALS FOR TODAY
                         NORMAL    RECORD    YEAR
 MAXIMUM TEMPERATURE (F)   48        72      1911
 MINIMUM TEMPERATURE (F)   27        -2      1936


SUNRISE AND SUNSET
FEBRUARY 15 2017......SUNRISE   711 AM CST   SUNSET   601 PM CST
FEBRUARY 16 2017......SUNRISE   710 AM CST   SUNSET   603 PM CST


-  INDICATES NEGATIVE NUMBERS.
R  INDICATES RECORD WAS SET OR TIED.
MM INDICATES DATA IS MISSING.
T  INDICATES TRACE AMOUNT.




$$
