000
CDUS43 KICT 160650
CLICNU

CLIMATE REPORT
NATIONAL WEATHER SERVICE WICHITA KS
148 AM CDT MON MAY 16 2016

...................................

...THE CHANUTE KS CLIMATE SUMMARY FOR MAY 15 2016...

CLIMATE NORMAL PERIOD 1981 TO 2010
CLIMATE RECORD PERIOD 1894 TO 2016


WEATHER ITEM   OBSERVED TIME   RECORD YEAR NORMAL DEPARTURE LAST
                VALUE   (LST)  VALUE       VALUE  FROM      YEAR
                                                  NORMAL
..................................................................
TEMPERATURE (F)
 YESTERDAY
  MAXIMUM         65    359 PM  91    1963  76    -11       79
  MINIMUM         42    220 AM  38    1959  56    -14       65
  AVERAGE         54                        66    -12       72

PRECIPITATION (IN)
  YESTERDAY        T             1.57 1925   0.18  -0.18     0.05
  MONTH TO DATE    0.27                      2.51  -2.24     3.97
  SINCE MAR 1      7.15                      9.95  -2.80     9.05
  SINCE JAN 1      8.23                     13.11  -4.88    10.36

DEGREE DAYS
 HEATING
  YESTERDAY       11                         2      9        0
  MONTH TO DATE   72                        53     19       35
  SINCE MAR 1    635                       883   -248      717
  SINCE JUL 1   3600                      4455   -855     4407

 COOLING
  YESTERDAY        0                         3     -3        7
  MONTH TO DATE   20                        32    -12       49
  SINCE MAR 1     44                        63    -19       71
  SINCE JAN 1     44                        63    -19       71
..................................................................


WIND (MPH)
  HIGHEST WIND SPEED    15   HIGHEST WIND DIRECTION    SE (120)
  HIGHEST GUST SPEED    19   HIGHEST GUST DIRECTION    SE (120)
  AVERAGE WIND SPEED     6.5


SKY COVER
  POSSIBLE SUNSHINE  MM
  AVERAGE SKY COVER 0.5


WEATHER CONDITIONS
 THE FOLLOWING WEATHER WAS RECORDED YESTERDAY.
  NO SIGNIFICANT WEATHER WAS OBSERVED.


RELATIVE HUMIDITY (PERCENT)
 HIGHEST    89           200 AM
 LOWEST     31           100 PM
 AVERAGE    60

..........................................................


THE CHANUTE KS CLIMATE NORMALS FOR TODAY
                         NORMAL    RECORD    YEAR
 MAXIMUM TEMPERATURE (F)   76        94      1931
 MINIMUM TEMPERATURE (F)   56        35      2014


SUNRISE AND SUNSET
MAY 16 2016...........SUNRISE   611 AM CDT   SUNSET   826 PM CDT
MAY 17 2016...........SUNRISE   610 AM CDT   SUNSET   827 PM CDT


-  INDICATES NEGATIVE NUMBERS.
R  INDICATES RECORD WAS SET OR TIED.
MM INDICATES DATA IS MISSING.
T  INDICATES TRACE AMOUNT.

$$
