000
CDUS43 KICT 180625
CLICNU


CLIMATE REPORT
NATIONAL WEATHER SERVICE WICHITA KS
122 AM CDT THU MAY 18 2017


...................................

...THE CHANUTE KS CLIMATE SUMMARY FOR MAY 17 2017...

CLIMATE NORMAL PERIOD 1981 TO 2010
CLIMATE RECORD PERIOD 1894 TO 2017


WEATHER ITEM   OBSERVED TIME   RECORD YEAR NORMAL DEPARTURE LAST
                VALUE   (LST)  VALUE       VALUE  FROM      YEAR
                                                  NORMAL
..................................................................
TEMPERATURE (F)
 YESTERDAY
  MAXIMUM         81    432 PM  91    1911  76      5       61
  MINIMUM         61   1142 PM  39    1945  56      5       48
  AVERAGE         71                        66      5       55

PRECIPITATION (IN)
  YESTERDAY        0.16          4.25 1943   0.19  -0.03     0.82
  MONTH TO DATE    5.19                      2.89   2.30     2.40
  SINCE MAR 1     18.23                     10.33   7.90     9.28
  SINCE JAN 1     20.38                     13.49   6.89    10.36

DEGREE DAYS
 HEATING
  YESTERDAY        0                         2     -2       10
  MONTH TO DATE   43                        57    -14       92
  SINCE MAR 1    662                       887   -225      655
  SINCE JUL 1   3430                      4459  -1029     3620

 COOLING
  YESTERDAY        6                         3      3        0
  MONTH TO DATE   56                        38     18       20
  SINCE MAR 1    111                        69     42       44
  SINCE JAN 1    114                        69     45       44
..................................................................


WIND (MPH)
  HIGHEST WIND SPEED    40   HIGHEST WIND DIRECTION    SW (210)
  HIGHEST GUST SPEED    55   HIGHEST GUST DIRECTION    SW (210)
  AVERAGE WIND SPEED    20.7


SKY COVER
  POSSIBLE SUNSHINE  MM
  AVERAGE SKY COVER 0.4


WEATHER CONDITIONS
 THE FOLLOWING WEATHER WAS RECORDED YESTERDAY.
  LIGHT RAIN


RELATIVE HUMIDITY (PERCENT)
 HIGHEST    78           600 AM
 LOWEST     36           300 PM
 AVERAGE    57

..........................................................


THE CHANUTE KS CLIMATE NORMALS FOR TODAY
                         NORMAL    RECORD    YEAR
 MAXIMUM TEMPERATURE (F)   76        91      1956
 MINIMUM TEMPERATURE (F)   56        40      2002


SUNRISE AND SUNSET
MAY 18 2017...........SUNRISE   610 AM CDT   SUNSET   827 PM CDT
MAY 19 2017...........SUNRISE   609 AM CDT   SUNSET   828 PM CDT


-  INDICATES NEGATIVE NUMBERS.
R  INDICATES RECORD WAS SET OR TIED.
MM INDICATES DATA IS MISSING.
T  INDICATES TRACE AMOUNT.




$$
