000
CDUS43 KICT 180629
CLICNU


CLIMATE REPORT
NATIONAL WEATHER SERVICE WICHITA KS
128 AM CDT THU SEP 18 2014


...................................

...THE CHANUTE KS CLIMATE SUMMARY FOR SEPTEMBER 17 2014...

CLIMATE NORMAL PERIOD 1981 TO 2010
CLIMATE RECORD PERIOD 1894 TO 2014


WEATHER ITEM   OBSERVED TIME   RECORD YEAR NORMAL DEPARTURE LAST
                VALUE   (LST)  VALUE       VALUE  FROM      YEAR
                                                  NORMAL
..................................................................
TEMPERATURE (F)
 YESTERDAY
  MAXIMUM         91    314 PM 101    1931  81     10       79
  MINIMUM         63   1201 AM  38    1918  58      5       64
  AVERAGE         77                        69      8       72

PRECIPITATION (IN)
  YESTERDAY        0.00          1.38 1898   0.12  -0.12     0.31
  MONTH TO DATE    0.54                      1.89  -1.35     2.13
  SINCE SEP 1      0.54                      1.89  -1.35     2.13
  SINCE JAN 1     21.02                     32.38 -11.36    37.75

DEGREE DAYS
 HEATING
  YESTERDAY        0                         2     -2        0
  MONTH TO DATE   27                         9     18        0
  SINCE SEP 1     27                         9     18        0
  SINCE JUL 1     28                        10     18        0

 COOLING
  YESTERDAY       12                         6      6        7
  MONTH TO DATE  132                       142    -10      194
  SINCE SEP 1    132                       142    -10      194
  SINCE JAN 1   1420                      1446    -26     1461
..................................................................


WIND (MPH)
  HIGHEST WIND SPEED    17   HIGHEST WIND DIRECTION    SW (220)
  HIGHEST GUST SPEED    22   HIGHEST GUST DIRECTION    SW (220)
  AVERAGE WIND SPEED     8.4


SKY COVER
  POSSIBLE SUNSHINE  MM
  AVERAGE SKY COVER 0.4


WEATHER CONDITIONS
 THE FOLLOWING WEATHER WAS RECORDED YESTERDAY.
  FOG


RELATIVE HUMIDITY (PERCENT)
 HIGHEST   100           300 AM
 LOWEST     52           100 PM
 AVERAGE    76

..........................................................


THE CHANUTE KS CLIMATE NORMALS FOR TODAY
                         NORMAL    RECORD    YEAR
 MAXIMUM TEMPERATURE (F)   80        99      1931
 MINIMUM TEMPERATURE (F)   58        38      1973


SUNRISE AND SUNSET
SEPTEMBER 18 2014.....SUNRISE   706 AM CDT   SUNSET   725 PM CDT
SEPTEMBER 19 2014.....SUNRISE   707 AM CDT   SUNSET   723 PM CDT


-  INDICATES NEGATIVE NUMBERS.
R  INDICATES RECORD WAS SET OR TIED.
MM INDICATES DATA IS MISSING.
T  INDICATES TRACE AMOUNT.




$$
