000
CDUS43 KICT 020619
CLICNU


CLIMATE REPORT
NATIONAL WEATHER SERVICE WICHITA KS
118 AM CDT TUE JUN 2 2015


...................................

...THE CHANUTE KS CLIMATE SUMMARY FOR JUNE 1 2015...

CLIMATE NORMAL PERIOD 1981 TO 2010
CLIMATE RECORD PERIOD 1894 TO 2015


WEATHER ITEM   OBSERVED TIME   RECORD YEAR NORMAL DEPARTURE LAST
                VALUE   (LST)  VALUE       VALUE  FROM      YEAR
                                                  NORMAL
..................................................................
TEMPERATURE (F)
 YESTERDAY
  MAXIMUM         71    421 PM  97    1934  80     -9       83
  MINIMUM         58   1152 PM  45    2001  61     -3       64
  AVERAGE         65                        70     -5       74

PRECIPITATION (IN)
  YESTERDAY        0.00          4.64 1941   0.24  -0.24     1.05
  MONTH TO DATE    0.00                      0.24  -0.24     1.05
  SINCE JUN 1      0.00                      0.24  -0.24     1.05
  SINCE JAN 1     17.97                     16.64   1.33    10.51

DEGREE DAYS
 HEATING
  YESTERDAY        0                         1     -1        0
  MONTH TO DATE    0                         1     -1        0
  SINCE JUN 1      0                         1     -1        0
  SINCE JUL 1   4455                      4478    -23     5090

 COOLING
  YESTERDAY        0                         6     -6        9
  MONTH TO DATE    0                         6     -6        9
  SINCE JUN 1      0                         6     -6        9
  SINCE JAN 1    109                       139    -30      201
..................................................................


WIND (MPH)
  HIGHEST WIND SPEED    12   HIGHEST WIND DIRECTION     E (90)
  HIGHEST GUST SPEED    20   HIGHEST GUST DIRECTION     E (90)
  AVERAGE WIND SPEED     6.5


SKY COVER
  POSSIBLE SUNSHINE  MM
  AVERAGE SKY COVER 0.6


WEATHER CONDITIONS
 THE FOLLOWING WEATHER WAS RECORDED YESTERDAY.
  NO SIGNIFICANT WEATHER WAS OBSERVED.


RELATIVE HUMIDITY (PERCENT)
 HIGHEST    93           600 AM
 LOWEST     63          1200 PM
 AVERAGE    78

..........................................................


THE CHANUTE KS CLIMATE NORMALS FOR TODAY
                         NORMAL    RECORD    YEAR
 MAXIMUM TEMPERATURE (F)   80        98      1911
 MINIMUM TEMPERATURE (F)   61        47      1969


SUNRISE AND SUNSET
JUNE  2 2015..........SUNRISE   602 AM CDT   SUNSET   838 PM CDT
JUNE  3 2015..........SUNRISE   601 AM CDT   SUNSET   839 PM CDT


-  INDICATES NEGATIVE NUMBERS.
R  INDICATES RECORD WAS SET OR TIED.
MM INDICATES DATA IS MISSING.
T  INDICATES TRACE AMOUNT.




$$
