000
CDUS43 KICT 260630
CLICNU


CLIMATE REPORT
NATIONAL WEATHER SERVICE WICHITA KS
1229 AM CST SUN FEB 26 2017


...................................

...THE CHANUTE KS CLIMATE SUMMARY FOR FEBRUARY 25 2017...

CLIMATE NORMAL PERIOD 1981 TO 2010
CLIMATE RECORD PERIOD 1894 TO 2017


WEATHER ITEM   OBSERVED TIME   RECORD YEAR NORMAL DEPARTURE LAST
                VALUE   (LST)  VALUE       VALUE  FROM      YEAR
                                                  NORMAL
..................................................................
TEMPERATURE (F)
 YESTERDAY
  MAXIMUM         47    357 PM  76    1944  51     -4       45
  MINIMUM         20    716 AM   2    2003  30    -10       25
  AVERAGE         34                        41     -7       35

PRECIPITATION (IN)
  YESTERDAY        0.00          1.38 1899   0.08  -0.08     0.00
  MONTH TO DATE    0.03                      1.65  -1.62     0.30
  SINCE DEC 1      2.65                      4.66  -2.01     4.63
  SINCE JAN 1      1.87                      2.91  -1.04     1.08

DEGREE DAYS
 HEATING
  YESTERDAY       31                        24      7       30
  MONTH TO DATE  458                       702   -244      569
  SINCE DEC 1   2242                      2649   -407     2255
  SINCE JUL 1   2720                      3501   -781     2898

 COOLING
  YESTERDAY        0                         0      0        0
  MONTH TO DATE    3                         0      3        0
  SINCE DEC 1      3                         0      3        0
  SINCE JAN 1      3                         0      3        0
..................................................................


WIND (MPH)
  HIGHEST WIND SPEED    15   HIGHEST WIND DIRECTION    NW (310)
  HIGHEST GUST SPEED    20   HIGHEST GUST DIRECTION    NW (320)
  AVERAGE WIND SPEED     7.6


SKY COVER
  POSSIBLE SUNSHINE  MM
  AVERAGE SKY COVER 0.0


WEATHER CONDITIONS
 THE FOLLOWING WEATHER WAS RECORDED YESTERDAY.
  HAZE


RELATIVE HUMIDITY (PERCENT)
 HIGHEST    84           700 AM
 LOWEST     19           400 PM
 AVERAGE    52

..........................................................


THE CHANUTE KS CLIMATE NORMALS FOR TODAY
                         NORMAL    RECORD    YEAR
 MAXIMUM TEMPERATURE (F)   52        75      2009
                                             1999
 MINIMUM TEMPERATURE (F)   30         0      1934


SUNRISE AND SUNSET
FEBRUARY 26 2017......SUNRISE   657 AM CST   SUNSET   613 PM CST
FEBRUARY 27 2017......SUNRISE   656 AM CST   SUNSET   614 PM CST


-  INDICATES NEGATIVE NUMBERS.
R  INDICATES RECORD WAS SET OR TIED.
MM INDICATES DATA IS MISSING.
T  INDICATES TRACE AMOUNT.




$$
