000
CDUS43 KICT 230631
CLICNU


CLIMATE REPORT
NATIONAL WEATHER SERVICE WICHITA KS
130 AM CDT SUN APR 23 2017


...................................

...THE CHANUTE KS CLIMATE SUMMARY FOR APRIL 22 2017...

CLIMATE NORMAL PERIOD 1981 TO 2010
CLIMATE RECORD PERIOD 1894 TO 2017


WEATHER ITEM   OBSERVED TIME   RECORD YEAR NORMAL DEPARTURE LAST
                VALUE   (LST)  VALUE       VALUE  FROM      YEAR
                                                  NORMAL
..................................................................
TEMPERATURE (F)
 YESTERDAY
  MAXIMUM         60    531 PM  89    2006  70    -10       72
  MINIMUM         46   1159 PM  28    1931  48     -2       48
  AVERAGE         53                        59     -6       60

PRECIPITATION (IN)
  YESTERDAY        0.02          1.58 1944   0.16  -0.14     0.00
  MONTH TO DATE    6.49                      3.04   3.45     2.91
  SINCE MAR 1      8.51                      6.08   2.43     4.32
  SINCE JAN 1     10.66                      9.24   1.42     5.40

DEGREE DAYS
 HEATING
  YESTERDAY       12                         7      5        5
  MONTH TO DATE  125                       223    -98      152
  SINCE MAR 1    535                       782   -247      540
  SINCE JUL 1   3303                      4354  -1051     3505

 COOLING
  YESTERDAY        0                         1     -1        0
  MONTH TO DATE   38                        18     20       11
  SINCE MAR 1     55                        22     33       11
  SINCE JAN 1     58                        22     36       11
..................................................................


WIND (MPH)
  HIGHEST WIND SPEED    23   HIGHEST WIND DIRECTION     N (10)
  HIGHEST GUST SPEED    31   HIGHEST GUST DIRECTION    NE (40)
  AVERAGE WIND SPEED    10.5


SKY COVER
  POSSIBLE SUNSHINE  MM
  AVERAGE SKY COVER 0.8


WEATHER CONDITIONS
 THE FOLLOWING WEATHER WAS RECORDED YESTERDAY.
  LIGHT RAIN


RELATIVE HUMIDITY (PERCENT)
 HIGHEST    86          1200 AM
 LOWEST     44           500 PM
 AVERAGE    65

..........................................................


THE CHANUTE KS CLIMATE NORMALS FOR TODAY
                         NORMAL    RECORD    YEAR
 MAXIMUM TEMPERATURE (F)   70        89      2006
 MINIMUM TEMPERATURE (F)   48        33      1909


SUNRISE AND SUNSET
APRIL 23 2017.........SUNRISE   636 AM CDT   SUNSET   805 PM CDT
APRIL 24 2017.........SUNRISE   635 AM CDT   SUNSET   806 PM CDT


-  INDICATES NEGATIVE NUMBERS.
R  INDICATES RECORD WAS SET OR TIED.
MM INDICATES DATA IS MISSING.
T  INDICATES TRACE AMOUNT.




$$
