000
CDUS43 KICT 240624
CLICNU

CLIMATE REPORT
NATIONAL WEATHER SERVICE WICHITA KS
124 AM CDT SAT JUN 24 2017


...................................

...THE CHANUTE KS CLIMATE SUMMARY FOR JUNE 23 2017...

CLIMATE NORMAL PERIOD 1981 TO 2010
CLIMATE RECORD PERIOD 1894 TO 2017


WEATHER ITEM   OBSERVED TIME   RECORD YEAR NORMAL DEPARTURE LAST
                VALUE   (LST)  VALUE       VALUE  FROM      YEAR
                                                  NORMAL
..................................................................
TEMPERATURE (F)
 YESTERDAY
  MAXIMUM         88   1246 PM 104    1933  87      1       95
  MINIMUM         67   1156 PM  53    1912  67      0       70
  AVERAGE         78                        77      1       83

PRECIPITATION (IN)
  YESTERDAY        T             2.47 1976   0.19  -0.19     1.52
  MONTH TO DATE    1.15                      4.87  -3.72     2.48
  SINCE JUN 1      1.15                      4.87  -3.72     2.48
  SINCE JAN 1     22.23                     21.27   0.96    14.27

DEGREE DAYS
 HEATING
  YESTERDAY        0                         0      0        0
  MONTH TO DATE    0                         4     -4        0
  SINCE JUN 1      0                         4     -4        0
  SINCE JUL 1   3452                      4481  -1029     3647

 COOLING
  YESTERDAY       13                        12      1       18
  MONTH TO DATE  231                       205     26      320
  SINCE JUN 1    231                       205     26      320
  SINCE JAN 1    398                       338     60      427
..................................................................


WIND (MPH)
  HIGHEST WIND SPEED    24   HIGHEST WIND DIRECTION    NE (40)
  HIGHEST GUST SPEED    31   HIGHEST GUST DIRECTION    NE (30)
  AVERAGE WIND SPEED    10.1


SKY COVER
  POSSIBLE SUNSHINE  MM
  AVERAGE SKY COVER 0.1


WEATHER CONDITIONS
 THE FOLLOWING WEATHER WAS RECORDED YESTERDAY.
  THUNDERSTORM


RELATIVE HUMIDITY (PERCENT)
 HIGHEST    93           100 AM
 LOWEST     31           100 PM
 AVERAGE    62

..........................................................


THE CHANUTE KS CLIMATE NORMALS FOR TODAY
                         NORMAL    RECORD    YEAR
 MAXIMUM TEMPERATURE (F)   87       105      1918
 MINIMUM TEMPERATURE (F)   67        51      1957


SUNRISE AND SUNSET
JUNE 24 2017..........SUNRISE   601 AM CDT   SUNSET   847 PM CDT
JUNE 25 2017..........SUNRISE   602 AM CDT   SUNSET   847 PM CDT


-  INDICATES NEGATIVE NUMBERS.
R  INDICATES RECORD WAS SET OR TIED.
MM INDICATES DATA IS MISSING.
T  INDICATES TRACE AMOUNT.




$$
