000
CDUS43 KICT 050621
CLICNU


CLIMATE REPORT
NATIONAL WEATHER SERVICE WICHITA KS
120 AM CDT SUN JUL 5 2015


...................................

...THE CHANUTE KS CLIMATE SUMMARY FOR JULY 4 2015...

CLIMATE NORMAL PERIOD 1981 TO 2010
CLIMATE RECORD PERIOD 1894 TO 2015


WEATHER ITEM   OBSERVED TIME   RECORD YEAR NORMAL DEPARTURE LAST
                VALUE   (LST)  VALUE       VALUE  FROM      YEAR
                                                  NORMAL
..................................................................
TEMPERATURE (F)
 YESTERDAY
  MAXIMUM         87    451 PM 106    1911  89     -2       84
  MINIMUM         64    534 AM  50    1924  69     -5       59
  AVERAGE         76                        79     -3       72

PRECIPITATION (IN)
  YESTERDAY        0.00          4.12 1899   0.16  -0.16     0.00
  MONTH TO DATE    0.17                      0.64  -0.47     0.58
  SINCE JUN 1      2.54                      6.67  -4.13     8.63
  SINCE JAN 1     20.51                     23.07  -2.56    18.09

DEGREE DAYS
 HEATING
  YESTERDAY        0                         0      0        0
  MONTH TO DATE    0                         0      0        0
  SINCE JUN 1      0                         6     -6        0
  SINCE JUL 1      0                         0      0        0

 COOLING
  YESTERDAY       11                        14     -3        7
  MONTH TO DATE   52                        54     -2       21
  SINCE JUN 1    443                       346     97      319
  SINCE JAN 1    552                       479     73      511
..................................................................


WIND (MPH)
  HIGHEST WIND SPEED    10   HIGHEST WIND DIRECTION     E (110)
  HIGHEST GUST SPEED    22   HIGHEST GUST DIRECTION     E (110)
  AVERAGE WIND SPEED     5.3


SKY COVER
  POSSIBLE SUNSHINE  MM
  AVERAGE SKY COVER 0.0


WEATHER CONDITIONS
 THE FOLLOWING WEATHER WAS RECORDED YESTERDAY.
  HAZE


RELATIVE HUMIDITY (PERCENT)
 HIGHEST    93           600 AM
 LOWEST     47          1200 PM
 AVERAGE    70

..........................................................


THE CHANUTE KS CLIMATE NORMALS FOR TODAY
                         NORMAL    RECORD    YEAR
 MAXIMUM TEMPERATURE (F)   89       106      1911
 MINIMUM TEMPERATURE (F)   69        50      1972


SUNRISE AND SUNSET
JULY  5 2015..........SUNRISE   606 AM CDT   SUNSET   847 PM CDT
JULY  6 2015..........SUNRISE   606 AM CDT   SUNSET   847 PM CDT


-  INDICATES NEGATIVE NUMBERS.
R  INDICATES RECORD WAS SET OR TIED.
MM INDICATES DATA IS MISSING.
T  INDICATES TRACE AMOUNT.




$$
