000
CDUS43 KICT 070657
CLICNU


CLIMATE REPORT
NATIONAL WEATHER SERVICE WICHITA KS
1256 AM CST WED DEC 7 2016


...................................

...THE CHANUTE KS CLIMATE SUMMARY FOR DECEMBER 6 2016...

CLIMATE NORMAL PERIOD 1981 TO 2010
CLIMATE RECORD PERIOD 1894 TO 2016


WEATHER ITEM   OBSERVED TIME   RECORD YEAR NORMAL DEPARTURE LAST
                VALUE   (LST)  VALUE       VALUE  FROM      YEAR
                                                  NORMAL
..................................................................
TEMPERATURE (F)
 YESTERDAY
  MAXIMUM         43    240 PM  74    1939  47     -4       58
  MINIMUM         27    853 PM  -2    1950  27      0       29
  AVERAGE         35                        37     -2       44

PRECIPITATION (IN)
  YESTERDAY        0.00          0.74 1974   0.07  -0.07     0.00
  MONTH TO DATE    0.33                      0.41  -0.08     0.00
  SINCE DEC 1      0.33                      0.41  -0.08     0.00
  SINCE JAN 1     36.45                     40.73  -4.28    39.69

DEGREE DAYS
 HEATING
  YESTERDAY       30                        28      2       21
  MONTH TO DATE  144                       163    -19      144
  SINCE DEC 1    144                       163    -19      144
  SINCE JUL 1    622                      1015   -393      787

 COOLING
  YESTERDAY        0                         0      0        0
  MONTH TO DATE    0                         0      0        0
  SINCE DEC 1      0                         0      0        0
  SINCE JAN 1   1846                      1532    314     1612
..................................................................


WIND (MPH)
  HIGHEST WIND SPEED    23   HIGHEST WIND DIRECTION     N (340)
  HIGHEST GUST SPEED    32   HIGHEST GUST DIRECTION     N (350)
  AVERAGE WIND SPEED     9.0


SKY COVER
  POSSIBLE SUNSHINE  MM
  AVERAGE SKY COVER 0.3


WEATHER CONDITIONS
 THE FOLLOWING WEATHER WAS RECORDED YESTERDAY.
  FOG
  FOG W/VISIBILITY <= 1/4 MILE


RELATIVE HUMIDITY (PERCENT)
 HIGHEST   100           300 AM
 LOWEST     32           400 PM
 AVERAGE    66

..........................................................


THE CHANUTE KS CLIMATE NORMALS FOR TODAY
                         NORMAL    RECORD    YEAR
 MAXIMUM TEMPERATURE (F)   46        77      1966
 MINIMUM TEMPERATURE (F)   27        -1      1950


SUNRISE AND SUNSET
DECEMBER  7 2016......SUNRISE   724 AM CST   SUNSET   503 PM CST
DECEMBER  8 2016......SUNRISE   725 AM CST   SUNSET   503 PM CST


-  INDICATES NEGATIVE NUMBERS.
R  INDICATES RECORD WAS SET OR TIED.
MM INDICATES DATA IS MISSING.
T  INDICATES TRACE AMOUNT.




$$
