000
CDUS43 KICT 100631
CLICNU


CLIMATE REPORT
NATIONAL WEATHER SERVICE WICHITA KS
1231 AM CST TUE JAN 10 2017


...................................

...THE CHANUTE KS CLIMATE SUMMARY FOR JANUARY 9 2017...

CLIMATE NORMAL PERIOD 1981 TO 2010
CLIMATE RECORD PERIOD 1894 TO 2017


WEATHER ITEM   OBSERVED TIME   RECORD YEAR NORMAL DEPARTURE LAST
                VALUE   (LST)  VALUE       VALUE  FROM      YEAR
                                                  NORMAL
..................................................................
TEMPERATURE (F)
 YESTERDAY
  MAXIMUM         51   1159 PM  71    1902  42      9       36
  MINIMUM         26    442 AM -10    2010  23      3       13
  AVERAGE         39                        32      7       25

PRECIPITATION (IN)
  YESTERDAY        0.00          0.95 1974   0.04  -0.04      T
  MONTH TO DATE    0.01                      0.36  -0.35     0.68
  SINCE DEC 1      0.79                      2.11  -1.32     4.23
  SINCE JAN 1      0.01                      0.36  -0.35     0.68

DEGREE DAYS
 HEATING
  YESTERDAY       26                        33     -7       40
  MONTH TO DATE  315                       297     18      282
  SINCE DEC 1   1257                      1238     19      994
  SINCE JUL 1   1735                      2090   -355     1637

 COOLING
  YESTERDAY        0                         0      0        0
  MONTH TO DATE    0                         0      0        0
  SINCE DEC 1      0                         0      0        0
  SINCE JAN 1      0                         0      0        0
..................................................................


WIND (MPH)
  HIGHEST WIND SPEED    31   HIGHEST WIND DIRECTION     S (180)
  HIGHEST GUST SPEED    39   HIGHEST GUST DIRECTION     S (180)
  AVERAGE WIND SPEED    18.0


SKY COVER
  POSSIBLE SUNSHINE  MM
  AVERAGE SKY COVER 0.0


WEATHER CONDITIONS
 THE FOLLOWING WEATHER WAS RECORDED YESTERDAY.
  NO SIGNIFICANT WEATHER WAS OBSERVED.


RELATIVE HUMIDITY (PERCENT)
 HIGHEST    82           900 PM
 LOWEST     46           100 PM
 AVERAGE    64

..........................................................


THE CHANUTE KS CLIMATE NORMALS FOR TODAY
                         NORMAL    RECORD    YEAR
 MAXIMUM TEMPERATURE (F)   42        71      1911
 MINIMUM TEMPERATURE (F)   23       -11      1982


SUNRISE AND SUNSET
JANUARY 10 2017.......SUNRISE   737 AM CST   SUNSET   523 PM CST
JANUARY 11 2017.......SUNRISE   737 AM CST   SUNSET   523 PM CST


-  INDICATES NEGATIVE NUMBERS.
R  INDICATES RECORD WAS SET OR TIED.
MM INDICATES DATA IS MISSING.
T  INDICATES TRACE AMOUNT.




$$
