000
CDUS43 KICT 070646
CLICNU


CLIMATE REPORT
NATIONAL WEATHER SERVICE WICHITA KS
146 AM CDT SAT OCT 7 2017


...................................

...THE CHANUTE KS CLIMATE SUMMARY FOR OCTOBER 6 2017...

CLIMATE NORMAL PERIOD 1981 TO 2010
CLIMATE RECORD PERIOD 1894 TO 2017


WEATHER ITEM   OBSERVED TIME   RECORD YEAR NORMAL DEPARTURE LAST
                VALUE   (LST)  VALUE       VALUE  FROM      YEAR
                                                  NORMAL
..................................................................
TEMPERATURE (F)
 YESTERDAY
  MAXIMUM         83    230 PM  97    1939  73     10       76
  MINIMUM         67    845 AM  31    1952  50     17       52
  AVERAGE         75                        61     14       64

PRECIPITATION (IN)
  YESTERDAY        T             1.86 1984   0.14  -0.14     1.73
  MONTH TO DATE    T                         0.87  -0.87     2.15
  SINCE SEP 1      3.59                      4.54  -0.95     9.06
  SINCE JAN 1     40.23                     35.03   5.20    34.29

DEGREE DAYS
 HEATING
  YESTERDAY        0                         5     -5        1
  MONTH TO DATE    0                        28    -28        3
  SINCE SEP 1      7                        74    -67       14
  SINCE JUL 1      7                        75    -68       14

 COOLING
  YESTERDAY       10                         2      8        0
  MONTH TO DATE   52                        12     40       18
  SINCE SEP 1    282                       205     77      279
  SINCE JAN 1   1589                      1509     80     1760
..................................................................


WIND (MPH)
  HIGHEST WIND SPEED    24   HIGHEST WIND DIRECTION     S (170)
  HIGHEST GUST SPEED    31   HIGHEST GUST DIRECTION     S (170)
  AVERAGE WIND SPEED    13.5


SKY COVER
  POSSIBLE SUNSHINE  MM
  AVERAGE SKY COVER 0.5


WEATHER CONDITIONS
 THE FOLLOWING WEATHER WAS RECORDED YESTERDAY.
  THUNDERSTORM
  HEAVY RAIN
  RAIN
  LIGHT RAIN
  FOG


RELATIVE HUMIDITY (PERCENT)
 HIGHEST   100           800 AM
 LOWEST     62           300 PM
 AVERAGE    81

..........................................................


THE CHANUTE KS CLIMATE NORMALS FOR TODAY
                         NORMAL    RECORD    YEAR
 MAXIMUM TEMPERATURE (F)   72        98      1963
 MINIMUM TEMPERATURE (F)   50        26      1952


SUNRISE AND SUNSET
OCTOBER  7 2017.......SUNRISE   723 AM CDT   SUNSET   656 PM CDT
OCTOBER  8 2017.......SUNRISE   724 AM CDT   SUNSET   654 PM CDT


-  INDICATES NEGATIVE NUMBERS.
R  INDICATES RECORD WAS SET OR TIED.
MM INDICATES DATA IS MISSING.
T  INDICATES TRACE AMOUNT.




$$
