000
CDUS43 KICT 290620
CLICNU


CLIMATE REPORT
NATIONAL WEATHER SERVICE WICHITA KS
120 AM CDT FRI AUG 29 2014


...................................

...THE CHANUTE KS CLIMATE SUMMARY FOR AUGUST 28 2014...

CLIMATE NORMAL PERIOD 1981 TO 2010
CLIMATE RECORD PERIOD 1894 TO 2014


WEATHER ITEM   OBSERVED TIME   RECORD YEAR NORMAL DEPARTURE LAST
                VALUE   (LST)  VALUE       VALUE  FROM      YEAR
                                                  NORMAL
..................................................................
TEMPERATURE (F)
 YESTERDAY
  MAXIMUM         94    425 PM 105    1954  88      6       93
  MINIMUM         71    605 AM  50    1986  66      5       68
  AVERAGE         83                        77      6       81

PRECIPITATION (IN)
  YESTERDAY        0.00          1.66 1975   0.11  -0.11     0.00
  MONTH TO DATE    1.36                      3.35  -1.99     3.91
  SINCE JUN 1     11.02                     13.75  -2.73    17.06
  SINCE JAN 1     20.48                     30.15  -9.67    35.62

DEGREE DAYS
 HEATING
  YESTERDAY        0                         0      0        0
  MONTH TO DATE    0                         0      0        0
  SINCE JUN 1      1                         6     -5       10
  SINCE JUL 1      1                         0      1        0

 COOLING
  YESTERDAY       18                        12      6       16
  MONTH TO DATE  437                       396     41      341
  SINCE JUN 1   1045                      1137    -92     1082
  SINCE JAN 1   1237                      1270    -33     1205
..................................................................


WIND (MPH)
  HIGHEST WIND SPEED    18   HIGHEST WIND DIRECTION    SE (150)
  HIGHEST GUST SPEED    23   HIGHEST GUST DIRECTION    SE (150)
  AVERAGE WIND SPEED     9.5


SKY COVER
  POSSIBLE SUNSHINE  MM
  AVERAGE SKY COVER 0.1


WEATHER CONDITIONS
 THE FOLLOWING WEATHER WAS RECORDED YESTERDAY.
  NO SIGNIFICANT WEATHER WAS OBSERVED.


RELATIVE HUMIDITY (PERCENT)
 HIGHEST    87           700 AM
 LOWEST     32           500 PM
 AVERAGE    60

..........................................................


THE CHANUTE KS CLIMATE NORMALS FOR TODAY
                         NORMAL    RECORD    YEAR
 MAXIMUM TEMPERATURE (F)   88       105      1954
 MINIMUM TEMPERATURE (F)   66        45      1988


SUNRISE AND SUNSET
AUGUST 29 2014........SUNRISE   650 AM CDT   SUNSET   755 PM CDT
AUGUST 30 2014........SUNRISE   650 AM CDT   SUNSET   754 PM CDT


-  INDICATES NEGATIVE NUMBERS.
R  INDICATES RECORD WAS SET OR TIED.
MM INDICATES DATA IS MISSING.
T  INDICATES TRACE AMOUNT.




$$
