000
CDUS43 KICT 120711
CLICNU


CLIMATE REPORT
NATIONAL WEATHER SERVICE WICHITA KS
110 AM CST FRI DEC 12 2014


...................................

...THE CHANUTE KS CLIMATE SUMMARY FOR DECEMBER 11 2014...

CLIMATE NORMAL PERIOD 1981 TO 2010
CLIMATE RECORD PERIOD 1894 TO 2014


WEATHER ITEM   OBSERVED TIME   RECORD YEAR NORMAL DEPARTURE LAST
                VALUE   (LST)  VALUE       VALUE  FROM      YEAR
                                                  NORMAL
..................................................................
TEMPERATURE (F)
 YESTERDAY
  MAXIMUM         47    427 PM  72    1939  45      2       34
  MINIMUM         38    802 AM   1    1917  26     12       12
  AVERAGE         43                        35      8       23

PRECIPITATION (IN)
  YESTERDAY        0.00          1.50 1899   0.05  -0.05     0.00
  MONTH TO DATE    1.31                      0.70   0.61      T
  SINCE DEC 1      1.31                      0.70   0.61      T
  SINCE JAN 1     30.82                     41.02 -10.20    47.59

DEGREE DAYS
 HEATING
  YESTERDAY       22                        30     -8       42
  MONTH TO DATE  288                       308    -20      402
  SINCE DEC 1    288                       308    -20      402
  SINCE JUL 1   1230                      1160     70     1322

 COOLING
  YESTERDAY        0                         0      0        0
  MONTH TO DATE    0                         0      0        0
  SINCE DEC 1      0                         0      0        0
  SINCE JAN 1   1512                      1532    -20     1560
..................................................................


WIND (MPH)
  HIGHEST WIND SPEED     8   HIGHEST WIND DIRECTION    NE (60)
  HIGHEST GUST SPEED    16   HIGHEST GUST DIRECTION     E (90)
  AVERAGE WIND SPEED     4.0


SKY COVER
  POSSIBLE SUNSHINE  MM
  AVERAGE SKY COVER 1.0


WEATHER CONDITIONS
 THE FOLLOWING WEATHER WAS RECORDED YESTERDAY.
  FOG


RELATIVE HUMIDITY (PERCENT)
 HIGHEST   100           800 AM
 LOWEST     76           100 PM
 AVERAGE    88

..........................................................


THE CHANUTE KS CLIMATE NORMALS FOR TODAY
                         NORMAL    RECORD    YEAR
 MAXIMUM TEMPERATURE (F)   44        67      1925
 MINIMUM TEMPERATURE (F)   26        -6      1932


SUNRISE AND SUNSET
DECEMBER 12 2014......SUNRISE   728 AM CST   SUNSET   504 PM CST
DECEMBER 13 2014......SUNRISE   728 AM CST   SUNSET   504 PM CST


-  INDICATES NEGATIVE NUMBERS.
R  INDICATES RECORD WAS SET OR TIED.
MM INDICATES DATA IS MISSING.
T  INDICATES TRACE AMOUNT.




$$
