000
CDUS43 KICT 180637
CLICNU

CLIMATE REPORT
NATIONAL WEATHER SERVICE WICHITA KS
134 AM CDT WED MAY 18 2016

...................................

...THE CHANUTE KS CLIMATE SUMMARY FOR MAY 17 2016...

CLIMATE NORMAL PERIOD 1981 TO 2010
CLIMATE RECORD PERIOD 1894 TO 2016


WEATHER ITEM   OBSERVED TIME   RECORD YEAR NORMAL DEPARTURE LAST
                VALUE   (LST)  VALUE       VALUE  FROM      YEAR
                                                  NORMAL
..................................................................
TEMPERATURE (F)
 YESTERDAY
  MAXIMUM         61    239 PM  91    1911  76    -15       80
  MINIMUM         48   1159 PM  39    1945  56     -8       62
  AVERAGE         55                        66    -11       71

PRECIPITATION (IN)
  YESTERDAY        0.82          4.25 1943   0.19   0.63     0.05
  MONTH TO DATE    2.40                      2.89  -0.49     5.68
  SINCE MAR 1      9.28                     10.33  -1.05    10.76
  SINCE JAN 1     10.36                     13.49  -3.13    12.07

DEGREE DAYS
 HEATING
  YESTERDAY       10                         2      8        0
  MONTH TO DATE   92                        57     35       35
  SINCE MAR 1    655                       887   -232      717
  SINCE JUL 1   3620                      4459   -839     4407

 COOLING
  YESTERDAY        0                         3     -3        6
  MONTH TO DATE   20                        38    -18       62
  SINCE MAR 1     44                        69    -25       84
  SINCE JAN 1     44                        69    -25       84
..................................................................


WIND (MPH)
  HIGHEST WIND SPEED    20   HIGHEST WIND DIRECTION    NE (30)
  HIGHEST GUST SPEED    28   HIGHEST GUST DIRECTION    NE (40)
  AVERAGE WIND SPEED    12.2


SKY COVER
  POSSIBLE SUNSHINE  MM
  AVERAGE SKY COVER 0.9


WEATHER CONDITIONS
 THE FOLLOWING WEATHER WAS RECORDED YESTERDAY.
  THUNDERSTORM
  RAIN
  LIGHT RAIN
  FOG


RELATIVE HUMIDITY (PERCENT)
 HIGHEST    93          1200 AM
 LOWEST     67           300 PM
 AVERAGE    80

..........................................................


THE CHANUTE KS CLIMATE NORMALS FOR TODAY
                         NORMAL    RECORD    YEAR
 MAXIMUM TEMPERATURE (F)   76        91      1956
 MINIMUM TEMPERATURE (F)   56        40      2002


SUNRISE AND SUNSET
MAY 18 2016...........SUNRISE   610 AM CDT   SUNSET   828 PM CDT
MAY 19 2016...........SUNRISE   609 AM CDT   SUNSET   829 PM CDT


-  INDICATES NEGATIVE NUMBERS.
R  INDICATES RECORD WAS SET OR TIED.
MM INDICATES DATA IS MISSING.
T  INDICATES TRACE AMOUNT.

$$
