000
CDUS43 KICT 200628
CLICNU

CLIMATE REPORT
NATIONAL WEATHER SERVICE WICHITA KS
127 AM CDT TUE SEP 20 2016

...................................

...THE CHANUTE KS CLIMATE SUMMARY FOR SEPTEMBER 19 2016...

CLIMATE NORMAL PERIOD 1981 TO 2010
CLIMATE RECORD PERIOD 1894 TO 2016


WEATHER ITEM   OBSERVED TIME   RECORD YEAR NORMAL DEPARTURE LAST
                VALUE   (LST)  VALUE       VALUE  FROM      YEAR
                                                  NORMAL
..................................................................
TEMPERATURE (F)
 YESTERDAY
  MAXIMUM         92    352 PM 100    1954  80     12       75
  MINIMUM         67    559 AM  38    1991  57     10       54
  AVERAGE         80                        68     12       65

PRECIPITATION (IN)
  YESTERDAY        0.00          3.60 1924   0.14  -0.14     0.00
  MONTH TO DATE    5.88                      2.15   3.73     1.29
  SINCE SEP 1      5.88                      2.15   3.73     1.29
  SINCE JAN 1     31.11                     32.64  -1.53    32.60

DEGREE DAYS
 HEATING
  YESTERDAY        0                         2     -2        0
  MONTH TO DATE    0                        13    -13        6
  SINCE SEP 1      0                        13    -13        6
  SINCE JUL 1      0                        14    -14        6

 COOLING
  YESTERDAY       15                         5     10        0
  MONTH TO DATE  187                       153     34      187
  SINCE SEP 1    187                       153     34      187
  SINCE JAN 1   1668                      1457    211     1506
..................................................................


WIND (MPH)
  HIGHEST WIND SPEED    14   HIGHEST WIND DIRECTION     S (190)
  HIGHEST GUST SPEED    19   HIGHEST GUST DIRECTION    SW (210)
  AVERAGE WIND SPEED     8.1


SKY COVER
  POSSIBLE SUNSHINE  MM
  AVERAGE SKY COVER 0.0


WEATHER CONDITIONS
 THE FOLLOWING WEATHER WAS RECORDED YESTERDAY.
  NO SIGNIFICANT WEATHER WAS OBSERVED.


RELATIVE HUMIDITY (PERCENT)
 HIGHEST    94          1000 PM
 LOWEST     56           200 PM
 AVERAGE    75

..........................................................


THE CHANUTE KS CLIMATE NORMALS FOR TODAY
                         NORMAL    RECORD    YEAR
 MAXIMUM TEMPERATURE (F)   79       101      1954
 MINIMUM TEMPERATURE (F)   57        35      1918


SUNRISE AND SUNSET
SEPTEMBER 20 2016.....SUNRISE   708 AM CDT   SUNSET   721 PM CDT
SEPTEMBER 21 2016.....SUNRISE   709 AM CDT   SUNSET   720 PM CDT


-  INDICATES NEGATIVE NUMBERS.
R  INDICATES RECORD WAS SET OR TIED.
MM INDICATES DATA IS MISSING.
T  INDICATES TRACE AMOUNT.

$$
