000
CDUS43 KICT 220640
CLICNU

CLIMATE REPORT
NATIONAL WEATHER SERVICE WICHITA KS
139 AM CDT MON MAY 22 2017


...................................

...THE CHANUTE KS CLIMATE SUMMARY FOR MAY 21 2017...

CLIMATE NORMAL PERIOD 1981 TO 2010
CLIMATE RECORD PERIOD 1894 TO 2017


WEATHER ITEM   OBSERVED TIME   RECORD YEAR NORMAL DEPARTURE LAST
                VALUE   (LST)  VALUE       VALUE  FROM      YEAR
                                                  NORMAL
..................................................................
TEMPERATURE (F)
 YESTERDAY
  MAXIMUM         74    536 PM  94    1956  77     -3       75
  MINIMUM         45    425 AM  37    1968  57    -12       48
  AVERAGE         60                        67     -7       62

PRECIPITATION (IN)
  YESTERDAY        0.00          2.30 1903   0.20  -0.20     0.00
  MONTH TO DATE    5.87                      3.69   2.18     2.48
  SINCE MAR 1     18.91                     11.13   7.78     9.36
  SINCE JAN 1     21.06                     14.29   6.77    10.44

DEGREE DAYS
 HEATING
  YESTERDAY        5                         2      3        3
  MONTH TO DATE   54                        65    -11      119
  SINCE MAR 1    673                       895   -222      682
  SINCE JUL 1   3441                      4467  -1026     3647

 COOLING
  YESTERDAY        0                         4     -4        0
  MONTH TO DATE   69                        53     16       20
  SINCE MAR 1    124                        84     40       44
  SINCE JAN 1    127                        84     43       44
..................................................................


WIND (MPH)
  HIGHEST WIND SPEED    15   HIGHEST WIND DIRECTION    NW (320)
  HIGHEST GUST SPEED    24   HIGHEST GUST DIRECTION     W (290)
  AVERAGE WIND SPEED     6.9


SKY COVER
  POSSIBLE SUNSHINE  MM
  AVERAGE SKY COVER 0.0


WEATHER CONDITIONS
 THE FOLLOWING WEATHER WAS RECORDED YESTERDAY.
  NO SIGNIFICANT WEATHER WAS OBSERVED.


RELATIVE HUMIDITY (PERCENT)
 HIGHEST    86          1000 PM
 LOWEST     38           500 PM
 AVERAGE    62

..........................................................


THE CHANUTE KS CLIMATE NORMALS FOR TODAY
                         NORMAL    RECORD    YEAR
 MAXIMUM TEMPERATURE (F)   77        94      1956
 MINIMUM TEMPERATURE (F)   58        41      2001


SUNRISE AND SUNSET
MAY 22 2017...........SUNRISE   607 AM CDT   SUNSET   831 PM CDT
MAY 23 2017...........SUNRISE   606 AM CDT   SUNSET   832 PM CDT


-  INDICATES NEGATIVE NUMBERS.
R  INDICATES RECORD WAS SET OR TIED.
MM INDICATES DATA IS MISSING.
T  INDICATES TRACE AMOUNT.




$$
