754
CDUS43 KICT 300720
CLICNU

CLIMATE REPORT
NATIONAL WEATHER SERVICE WICHITA KS
113 AM CST WED NOV 30 2016

...................................

...THE CHANUTE KS CLIMATE SUMMARY FOR NOVEMBER 29 2016...

CLIMATE NORMAL PERIOD 1981 TO 2010
CLIMATE RECORD PERIOD 1894 TO 2016


WEATHER ITEM   OBSERVED TIME   RECORD YEAR NORMAL DEPARTURE LAST
                VALUE   (LST)  VALUE       VALUE  FROM      YEAR
                                                  NORMAL
..................................................................
TEMPERATURE (F)
 YESTERDAY
  MAXIMUM         58    124 PM  78    1933  50      8       38
  MINIMUM         33   1144 PM   5    1976  30      3       35
  AVERAGE         46                        40      6       37

PRECIPITATION (IN)
  YESTERDAY        0.00          1.75 1923   0.07  -0.07     0.40
  MONTH TO DATE    0.47                      2.43  -1.96     5.28
  SINCE SEP 1     10.89                      9.76   1.13     8.17
  SINCE JAN 1     36.12                     40.25  -4.13    39.48

DEGREE DAYS
 HEATING
  YESTERDAY       19                        25     -6       28
  MONTH TO DATE  354                       535   -181      435
  SINCE SEP 1    452                       822   -370      615
  SINCE JUL 1    452                       823   -371      615

 COOLING
  YESTERDAY        0                         0      0        0
  MONTH TO DATE   20                         0     20        0
  SINCE SEP 1    365                       225    140      293
  SINCE JAN 1   1846                      1529    317     1612
..................................................................


WIND (MPH)
  HIGHEST WIND SPEED    18   HIGHEST WIND DIRECTION    NW (310)
  HIGHEST GUST SPEED    23   HIGHEST GUST DIRECTION     W (290)
  AVERAGE WIND SPEED     6.9


SKY COVER
  POSSIBLE SUNSHINE  MM
  AVERAGE SKY COVER 0.0


WEATHER CONDITIONS
 THE FOLLOWING WEATHER WAS RECORDED YESTERDAY.
  NO SIGNIFICANT WEATHER WAS OBSERVED.


RELATIVE HUMIDITY (PERCENT)
 HIGHEST    82           800 AM
 LOWEST     30           300 PM
 AVERAGE    56

..........................................................


THE CHANUTE KS CLIMATE NORMALS FOR TODAY
                         NORMAL    RECORD    YEAR
 MAXIMUM TEMPERATURE (F)   49        71      1995
 MINIMUM TEMPERATURE (F)   29         7      1976


SUNRISE AND SUNSET
NOVEMBER 30 2016......SUNRISE   718 AM CST   SUNSET   504 PM CST
DECEMBER  1 2016......SUNRISE   719 AM CST   SUNSET   503 PM CST


-  INDICATES NEGATIVE NUMBERS.
R  INDICATES RECORD WAS SET OR TIED.
MM INDICATES DATA IS MISSING.
T  INDICATES TRACE AMOUNT.

$$
