000
CDUS43 KICT 230705
CLICNU


CLIMATE REPORT
NATIONAL WEATHER SERVICE WICHITA KS
105 AM CST MON FEB 23 2015


...................................

...THE CHANUTE KS CLIMATE SUMMARY FOR FEBRUARY 22 2015...

CLIMATE NORMAL PERIOD 1981 TO 2010
CLIMATE RECORD PERIOD 1894 TO 2015


WEATHER ITEM   OBSERVED TIME   RECORD YEAR NORMAL DEPARTURE LAST
                VALUE   (LST)  VALUE       VALUE  FROM      YEAR
                                                  NORMAL
..................................................................
TEMPERATURE (F)
 YESTERDAY
  MAXIMUM         34   1217 AM  80    1996  50    -16       61
  MINIMUM         20    108 PM   8    1912  29     -9       29
  AVERAGE         27                        40    -13       45

PRECIPITATION (IN)
  YESTERDAY        T             1.76 1915   0.08  -0.08     0.00
  MONTH TO DATE    0.41                      1.42  -1.01     0.71
  SINCE DEC 1      3.41                      4.43  -1.02     0.98
  SINCE JAN 1      1.04                      2.68  -1.64     0.82

DEGREE DAYS
 HEATING
  YESTERDAY       38                        25     13       20
  MONTH TO DATE  710                       628     82      775
  SINCE DEC 1   2502                      2575    -73     2894
  SINCE JUL 1   3444                      3427     17     3814

 COOLING
  YESTERDAY        0                         0      0        0
  MONTH TO DATE    0                         0      0        0
  SINCE DEC 1      0                         0      0        0
  SINCE JAN 1      0                         0      0        0
..................................................................


WIND (MPH)
  HIGHEST WIND SPEED    23   HIGHEST WIND DIRECTION     N (10)
  HIGHEST GUST SPEED    30   HIGHEST GUST DIRECTION     N (10)
  AVERAGE WIND SPEED    15.3


SKY COVER
  POSSIBLE SUNSHINE  MM
  AVERAGE SKY COVER 0.9


WEATHER CONDITIONS
 THE FOLLOWING WEATHER WAS RECORDED YESTERDAY.
  LIGHT SNOW


RELATIVE HUMIDITY (PERCENT)
 HIGHEST    75          1200 AM
 LOWEST     42           500 PM
 AVERAGE    59

..........................................................


THE CHANUTE KS CLIMATE NORMALS FOR TODAY
                         NORMAL    RECORD    YEAR
 MAXIMUM TEMPERATURE (F)   51        78      1918
 MINIMUM TEMPERATURE (F)   29         2      1899


SUNRISE AND SUNSET
FEBRUARY 23 2015......SUNRISE   702 AM CST   SUNSET   609 PM CST
FEBRUARY 24 2015......SUNRISE   700 AM CST   SUNSET   610 PM CST


-  INDICATES NEGATIVE NUMBERS.
R  INDICATES RECORD WAS SET OR TIED.
MM INDICATES DATA IS MISSING.
T  INDICATES TRACE AMOUNT.




$$
