000
CDUS43 KICT 240623
CLICNU


CLIMATE REPORT
NATIONAL WEATHER SERVICE WICHITA KS
122 AM CDT SUN JUL 24 2016


...................................

...THE CHANUTE KS CLIMATE SUMMARY FOR JULY 23 2016...

CLIMATE NORMAL PERIOD 1981 TO 2010
CLIMATE RECORD PERIOD 1894 TO 2016


WEATHER ITEM   OBSERVED TIME   RECORD YEAR NORMAL DEPARTURE LAST
                VALUE   (LST)  VALUE       VALUE  FROM      YEAR
                                                  NORMAL
..................................................................
TEMPERATURE (F)
 YESTERDAY
  MAXIMUM         96    428 PM 110    1936  90      6       91
  MINIMUM         75    546 AM  53    1947  69      6       74
  AVERAGE         86                        80      6       83

PRECIPITATION (IN)
  YESTERDAY        0.00          3.46 1992   0.13  -0.13     0.13
  MONTH TO DATE    1.56                      3.41  -1.85     4.80
  SINCE JUN 1      4.76                      9.44  -4.68     7.17
  SINCE JAN 1     16.55                     25.84  -9.29    25.14

DEGREE DAYS
 HEATING
  YESTERDAY        0                         0      0        0
  MONTH TO DATE    0                         0      0        0
  SINCE JUN 1      0                         6     -6        0
  SINCE JUL 1      0                         0      0        0

 COOLING
  YESTERDAY       21                        15      6       18
  MONTH TO DATE  371                       332     39      341
  SINCE JUN 1    805                       624    181      732
  SINCE JAN 1    912                       757    155      841
..................................................................


WIND (MPH)
  HIGHEST WIND SPEED    16   HIGHEST WIND DIRECTION     S (180)
  HIGHEST GUST SPEED    22   HIGHEST GUST DIRECTION     S (170)
  AVERAGE WIND SPEED     8.6


SKY COVER
  POSSIBLE SUNSHINE  MM
  AVERAGE SKY COVER 0.0


WEATHER CONDITIONS
 THE FOLLOWING WEATHER WAS RECORDED YESTERDAY.
  NO SIGNIFICANT WEATHER WAS OBSERVED.


RELATIVE HUMIDITY (PERCENT)
 HIGHEST    94           300 AM
 LOWEST     43           500 PM
 AVERAGE    69

..........................................................


THE CHANUTE KS CLIMATE NORMALS FOR TODAY
                         NORMAL    RECORD    YEAR
 MAXIMUM TEMPERATURE (F)   90       111      1934
 MINIMUM TEMPERATURE (F)   69        53      2003


SUNRISE AND SUNSET
JULY 24 2016..........SUNRISE   620 AM CDT   SUNSET   837 PM CDT
JULY 25 2016..........SUNRISE   620 AM CDT   SUNSET   836 PM CDT


-  INDICATES NEGATIVE NUMBERS.
R  INDICATES RECORD WAS SET OR TIED.
MM INDICATES DATA IS MISSING.
T  INDICATES TRACE AMOUNT.




$$
