000
CDUS43 KICT 110630
CLICNU


CLIMATE REPORT
NATIONAL WEATHER SERVICE WICHITA KS
1230 AM CST WED JAN 11 2017


...................................

...THE CHANUTE KS CLIMATE SUMMARY FOR JANUARY 10 2017...

CLIMATE NORMAL PERIOD 1981 TO 2010
CLIMATE RECORD PERIOD 1894 TO 2017


WEATHER ITEM   OBSERVED TIME   RECORD YEAR NORMAL DEPARTURE LAST
                VALUE   (LST)  VALUE       VALUE  FROM      YEAR
                                                  NORMAL
..................................................................
TEMPERATURE (F)
 YESTERDAY
  MAXIMUM         63    141 PM  71    1911  42     21       24
  MINIMUM         31    821 PM -11    1982  23      8        6
  AVERAGE         47                        32     15       15

PRECIPITATION (IN)
  YESTERDAY        0.00          1.73 1949   0.04  -0.04     0.00
  MONTH TO DATE    0.01                      0.40  -0.39     0.68
  SINCE DEC 1      0.79                      2.15  -1.36     4.23
  SINCE JAN 1      0.01                      0.40  -0.39     0.68

DEGREE DAYS
 HEATING
  YESTERDAY       18                        33    -15       50
  MONTH TO DATE  333                       330      3      332
  SINCE DEC 1   1275                      1271      4     1044
  SINCE JUL 1   1753                      2123   -370     1687

 COOLING
  YESTERDAY        0                         0      0        0
  MONTH TO DATE    0                         0      0        0
  SINCE DEC 1      0                         0      0        0
  SINCE JAN 1      0                         0      0        0
..................................................................


WIND (MPH)
  HIGHEST WIND SPEED    31   HIGHEST WIND DIRECTION     S (180)
  HIGHEST GUST SPEED    41   HIGHEST GUST DIRECTION     S (180)
  AVERAGE WIND SPEED    16.6


SKY COVER
  POSSIBLE SUNSHINE  MM
  AVERAGE SKY COVER 0.0


WEATHER CONDITIONS
 THE FOLLOWING WEATHER WAS RECORDED YESTERDAY.
  NO SIGNIFICANT WEATHER WAS OBSERVED.


RELATIVE HUMIDITY (PERCENT)
 HIGHEST    83           200 AM
 LOWEST     27           200 PM
 AVERAGE    55

..........................................................


THE CHANUTE KS CLIMATE NORMALS FOR TODAY
                         NORMAL    RECORD    YEAR
 MAXIMUM TEMPERATURE (F)   42        69      1898
 MINIMUM TEMPERATURE (F)   23       -12      1918


SUNRISE AND SUNSET
JANUARY 11 2017.......SUNRISE   737 AM CST   SUNSET   523 PM CST
JANUARY 12 2017.......SUNRISE   737 AM CST   SUNSET   524 PM CST


-  INDICATES NEGATIVE NUMBERS.
R  INDICATES RECORD WAS SET OR TIED.
MM INDICATES DATA IS MISSING.
T  INDICATES TRACE AMOUNT.




$$
