000
CDUS43 KICT 110654
CLICNU


CLIMATE REPORT
NATIONAL WEATHER SERVICE WICHITA KS
153 AM CDT THU MAY 11 2017


...................................

...THE CHANUTE KS CLIMATE SUMMARY FOR MAY 10 2017...

CLIMATE NORMAL PERIOD 1981 TO 2010
CLIMATE RECORD PERIOD 1894 TO 2017


WEATHER ITEM   OBSERVED TIME   RECORD YEAR NORMAL DEPARTURE LAST
                VALUE   (LST)  VALUE       VALUE  FROM      YEAR
                                                  NORMAL
..................................................................
TEMPERATURE (F)
 YESTERDAY
  MAXIMUM         80    230 PM  94    1963  74      6       85
  MINIMUM         64   1159 PM  35    1909  54     10       50
  AVERAGE         72                        64      8       68

PRECIPITATION (IN)
  YESTERDAY        0.24          1.21 1933   0.18   0.06     0.00
  MONTH TO DATE    1.63                      1.62   0.01     0.07
  SINCE MAR 1     14.67                      9.06   5.61     6.95
  SINCE JAN 1     16.82                     12.22   4.60     8.03

DEGREE DAYS
 HEATING
  YESTERDAY        0                         3     -3        0
  MONTH TO DATE   41                        39      2       48
  SINCE MAR 1    660                       869   -209      611
  SINCE JUL 1   3428                      4441  -1013     3576

 COOLING
  YESTERDAY        7                         2      5        3
  MONTH TO DATE   24                        18      6       13
  SINCE MAR 1     79                        49     30       37
  SINCE JAN 1     82                        49     33       37
..................................................................


WIND (MPH)
  HIGHEST WIND SPEED    21   HIGHEST WIND DIRECTION     S (200)
  HIGHEST GUST SPEED    36   HIGHEST GUST DIRECTION    SW (240)
  AVERAGE WIND SPEED    10.4


SKY COVER
  POSSIBLE SUNSHINE  MM
  AVERAGE SKY COVER 0.6


WEATHER CONDITIONS
 THE FOLLOWING WEATHER WAS RECORDED YESTERDAY.
  THUNDERSTORM
  HEAVY RAIN
  RAIN
  LIGHT RAIN
  FOG


RELATIVE HUMIDITY (PERCENT)
 HIGHEST    93           900 PM
 LOWEST     71           200 PM
 AVERAGE    82

..........................................................


THE CHANUTE KS CLIMATE NORMALS FOR TODAY
                         NORMAL    RECORD    YEAR
 MAXIMUM TEMPERATURE (F)   75        91      1963
 MINIMUM TEMPERATURE (F)   54        37      1952


SUNRISE AND SUNSET
MAY 11 2017...........SUNRISE   616 AM CDT   SUNSET   821 PM CDT
MAY 12 2017...........SUNRISE   615 AM CDT   SUNSET   822 PM CDT


-  INDICATES NEGATIVE NUMBERS.
R  INDICATES RECORD WAS SET OR TIED.
MM INDICATES DATA IS MISSING.
T  INDICATES TRACE AMOUNT.




$$
