209
CDUS43 KICT 070623
CLICNU

CLIMATE REPORT
NATIONAL WEATHER SERVICE WICHITA KS
1223 AM CST SUN JAN 7 2018


...................................

...THE CHANUTE KS CLIMATE SUMMARY FOR JANUARY 6 2018...

CLIMATE NORMAL PERIOD 1981 TO 2010
CLIMATE RECORD PERIOD 1894 TO 2018


WEATHER ITEM   OBSERVED TIME   RECORD YEAR NORMAL DEPARTURE LAST
                VALUE   (LST)  VALUE       VALUE  FROM      YEAR
                                                  NORMAL
..................................................................
TEMPERATURE (F)
 YESTERDAY
  MAXIMUM         40    430 PM  72    2008  42     -2       18
  MINIMUM         16    816 AM -10    2014  23     -7        6
                                      1912
  AVERAGE         28                        32     -4       12

PRECIPITATION (IN)
  YESTERDAY        0.00          0.37 1930   0.04  -0.04     0.00
  MONTH TO DATE    0.00                      0.24  -0.24     0.01
  SINCE DEC 1      0.24                      1.99  -1.75     0.79
  SINCE JAN 1      0.00                      0.24  -0.24     0.01

DEGREE DAYS
 HEATING
  YESTERDAY       37                        33      4       53
  MONTH TO DATE  272                       198     74      209
  SINCE DEC 1   1134                      1139     -5     1151
  SINCE JUL 1   1835                      1991   -156     1629

 COOLING
  YESTERDAY        0                         0      0        0
  MONTH TO DATE    0                         0      0        0
  SINCE DEC 1      0                         0      0        0
  SINCE JAN 1      0                         0      0        0
..................................................................


WIND (MPH)
  HIGHEST WIND SPEED    14   HIGHEST WIND DIRECTION    SE (130)
  HIGHEST GUST SPEED    19   HIGHEST GUST DIRECTION    NE (60)
  AVERAGE WIND SPEED    10.0


SKY COVER
  POSSIBLE SUNSHINE  MM
  AVERAGE SKY COVER 0.0


WEATHER CONDITIONS
 THE FOLLOWING WEATHER WAS RECORDED YESTERDAY.
  NO SIGNIFICANT WEATHER WAS OBSERVED.


RELATIVE HUMIDITY (PERCENT)
 HIGHEST    73           600 AM
 LOWEST     37           300 PM
 AVERAGE    55

..........................................................


THE CHANUTE KS CLIMATE NORMALS FOR TODAY
                         NORMAL    RECORD    YEAR
 MAXIMUM TEMPERATURE (F)   42        72      2008
 MINIMUM TEMPERATURE (F)   23       -12      1912


SUNRISE AND SUNSET
JANUARY  7 2018.......SUNRISE   737 AM CST   SUNSET   519 PM CST
JANUARY  8 2018.......SUNRISE   737 AM CST   SUNSET   520 PM CST


-  INDICATES NEGATIVE NUMBERS.
R  INDICATES RECORD WAS SET OR TIED.
MM INDICATES DATA IS MISSING.
T  INDICATES TRACE AMOUNT.




$$
