000
CDUS43 KICT 230628
CLICNU


CLIMATE REPORT
NATIONAL WEATHER SERVICE WICHITA KS
128 AM CDT FRI SEP 23 2016


...................................

...THE CHANUTE KS CLIMATE SUMMARY FOR SEPTEMBER 22 2016...

CLIMATE NORMAL PERIOD 1981 TO 2010
CLIMATE RECORD PERIOD 1894 TO 2016


WEATHER ITEM   OBSERVED TIME   RECORD YEAR NORMAL DEPARTURE LAST
                VALUE   (LST)  VALUE       VALUE  FROM      YEAR
                                                  NORMAL
..................................................................
TEMPERATURE (F)
 YESTERDAY
  MAXIMUM         89    340 PM  99    1956  78     11       85
  MINIMUM         67   1159 PM  33    1995  56     11       64
  AVERAGE         78                        67     11       75

PRECIPITATION (IN)
  YESTERDAY        0.00          2.89 1970   0.14  -0.14     0.00
  MONTH TO DATE    5.88                      2.56   3.32     1.29
  SINCE SEP 1      5.88                      2.56   3.32     1.29
  SINCE JAN 1     31.11                     33.05  -1.94    32.60

DEGREE DAYS
 HEATING
  YESTERDAY        0                         2     -2        0
  MONTH TO DATE    0                        19    -19        6
  SINCE SEP 1      0                        19    -19        6
  SINCE JUL 1      0                        20    -20        6

 COOLING
  YESTERDAY       13                         4      9       10
  MONTH TO DATE  232                       167     65      203
  SINCE SEP 1    232                       167     65      203
  SINCE JAN 1   1713                      1471    242     1522
..................................................................


WIND (MPH)
  HIGHEST WIND SPEED    18   HIGHEST WIND DIRECTION     S (200)
  HIGHEST GUST SPEED    23   HIGHEST GUST DIRECTION     S (200)
  AVERAGE WIND SPEED     8.8


SKY COVER
  POSSIBLE SUNSHINE  MM
  AVERAGE SKY COVER 0.0


WEATHER CONDITIONS
 THE FOLLOWING WEATHER WAS RECORDED YESTERDAY.
  NO SIGNIFICANT WEATHER WAS OBSERVED.


RELATIVE HUMIDITY (PERCENT)
 HIGHEST    93           200 AM
 LOWEST     47           300 PM
 AVERAGE    70

..........................................................


THE CHANUTE KS CLIMATE NORMALS FOR TODAY
                         NORMAL    RECORD    YEAR
 MAXIMUM TEMPERATURE (F)   78        96      1939
 MINIMUM TEMPERATURE (F)   55        33      1995


SUNRISE AND SUNSET
SEPTEMBER 23 2016.....SUNRISE   711 AM CDT   SUNSET   716 PM CDT
SEPTEMBER 24 2016.....SUNRISE   712 AM CDT   SUNSET   715 PM CDT


-  INDICATES NEGATIVE NUMBERS.
R  INDICATES RECORD WAS SET OR TIED.
MM INDICATES DATA IS MISSING.
T  INDICATES TRACE AMOUNT.




$$
