000
CDUS43 KICT 200742
CLICNU


CLIMATE REPORT
NATIONAL WEATHER SERVICE WICHITA KS
241 AM CDT SAT AUG 20 2016


...................................

...THE CHANUTE KS CLIMATE SUMMARY FOR AUGUST 19 2016...

CLIMATE NORMAL PERIOD 1981 TO 2010
CLIMATE RECORD PERIOD 1894 TO 2016


WEATHER ITEM   OBSERVED TIME   RECORD YEAR NORMAL DEPARTURE LAST
                VALUE   (LST)  VALUE       VALUE  FROM      YEAR
                                                  NORMAL
..................................................................
TEMPERATURE (F)
 YESTERDAY
  MAXIMUM         90    320 PM 105    1936  90      0       75
  MINIMUM         67   1140 PM  51    2001  68     -1       56
  AVERAGE         79                        79      0       66

PRECIPITATION (IN)
  YESTERDAY        2.31          2.53 2009   0.11   2.20     0.05
  MONTH TO DATE    4.54                      2.30   2.24     3.07
  SINCE JUN 1     12.23                     12.70  -0.47    10.24
  SINCE JAN 1     24.02                     29.10  -5.08    28.21

DEGREE DAYS
 HEATING
  YESTERDAY        0                         0      0        0
  MONTH TO DATE    0                         0      0        0
  SINCE JUN 1      0                         6     -6        0
  SINCE JUL 1      0                         0      0        0

 COOLING
  YESTERDAY       14                        14      0        1
  MONTH TO DATE  292                       279     13      249
  SINCE JUN 1   1227                      1020    207     1126
  SINCE JAN 1   1334                      1153    181     1235
..................................................................


WIND (MPH)
  HIGHEST WIND SPEED    24   HIGHEST WIND DIRECTION    NW (330)
  HIGHEST GUST SPEED    37   HIGHEST GUST DIRECTION     N (350)
  AVERAGE WIND SPEED     9.5


SKY COVER
  POSSIBLE SUNSHINE  MM
  AVERAGE SKY COVER 0.5


WEATHER CONDITIONS
 THE FOLLOWING WEATHER WAS RECORDED YESTERDAY.
  THUNDERSTORM
  HEAVY RAIN
  RAIN
  LIGHT RAIN
  FOG


RELATIVE HUMIDITY (PERCENT)
 HIGHEST   100           400 AM
 LOWEST     52           300 PM
 AVERAGE    76

..........................................................


THE CHANUTE KS CLIMATE NORMALS FOR TODAY
                         NORMAL    RECORD    YEAR
 MAXIMUM TEMPERATURE (F)   90       103      1962
 MINIMUM TEMPERATURE (F)   68        50      1940


SUNRISE AND SUNSET
AUGUST 20 2016........SUNRISE   642 AM CDT   SUNSET   807 PM CDT
AUGUST 21 2016........SUNRISE   643 AM CDT   SUNSET   806 PM CDT


-  INDICATES NEGATIVE NUMBERS.
R  INDICATES RECORD WAS SET OR TIED.
MM INDICATES DATA IS MISSING.
T  INDICATES TRACE AMOUNT.




$$
