000
CDUS43 KICT 050704
CLICNU


CLIMATE REPORT
NATIONAL WEATHER SERVICE WICHITA KS
103 AM CST MON DEC 5 2016


...................................

...THE CHANUTE KS CLIMATE SUMMARY FOR DECEMBER 4 2016...

CLIMATE NORMAL PERIOD 1981 TO 2010
CLIMATE RECORD PERIOD 1894 TO 2016


WEATHER ITEM   OBSERVED TIME   RECORD YEAR NORMAL DEPARTURE LAST
                VALUE   (LST)  VALUE       VALUE  FROM      YEAR
                                                  NORMAL
..................................................................
TEMPERATURE (F)
 YESTERDAY
  MAXIMUM         50    255 PM  73    1916  47      3       57
  MINIMUM         28   1138 PM   8    2006  28      0       25
  AVERAGE         39                        38      1       41

PRECIPITATION (IN)
  YESTERDAY        0.27          1.85 1973   0.07   0.20     0.00
  MONTH TO DATE    0.33                      0.28   0.05     0.00
  SINCE DEC 1      0.33                      0.28   0.05     0.00
  SINCE JAN 1     36.45                     40.60  -4.15    39.69

DEGREE DAYS
 HEATING
  YESTERDAY       26                        27     -1       24
  MONTH TO DATE   89                       107    -18      102
  SINCE DEC 1     89                       107    -18      102
  SINCE JUL 1    567                       959   -392      745

 COOLING
  YESTERDAY        0                         0      0        0
  MONTH TO DATE    0                         0      0        0
  SINCE DEC 1      0                         0      0        0
  SINCE JAN 1   1846                      1532    314     1612
..................................................................


WIND (MPH)
  HIGHEST WIND SPEED    14   HIGHEST WIND DIRECTION    NW (320)
  HIGHEST GUST SPEED    17   HIGHEST GUST DIRECTION    NW (320)
  AVERAGE WIND SPEED     5.1


SKY COVER
  POSSIBLE SUNSHINE  MM
  AVERAGE SKY COVER 0.7


WEATHER CONDITIONS
 THE FOLLOWING WEATHER WAS RECORDED YESTERDAY.
  RAIN
  LIGHT RAIN
  FOG
  FOG W/VISIBILITY <= 1/4 MILE


RELATIVE HUMIDITY (PERCENT)
 HIGHEST   100          1100 PM
 LOWEST     66           200 PM
 AVERAGE    83

..........................................................


THE CHANUTE KS CLIMATE NORMALS FOR TODAY
                         NORMAL    RECORD    YEAR
 MAXIMUM TEMPERATURE (F)   47        75      2001
 MINIMUM TEMPERATURE (F)   28         4      1950


SUNRISE AND SUNSET
DECEMBER  5 2016......SUNRISE   722 AM CST   SUNSET   503 PM CST
DECEMBER  6 2016......SUNRISE   723 AM CST   SUNSET   503 PM CST


-  INDICATES NEGATIVE NUMBERS.
R  INDICATES RECORD WAS SET OR TIED.
MM INDICATES DATA IS MISSING.
T  INDICATES TRACE AMOUNT.




$$
