000
CDUS43 KICT 060733
CLICNU

CLIMATE REPORT
NATIONAL WEATHER SERVICE WICHITA KS
231 AM CDT SUN APR 6 2014

...................................

...THE CHANUTE KS CLIMATE SUMMARY FOR APRIL 5 2014...

CLIMATE NORMAL PERIOD 1981 TO 2010
CLIMATE RECORD PERIOD 1894 TO 2014


WEATHER ITEM   OBSERVED TIME   RECORD YEAR NORMAL DEPARTURE LAST
                VALUE   (LST)  VALUE       VALUE  FROM      YEAR
                                                  NORMAL
..................................................................
TEMPERATURE (F)
 YESTERDAY
  MAXIMUM         62    426 PM  85    2000  65     -3       69
  MINIMUM         24    557 AM  18    1920  42    -18       34
  AVERAGE         43                        54    -11       52

PRECIPITATION (IN)
  YESTERDAY        0.00          1.69 1935   0.12  -0.12     0.00
  MONTH TO DATE    0.02                      0.60  -0.58     0.13
  SINCE MAR 1      0.99                      3.64  -2.65     2.12
  SINCE JAN 1      1.96                      6.80  -4.84     7.88

DEGREE DAYS
 HEATING
  YESTERDAY       22                        12     10       13
  MONTH TO DATE   72                        63      9       97
  SINCE MAR 1    758                       622    136      803
  SINCE JUL 1   4778                      4194    584     3895

 COOLING
  YESTERDAY        0                         1     -1        0
  MONTH TO DATE    0                         1     -1        0
  SINCE MAR 1      0                         5     -5        0
  SINCE JAN 1      0                         5     -5        1
..................................................................


WIND (MPH)
  HIGHEST WIND SPEED    14   HIGHEST WIND DIRECTION    SE (130)
  HIGHEST GUST SPEED    23   HIGHEST GUST DIRECTION    SE (150)
  AVERAGE WIND SPEED     7.7


SKY COVER
  POSSIBLE SUNSHINE  MM
  AVERAGE SKY COVER 0.0


WEATHER CONDITIONS
 THE FOLLOWING WEATHER WAS RECORDED YESTERDAY.
  NO SIGNIFICANT WEATHER WAS OBSERVED.


RELATIVE HUMIDITY (PERCENT)
 HIGHEST   100           700 AM
 LOWEST     27           300 PM
 AVERAGE    64

..........................................................


THE CHANUTE KS CLIMATE NORMALS FOR TODAY
                         NORMAL    RECORD    YEAR
 MAXIMUM TEMPERATURE (F)   65        85      1954
 MINIMUM TEMPERATURE (F)   43        21      1996


SUNRISE AND SUNSET
APRIL  6 2014.........SUNRISE   700 AM CDT   SUNSET   749 PM CDT
APRIL  7 2014.........SUNRISE   658 AM CDT   SUNSET   750 PM CDT


-  INDICATES NEGATIVE NUMBERS.
R  INDICATES RECORD WAS SET OR TIED.
MM INDICATES DATA IS MISSING.
T  INDICATES TRACE AMOUNT.

$$
