000
CDUS43 KICT 090636
CLICNU


CLIMATE REPORT
NATIONAL WEATHER SERVICE WICHITA KS
1235 AM CST MON JAN 9 2017


...................................

...THE CHANUTE KS CLIMATE SUMMARY FOR JANUARY 8 2017...

CLIMATE NORMAL PERIOD 1981 TO 2010
CLIMATE RECORD PERIOD 1894 TO 2017


WEATHER ITEM   OBSERVED TIME   RECORD YEAR NORMAL DEPARTURE LAST
                VALUE   (LST)  VALUE       VALUE  FROM      YEAR
                                                  NORMAL
..................................................................
TEMPERATURE (F)
 YESTERDAY
  MAXIMUM         42    256 PM  71    1939  42      0       47
  MINIMUM         13    137 AM  -9    1979  23    -10       36
  AVERAGE         28                        32     -4       42

PRECIPITATION (IN)
  YESTERDAY        0.00          0.91 1937   0.04  -0.04     0.03
  MONTH TO DATE    0.01                      0.32  -0.31     0.68
  SINCE DEC 1      0.79                      2.07  -1.28     4.23
  SINCE JAN 1      0.01                      0.32  -0.31     0.68

DEGREE DAYS
 HEATING
  YESTERDAY       37                        33      4       23
  MONTH TO DATE  289                       264     25      242
  SINCE DEC 1   1231                      1205     26      954
  SINCE JUL 1   1709                      2057   -348     1597

 COOLING
  YESTERDAY        0                         0      0        0
  MONTH TO DATE    0                         0      0        0
  SINCE DEC 1      0                         0      0        0
  SINCE JAN 1      0                         0      0        0
..................................................................


WIND (MPH)
  HIGHEST WIND SPEED    29   HIGHEST WIND DIRECTION     S (170)
  HIGHEST GUST SPEED    34   HIGHEST GUST DIRECTION     S (180)
  AVERAGE WIND SPEED    13.3


SKY COVER
  POSSIBLE SUNSHINE  MM
  AVERAGE SKY COVER 0.0


WEATHER CONDITIONS
 THE FOLLOWING WEATHER WAS RECORDED YESTERDAY.
  NO SIGNIFICANT WEATHER WAS OBSERVED.


RELATIVE HUMIDITY (PERCENT)
 HIGHEST    80           200 AM
 LOWEST     22           300 PM
 AVERAGE    51

..........................................................


THE CHANUTE KS CLIMATE NORMALS FOR TODAY
                         NORMAL    RECORD    YEAR
 MAXIMUM TEMPERATURE (F)   42        71      1902
 MINIMUM TEMPERATURE (F)   23       -10      2010


SUNRISE AND SUNSET
JANUARY  9 2017.......SUNRISE   737 AM CST   SUNSET   522 PM CST
JANUARY 10 2017.......SUNRISE   737 AM CST   SUNSET   523 PM CST


-  INDICATES NEGATIVE NUMBERS.
R  INDICATES RECORD WAS SET OR TIED.
MM INDICATES DATA IS MISSING.
T  INDICATES TRACE AMOUNT.




$$
