000
CDUS43 KICT 250624
CLICNU


CLIMATE REPORT
NATIONAL WEATHER SERVICE WICHITA KS
124 AM CDT SAT JUL 25 2015


...................................

...THE CHANUTE KS CLIMATE SUMMARY FOR JULY 24 2015...

CLIMATE NORMAL PERIOD 1981 TO 2010
CLIMATE RECORD PERIOD 1894 TO 2015


WEATHER ITEM   OBSERVED TIME   RECORD YEAR NORMAL DEPARTURE LAST
                VALUE   (LST)  VALUE       VALUE  FROM      YEAR
                                                  NORMAL
..................................................................
TEMPERATURE (F)
 YESTERDAY
  MAXIMUM         97    324 PM 111    1934  90      7       87
  MINIMUM         75    546 AM  53    2003  69      6       67
  AVERAGE         86                        80      6       77

PRECIPITATION (IN)
  YESTERDAY        0.00          2.02 1968   0.13  -0.13     0.00
  MONTH TO DATE    4.80                      3.54   1.26     1.52
  SINCE JUN 1      7.17                      9.57  -2.40     9.57
  SINCE JAN 1     25.14                     25.97  -0.83    19.03

DEGREE DAYS
 HEATING
  YESTERDAY        0                         0      0        0
  MONTH TO DATE    0                         0      0        1
  SINCE JUN 1      0                         6     -6        1
  SINCE JUL 1      0                         0      0        1

 COOLING
  YESTERDAY       21                        15      6       12
  MONTH TO DATE  362                       347     15      239
  SINCE JUN 1    753                       639    114      537
  SINCE JAN 1    862                       772     90      729
..................................................................


WIND (MPH)
  HIGHEST WIND SPEED    15   HIGHEST WIND DIRECTION    SW (210)
  HIGHEST GUST SPEED    22   HIGHEST GUST DIRECTION     S (190)
  AVERAGE WIND SPEED     7.6


SKY COVER
  POSSIBLE SUNSHINE  MM
  AVERAGE SKY COVER 0.0


WEATHER CONDITIONS
 THE FOLLOWING WEATHER WAS RECORDED YESTERDAY.
  FOG


RELATIVE HUMIDITY (PERCENT)
 HIGHEST    94          1200 AM
 LOWEST     55           300 PM
 AVERAGE    75

..........................................................


THE CHANUTE KS CLIMATE NORMALS FOR TODAY
                         NORMAL    RECORD    YEAR
 MAXIMUM TEMPERATURE (F)   90       107      1934
 MINIMUM TEMPERATURE (F)   69        50      1911


SUNRISE AND SUNSET
JULY 25 2015..........SUNRISE   620 AM CDT   SUNSET   837 PM CDT
JULY 26 2015..........SUNRISE   621 AM CDT   SUNSET   836 PM CDT


-  INDICATES NEGATIVE NUMBERS.
R  INDICATES RECORD WAS SET OR TIED.
MM INDICATES DATA IS MISSING.
T  INDICATES TRACE AMOUNT.




$$
