000
CDUS43 KICT 210631
CLICNU


CLIMATE REPORT
NATIONAL WEATHER SERVICE WICHITA KS
130 AM CDT THU MAY 21 2015


...................................

...THE CHANUTE KS CLIMATE SUMMARY FOR MAY 20 2015...

CLIMATE NORMAL PERIOD 1981 TO 2010
CLIMATE RECORD PERIOD 1894 TO 2015


WEATHER ITEM   OBSERVED TIME   RECORD YEAR NORMAL DEPARTURE LAST
                VALUE   (LST)  VALUE       VALUE  FROM      YEAR
                                                  NORMAL
..................................................................
TEMPERATURE (F)
 YESTERDAY
  MAXIMUM         57    143 PM  94    1956  77    -20       86
  MINIMUM         51   1159 PM  41    1981  57     -6       67
  AVERAGE         54                        67    -13       77

PRECIPITATION (IN)
  YESTERDAY        0.79          1.78 2013   0.20   0.59     0.00
  MONTH TO DATE    6.57                      3.49   3.08     1.18
  SINCE MAR 1     11.65                     10.93   0.72     4.15
  SINCE JAN 1     12.96                     14.09  -1.13     5.12

DEGREE DAYS
 HEATING
  YESTERDAY       11                         2      9        0
  MONTH TO DATE   54                        63     -9       97
  SINCE MAR 1    736                       893   -157     1070
  SINCE JUL 1   4426                      4465    -39     5090

 COOLING
  YESTERDAY        0                         4     -4       12
  MONTH TO DATE   62                        49     13       83
  SINCE MAR 1     84                        80      4       99
  SINCE JAN 1     84                        80      4       99
..................................................................


WIND (MPH)
  HIGHEST WIND SPEED    21   HIGHEST WIND DIRECTION    NW (310)
  HIGHEST GUST SPEED    26   HIGHEST GUST DIRECTION    NW (300)
  AVERAGE WIND SPEED    11.0


SKY COVER
  POSSIBLE SUNSHINE  MM
  AVERAGE SKY COVER 1.0


WEATHER CONDITIONS
 THE FOLLOWING WEATHER WAS RECORDED YESTERDAY.
  HEAVY RAIN
  RAIN
  LIGHT RAIN
  FOG


RELATIVE HUMIDITY (PERCENT)
 HIGHEST   100           400 AM
 LOWEST     83          1200 PM
 AVERAGE    92

..........................................................


THE CHANUTE KS CLIMATE NORMALS FOR TODAY
                         NORMAL    RECORD    YEAR
 MAXIMUM TEMPERATURE (F)   77        94      1956
 MINIMUM TEMPERATURE (F)   57        37      1968


SUNRISE AND SUNSET
MAY 21 2015...........SUNRISE   608 AM CDT   SUNSET   830 PM CDT
MAY 22 2015...........SUNRISE   607 AM CDT   SUNSET   830 PM CDT


-  INDICATES NEGATIVE NUMBERS.
R  INDICATES RECORD WAS SET OR TIED.
MM INDICATES DATA IS MISSING.
T  INDICATES TRACE AMOUNT.




$$
