000
CDUS43 KICT 170625
CLICNU


CLIMATE REPORT
NATIONAL WEATHER SERVICE WICHITA KS
124 AM CDT SUN JUL 17 2016


...................................

...THE CHANUTE KS CLIMATE SUMMARY FOR JULY 16 2016...

CLIMATE NORMAL PERIOD 1981 TO 2010
CLIMATE RECORD PERIOD 1894 TO 2016


WEATHER ITEM   OBSERVED TIME   RECORD YEAR NORMAL DEPARTURE LAST
                VALUE   (LST)  VALUE       VALUE  FROM      YEAR
                                                  NORMAL
..................................................................
TEMPERATURE (F)
 YESTERDAY
  MAXIMUM         89    428 PM 113    1936  90     -1       93
  MINIMUM         69    513 AM  51    2014  69      0       73
  AVERAGE         79                        80     -1       83

PRECIPITATION (IN)
  YESTERDAY        0.00          2.08 1992   0.15  -0.15     0.00
  MONTH TO DATE    1.56                      2.45  -0.89     4.19
  SINCE JUN 1      4.76                      8.48  -3.72     6.56
  SINCE JAN 1     16.55                     24.88  -8.33    24.53

DEGREE DAYS
 HEATING
  YESTERDAY        0                         0      0        0
  MONTH TO DATE    0                         0      0        0
  SINCE JUN 1      0                         6     -6        0
  SINCE JUL 1      0                         0      0        0

 COOLING
  YESTERDAY       14                        15     -1       18
  MONTH TO DATE  233                       227      6      219
  SINCE JUN 1    667                       519    148      610
  SINCE JAN 1    774                       652    122      719
..................................................................


WIND (MPH)
  HIGHEST WIND SPEED    14   HIGHEST WIND DIRECTION     S (170)
  HIGHEST GUST SPEED    19   HIGHEST GUST DIRECTION     S (170)
  AVERAGE WIND SPEED     7.1


SKY COVER
  POSSIBLE SUNSHINE  MM
  AVERAGE SKY COVER 0.1


WEATHER CONDITIONS
 THE FOLLOWING WEATHER WAS RECORDED YESTERDAY.
  NO SIGNIFICANT WEATHER WAS OBSERVED.


RELATIVE HUMIDITY (PERCENT)
 HIGHEST    97           500 AM
 LOWEST     57          1200 PM
 AVERAGE    77

..........................................................


THE CHANUTE KS CLIMATE NORMALS FOR TODAY
                         NORMAL    RECORD    YEAR
 MAXIMUM TEMPERATURE (F)   90       111      1980
 MINIMUM TEMPERATURE (F)   69        56      1967


SUNRISE AND SUNSET
JULY 17 2016..........SUNRISE   614 AM CDT   SUNSET   842 PM CDT
JULY 18 2016..........SUNRISE   615 AM CDT   SUNSET   841 PM CDT


-  INDICATES NEGATIVE NUMBERS.
R  INDICATES RECORD WAS SET OR TIED.
MM INDICATES DATA IS MISSING.
T  INDICATES TRACE AMOUNT.




$$
