000
CDUS43 KICT 100630
CLICNU


CLIMATE REPORT
NATIONAL WEATHER SERVICE WICHITA KS
130 AM CDT SUN SEP 10 2017


...................................

...THE CHANUTE KS CLIMATE SUMMARY FOR SEPTEMBER 9 2017...

CLIMATE NORMAL PERIOD 1981 TO 2010
CLIMATE RECORD PERIOD 1894 TO 2017


WEATHER ITEM   OBSERVED TIME   RECORD YEAR NORMAL DEPARTURE LAST
                VALUE   (LST)  VALUE       VALUE  FROM      YEAR
                                                  NORMAL
..................................................................
TEMPERATURE (F)
 YESTERDAY
  MAXIMUM         84    402 PM 103    1925  84      0       88
  MINIMUM         55    455 AM  44    1898  62     -7       67
  AVERAGE         70                        73     -3       78

PRECIPITATION (IN)
  YESTERDAY        0.00          3.34 1951   0.11  -0.11     2.78
  MONTH TO DATE    0.00                      1.00  -1.00     4.08
  SINCE SEP 1      0.00                      1.00  -1.00     4.08
  SINCE JAN 1     36.64                     31.49   5.15    29.31

DEGREE DAYS
 HEATING
  YESTERDAY        0                         0      0        0
  MONTH TO DATE    3                         0      3        0
  SINCE SEP 1      3                         0      3        0
  SINCE JUL 1      3                         1      2        0

 COOLING
  YESTERDAY        5                         8     -3       13
  MONTH TO DATE   58                        87    -29      110
  SINCE SEP 1     58                        87    -29      110
  SINCE JAN 1   1365                      1391    -26     1591
..................................................................


WIND (MPH)
  HIGHEST WIND SPEED    14   HIGHEST WIND DIRECTION     S (160)
  HIGHEST GUST SPEED    17   HIGHEST GUST DIRECTION    SE (130)
  AVERAGE WIND SPEED     6.0


SKY COVER
  POSSIBLE SUNSHINE  MM
  AVERAGE SKY COVER 0.0


WEATHER CONDITIONS
 THE FOLLOWING WEATHER WAS RECORDED YESTERDAY.
  HAZE


RELATIVE HUMIDITY (PERCENT)
 HIGHEST    93           400 AM
 LOWEST     40           400 PM
 AVERAGE    67

..........................................................


THE CHANUTE KS CLIMATE NORMALS FOR TODAY
                         NORMAL    RECORD    YEAR
 MAXIMUM TEMPERATURE (F)   84       103      1936
 MINIMUM TEMPERATURE (F)   61        43      1976


SUNRISE AND SUNSET
SEPTEMBER 10 2017.....SUNRISE   700 AM CDT   SUNSET   737 PM CDT
SEPTEMBER 11 2017.....SUNRISE   701 AM CDT   SUNSET   735 PM CDT


-  INDICATES NEGATIVE NUMBERS.
R  INDICATES RECORD WAS SET OR TIED.
MM INDICATES DATA IS MISSING.
T  INDICATES TRACE AMOUNT.




$$
