000
CDUS43 KICT 230626
CLICNU


CLIMATE REPORT
NATIONAL WEATHER SERVICE WICHITA KS
126 AM CDT THU JUL 23 2015


...................................

...THE CHANUTE KS CLIMATE SUMMARY FOR JULY 22 2015...

CLIMATE NORMAL PERIOD 1981 TO 2010
CLIMATE RECORD PERIOD 1894 TO 2015


WEATHER ITEM   OBSERVED TIME   RECORD YEAR NORMAL DEPARTURE LAST
                VALUE   (LST)  VALUE       VALUE  FROM      YEAR
                                                  NORMAL
..................................................................
TEMPERATURE (F)
 YESTERDAY
  MAXIMUM         86    529 PM 109    1954  90     -4       97
  MINIMUM         70    255 AM  51    1970  70      0       73
  AVERAGE         78                        80     -2       85

PRECIPITATION (IN)
  YESTERDAY        0.00          3.20 1957   0.13  -0.13     0.00
  MONTH TO DATE    4.67                      3.28   1.39     0.86
  SINCE JUN 1      7.04                      9.31  -2.27     8.91
  SINCE JAN 1     25.01                     25.71  -0.70    18.37

DEGREE DAYS
 HEATING
  YESTERDAY        0                         0      0        0
  MONTH TO DATE    0                         0      0        1
  SINCE JUN 1      0                         6     -6        1
  SINCE JUL 1      0                         0      0        1

 COOLING
  YESTERDAY       13                        15     -2       20
  MONTH TO DATE  323                       317      6      213
  SINCE JUN 1    714                       609    105      511
  SINCE JAN 1    823                       742     81      703
..................................................................


WIND (MPH)
  HIGHEST WIND SPEED     9   HIGHEST WIND DIRECTION    SE (130)
  HIGHEST GUST SPEED    16   HIGHEST GUST DIRECTION    SE (150)
  AVERAGE WIND SPEED     5.5


SKY COVER
  POSSIBLE SUNSHINE  MM
  AVERAGE SKY COVER 0.7


WEATHER CONDITIONS
 THE FOLLOWING WEATHER WAS RECORDED YESTERDAY.
  NO SIGNIFICANT WEATHER WAS OBSERVED.


RELATIVE HUMIDITY (PERCENT)
 HIGHEST    88          1000 PM
 LOWEST     61           500 PM
 AVERAGE    75

..........................................................


THE CHANUTE KS CLIMATE NORMALS FOR TODAY
                         NORMAL    RECORD    YEAR
 MAXIMUM TEMPERATURE (F)   90       110      1936
 MINIMUM TEMPERATURE (F)   69        53      1947


SUNRISE AND SUNSET
JULY 23 2015..........SUNRISE   618 AM CDT   SUNSET   838 PM CDT
JULY 24 2015..........SUNRISE   619 AM CDT   SUNSET   837 PM CDT


-  INDICATES NEGATIVE NUMBERS.
R  INDICATES RECORD WAS SET OR TIED.
MM INDICATES DATA IS MISSING.
T  INDICATES TRACE AMOUNT.




$$
