793
CDUS43 KICT 110631
CLICNU


CLIMATE REPORT
NATIONAL WEATHER SERVICE WICHITA KS
130 AM CDT FRI AUG 11 2017


...................................

...THE CHANUTE KS CLIMATE SUMMARY FOR AUGUST 10 2017...

CLIMATE NORMAL PERIOD 1981 TO 2010
CLIMATE RECORD PERIOD 1894 TO 2017


WEATHER ITEM   OBSERVED TIME   RECORD YEAR NORMAL DEPARTURE LAST
                VALUE   (LST)  VALUE       VALUE  FROM      YEAR
                                                  NORMAL
..................................................................
TEMPERATURE (F)
 YESTERDAY
  MAXIMUM         88    433 PM 111    1936  91     -3       94
  MINIMUM         66    533 AM  54    1917  69     -3       73
  AVERAGE         77                        80     -3       84

PRECIPITATION (IN)
  YESTERDAY        2.48R         1.55 1977   0.11   2.37     0.00
  MONTH TO DATE    7.54                      1.15   6.39     2.20
  SINCE JUN 1     11.77                     11.55   0.22     9.89
  SINCE JAN 1     32.85                     27.95   4.90    21.68

DEGREE DAYS
 HEATING
  YESTERDAY        0                         0      0        0
  MONTH TO DATE    0                         0      0        0
  SINCE JUN 1      0                         6     -6        0
  SINCE JUL 1      0                         0      0        0

 COOLING
  YESTERDAY       12                        15     -3       19
  MONTH TO DATE  100                       150    -50      173
  SINCE JUN 1    921                       891     30     1108
  SINCE JAN 1   1088                      1024     64     1215
..................................................................


WIND (MPH)
  HIGHEST WIND SPEED    28   HIGHEST WIND DIRECTION     N (360)
  HIGHEST GUST SPEED    41   HIGHEST GUST DIRECTION     N (350)
  AVERAGE WIND SPEED     4.4


SKY COVER
  POSSIBLE SUNSHINE  MM
  AVERAGE SKY COVER 0.2


WEATHER CONDITIONS
 THE FOLLOWING WEATHER WAS RECORDED YESTERDAY.
  THUNDERSTORM
  HEAVY RAIN
  RAIN
  LIGHT RAIN
  FOG
  FOG W/VISIBILITY <= 1/4 MILE
  HAZE


RELATIVE HUMIDITY (PERCENT)
 HIGHEST   100           500 AM
 LOWEST     55           300 PM
 AVERAGE    78

..........................................................


THE CHANUTE KS CLIMATE NORMALS FOR TODAY
                         NORMAL    RECORD    YEAR
 MAXIMUM TEMPERATURE (F)   91       107      1936
 MINIMUM TEMPERATURE (F)   69        53      2012


SUNRISE AND SUNSET
AUGUST 11 2017........SUNRISE   634 AM CDT   SUNSET   819 PM CDT
AUGUST 12 2017........SUNRISE   635 AM CDT   SUNSET   818 PM CDT


-  INDICATES NEGATIVE NUMBERS.
R  INDICATES RECORD WAS SET OR TIED.
MM INDICATES DATA IS MISSING.
T  INDICATES TRACE AMOUNT.




$$
