000
CDUS43 KICT 200618
CLICNU


CLIMATE REPORT
NATIONAL WEATHER SERVICE WICHITA KS
118 AM CDT SUN JUL 20 2014


...................................

...THE CHANUTE KS CLIMATE SUMMARY FOR JULY 19 2014...

CLIMATE NORMAL PERIOD 1981 TO 2010
CLIMATE RECORD PERIOD 1894 TO 2014


WEATHER ITEM   OBSERVED TIME   RECORD YEAR NORMAL DEPARTURE LAST
                VALUE   (LST)  VALUE       VALUE  FROM      YEAR
                                                  NORMAL
..................................................................
TEMPERATURE (F)
 YESTERDAY
  MAXIMUM         79        MM 110    1936  90    -11       98
  MINIMUM         57        MM  53    2009  70    -13       68
  AVERAGE         68                        80    -12       83

PRECIPITATION (IN)
  YESTERDAY        0.00          1.62 1896   0.14  -0.14     0.00
  MONTH TO DATE    0.86                      2.88  -2.02     0.49
  SINCE JUN 1      8.91                      8.91   0.00     4.61
  SINCE JAN 1     18.37                     25.31  -6.94    23.17

DEGREE DAYS
 HEATING
  YESTERDAY        0                         0      0        0
  MONTH TO DATE    1                         0      1        0
  SINCE JUN 1      1                         6     -5       10
  SINCE JUL 1      1                         0      1        0

 COOLING
  YESTERDAY        3                        15    -12       18
  MONTH TO DATE  169                       272   -103      280
  SINCE JUN 1    467                       564    -97      594
  SINCE JAN 1    659                       697    -38      717
..................................................................


WIND (MPH)
  HIGHEST WIND SPEED     9   HIGHEST WIND DIRECTION     S (190)
  HIGHEST GUST SPEED    MM   HIGHEST GUST DIRECTION    MM
  AVERAGE WIND SPEED     6.3


SKY COVER
  POSSIBLE SUNSHINE  MM
  AVERAGE SKY COVER 0.3


WEATHER CONDITIONS
 THE FOLLOWING WEATHER WAS RECORDED YESTERDAY.
  FOG


RELATIVE HUMIDITY (PERCENT)
 HIGHEST   100           500 AM
 LOWEST     54           500 PM
 AVERAGE    77

..........................................................


THE CHANUTE KS CLIMATE NORMALS FOR TODAY
                         NORMAL    RECORD    YEAR
 MAXIMUM TEMPERATURE (F)   90       108      1934
 MINIMUM TEMPERATURE (F)   70        52      1971


SUNRISE AND SUNSET
JULY 20 2014..........SUNRISE   616 AM CDT   SUNSET   840 PM CDT
JULY 21 2014..........SUNRISE   617 AM CDT   SUNSET   839 PM CDT


-  INDICATES NEGATIVE NUMBERS.
R  INDICATES RECORD WAS SET OR TIED.
MM INDICATES DATA IS MISSING.
T  INDICATES TRACE AMOUNT.




$$
