000
CDUS43 KICT 160628
CLICNU


CLIMATE REPORT
NATIONAL WEATHER SERVICE WICHITA KS
128 AM CDT WED JUL 16 2014


...................................

...THE CHANUTE KS CLIMATE SUMMARY FOR JULY 15 2014...

CLIMATE NORMAL PERIOD 1981 TO 2010
CLIMATE RECORD PERIOD 1894 TO 2014


WEATHER ITEM   OBSERVED TIME   RECORD YEAR NORMAL DEPARTURE LAST
                VALUE   (LST)  VALUE       VALUE  FROM      YEAR
                                                  NORMAL
..................................................................
TEMPERATURE (F)
 YESTERDAY
  MAXIMUM         78    441 PM 115    1936  90    -12       91
  MINIMUM         54    538 AM  52    1930  69    -15       69
  AVERAGE         66                        80    -14       80

PRECIPITATION (IN)
  YESTERDAY        0.00          2.36 1919   0.14  -0.14     0.13
  MONTH TO DATE    0.79                      2.30  -1.51     0.13
  SINCE JUN 1      8.84                      8.33   0.51     4.25
  SINCE JAN 1     18.30                     24.73  -6.43    22.81

DEGREE DAYS
 HEATING
  YESTERDAY        0                         0      0        0
  MONTH TO DATE    0                         0      0        0
  SINCE JUN 1      0                         6     -6       10
  SINCE JUL 1      0                         0      0        0

 COOLING
  YESTERDAY        1                        15    -14       15
  MONTH TO DATE  159                       212    -53      213
  SINCE JUN 1    457                       504    -47      527
  SINCE JAN 1    649                       637     12      650
..................................................................


WIND (MPH)
  HIGHEST WIND SPEED    15   HIGHEST WIND DIRECTION    NW (320)
  HIGHEST GUST SPEED    25   HIGHEST GUST DIRECTION    NE (40)
  AVERAGE WIND SPEED     5.9


SKY COVER
  POSSIBLE SUNSHINE  MM
  AVERAGE SKY COVER 0.1


WEATHER CONDITIONS
 THE FOLLOWING WEATHER WAS RECORDED YESTERDAY.
  NO SIGNIFICANT WEATHER WAS OBSERVED.


RELATIVE HUMIDITY (PERCENT)
 HIGHEST    86           400 AM
 LOWEST     39           500 PM
 AVERAGE    63

..........................................................


THE CHANUTE KS CLIMATE NORMALS FOR TODAY
                         NORMAL    RECORD    YEAR
 MAXIMUM TEMPERATURE (F)   90       113      1936
 MINIMUM TEMPERATURE (F)   69        57      1967


SUNRISE AND SUNSET
JULY 16 2014..........SUNRISE   613 AM CDT   SUNSET   843 PM CDT
JULY 17 2014..........SUNRISE   614 AM CDT   SUNSET   842 PM CDT


-  INDICATES NEGATIVE NUMBERS.
R  INDICATES RECORD WAS SET OR TIED.
MM INDICATES DATA IS MISSING.
T  INDICATES TRACE AMOUNT.




$$
