000
CDUS43 KICT 190630
CLICNU


CLIMATE REPORT
NATIONAL WEATHER SERVICE WICHITA KS
130 AM CDT TUE MAY 19 2015


...................................

...THE CHANUTE KS CLIMATE SUMMARY FOR MAY 18 2015...

CLIMATE NORMAL PERIOD 1981 TO 2010
CLIMATE RECORD PERIOD 1894 TO 2015


WEATHER ITEM   OBSERVED TIME   RECORD YEAR NORMAL DEPARTURE LAST
                VALUE   (LST)  VALUE       VALUE  FROM      YEAR
                                                  NORMAL
..................................................................
TEMPERATURE (F)
 YESTERDAY
  MAXIMUM         74    251 PM  91    1956  76     -2       75
  MINIMUM         56   1159 PM  40    2002  56      0       43
  AVERAGE         65                        66     -1       59

PRECIPITATION (IN)
  YESTERDAY        0.00          3.14 1940   0.20  -0.20     0.00
  MONTH TO DATE    5.68                      3.09   2.59     1.18
  SINCE MAR 1     10.76                     10.53   0.23     4.15
  SINCE JAN 1     12.07                     13.69  -1.62     5.12

DEGREE DAYS
 HEATING
  YESTERDAY        0                         2     -2        6
  MONTH TO DATE   35                        59    -24       97
  SINCE MAR 1    717                       889   -172     1070
  SINCE JUL 1   4407                      4461    -54     5090

 COOLING
  YESTERDAY        0                         3     -3        0
  MONTH TO DATE   62                        41     21       65
  SINCE MAR 1     84                        72     12       81
  SINCE JAN 1     84                        72     12       81
..................................................................


WIND (MPH)
  HIGHEST WIND SPEED    17   HIGHEST WIND DIRECTION     N (360)
  HIGHEST GUST SPEED    23   HIGHEST GUST DIRECTION     N (360)
  AVERAGE WIND SPEED    10.6


SKY COVER
  POSSIBLE SUNSHINE  MM
  AVERAGE SKY COVER 0.2


WEATHER CONDITIONS
 THE FOLLOWING WEATHER WAS RECORDED YESTERDAY.
  FOG
  FOG W/VISIBILITY <= 1/4 MILE


RELATIVE HUMIDITY (PERCENT)
 HIGHEST   100           200 AM
 LOWEST     57           300 PM
 AVERAGE    79

..........................................................


THE CHANUTE KS CLIMATE NORMALS FOR TODAY
                         NORMAL    RECORD    YEAR
 MAXIMUM TEMPERATURE (F)   77        94      1911
 MINIMUM TEMPERATURE (F)   57        41      1968


SUNRISE AND SUNSET
MAY 19 2015...........SUNRISE   609 AM CDT   SUNSET   828 PM CDT
MAY 20 2015...........SUNRISE   609 AM CDT   SUNSET   829 PM CDT


-  INDICATES NEGATIVE NUMBERS.
R  INDICATES RECORD WAS SET OR TIED.
MM INDICATES DATA IS MISSING.
T  INDICATES TRACE AMOUNT.




$$
