000
CDUS43 KICT 200640
CLICNU


CLIMATE REPORT
NATIONAL WEATHER SERVICE WICHITA KS
1238 AM CST TUE JAN 20 2015


...................................

...THE CHANUTE KS CLIMATE SUMMARY FOR JANUARY 19 2015...

CLIMATE NORMAL PERIOD 1981 TO 2010
CLIMATE RECORD PERIOD 1894 TO 2015


WEATHER ITEM   OBSERVED TIME   RECORD YEAR NORMAL DEPARTURE LAST
                VALUE   (LST)  VALUE       VALUE  FROM      YEAR
                                                  NORMAL
..................................................................
TEMPERATURE (F)
 YESTERDAY
  MAXIMUM         69    421 PM  70    1951  42     27       63
  MINIMUM         27    651 AM -16    1943  23      4       19
  AVERAGE         48                        32     16       41

PRECIPITATION (IN)
  YESTERDAY        0.00          1.27 1990   0.04  -0.04     0.00
  MONTH TO DATE    0.20                      0.74  -0.54     0.11
  SINCE DEC 1      2.57                      2.49   0.08     0.27
  SINCE JAN 1      0.20                      0.74  -0.54     0.11

DEGREE DAYS
 HEATING
  YESTERDAY       17                        33    -16       24
  MONTH TO DATE  671                       627     44      643
  SINCE DEC 1   1506                      1568    -62     1676
  SINCE JUL 1   2448                      2420     28     2596

 COOLING
  YESTERDAY        0                         0      0        0
  MONTH TO DATE    0                         0      0        0
  SINCE DEC 1      0                         0      0        0
  SINCE JAN 1      0                         0      0        0
..................................................................


WIND (MPH)
  HIGHEST WIND SPEED    16   HIGHEST WIND DIRECTION    SW (240)
  HIGHEST GUST SPEED    20   HIGHEST GUST DIRECTION    NW (300)
  AVERAGE WIND SPEED     5.6


SKY COVER
  POSSIBLE SUNSHINE  MM
  AVERAGE SKY COVER 0.0


WEATHER CONDITIONS
 THE FOLLOWING WEATHER WAS RECORDED YESTERDAY.
  NO SIGNIFICANT WEATHER WAS OBSERVED.


RELATIVE HUMIDITY (PERCENT)
 HIGHEST    85           700 AM
 LOWEST     18           400 PM
 AVERAGE    52

..........................................................


THE CHANUTE KS CLIMATE NORMALS FOR TODAY
                         NORMAL    RECORD    YEAR
 MAXIMUM TEMPERATURE (F)   42        71      1986
 MINIMUM TEMPERATURE (F)   23       -10      1985


SUNRISE AND SUNSET
JANUARY 20 2015.......SUNRISE   734 AM CST   SUNSET   532 PM CST
JANUARY 21 2015.......SUNRISE   733 AM CST   SUNSET   533 PM CST


-  INDICATES NEGATIVE NUMBERS.
R  INDICATES RECORD WAS SET OR TIED.
MM INDICATES DATA IS MISSING.
T  INDICATES TRACE AMOUNT.




$$
