766
CDUS43 KICT 100656
CLICNU


CLIMATE REPORT
NATIONAL WEATHER SERVICE WICHITA KS
156 AM CDT THU AUG 10 2017


...................................

...THE CHANUTE KS CLIMATE SUMMARY FOR AUGUST 9 2017...

CLIMATE NORMAL PERIOD 1981 TO 2010
CLIMATE RECORD PERIOD 1894 TO 2017


WEATHER ITEM   OBSERVED TIME   RECORD YEAR NORMAL DEPARTURE LAST
                VALUE   (LST)  VALUE       VALUE  FROM      YEAR
                                                  NORMAL
..................................................................
TEMPERATURE (F)
 YESTERDAY
  MAXIMUM         86    227 PM 113    1936  91     -5       94
  MINIMUM         66    638 AM  53    1989  69     -3       73
  AVERAGE         76                        80     -4       84

PRECIPITATION (IN)
  YESTERDAY        0.49          3.20 2008   0.12   0.37     0.00
  MONTH TO DATE    5.06                      1.04   4.02     2.20
  SINCE JUN 1      9.29                     11.44  -2.15     9.89
  SINCE JAN 1     30.37                     27.84   2.53    21.68

DEGREE DAYS
 HEATING
  YESTERDAY        0                         0      0        0
  MONTH TO DATE    0                         0      0        0
  SINCE JUN 1      0                         6     -6        0
  SINCE JUL 1      0                         0      0        0

 COOLING
  YESTERDAY       11                        15     -4       19
  MONTH TO DATE   88                       135    -47      154
  SINCE JUN 1    909                       876     33     1089
  SINCE JAN 1   1076                      1009     67     1196
..................................................................


WIND (MPH)
  HIGHEST WIND SPEED    18   HIGHEST WIND DIRECTION    SW (210)
  HIGHEST GUST SPEED    23   HIGHEST GUST DIRECTION    SW (210)
  AVERAGE WIND SPEED     6.3


SKY COVER
  POSSIBLE SUNSHINE  MM
  AVERAGE SKY COVER 0.4


WEATHER CONDITIONS
 THE FOLLOWING WEATHER WAS RECORDED YESTERDAY.
  THUNDERSTORM
  HEAVY RAIN
  RAIN
  LIGHT RAIN
  FOG


RELATIVE HUMIDITY (PERCENT)
 HIGHEST    93           800 PM
 LOWEST     55           300 PM
 AVERAGE    74

..........................................................


THE CHANUTE KS CLIMATE NORMALS FOR TODAY
                         NORMAL    RECORD    YEAR
 MAXIMUM TEMPERATURE (F)   91       111      1936
 MINIMUM TEMPERATURE (F)   69        54      1917


SUNRISE AND SUNSET
AUGUST 10 2017........SUNRISE   634 AM CDT   SUNSET   820 PM CDT
AUGUST 11 2017........SUNRISE   634 AM CDT   SUNSET   819 PM CDT


-  INDICATES NEGATIVE NUMBERS.
R  INDICATES RECORD WAS SET OR TIED.
MM INDICATES DATA IS MISSING.
T  INDICATES TRACE AMOUNT.




$$
