000
CDUS43 KICT 190642
CLICNU


CLIMATE REPORT
NATIONAL WEATHER SERVICE WICHITA KS
142 AM CDT WED APR 19 2017


...................................

...THE CHANUTE KS CLIMATE SUMMARY FOR APRIL 18 2017...

CLIMATE NORMAL PERIOD 1981 TO 2010
CLIMATE RECORD PERIOD 1894 TO 2017


WEATHER ITEM   OBSERVED TIME   RECORD YEAR NORMAL DEPARTURE LAST
                VALUE   (LST)  VALUE       VALUE  FROM      YEAR
                                                  NORMAL
..................................................................
TEMPERATURE (F)
 YESTERDAY
  MAXIMUM         78    502 PM  90    2006  69      9       67
  MINIMUM         55    439 AM  27    1953  47      8       59
  AVERAGE         67                        58      9       63

PRECIPITATION (IN)
  YESTERDAY        0.00          2.91 1970   0.15  -0.15     0.50
  MONTH TO DATE    4.62                      2.43   2.19     2.51
  SINCE MAR 1      6.64                      5.47   1.17     3.92
  SINCE JAN 1      8.79                      8.63   0.16     5.00

DEGREE DAYS
 HEATING
  YESTERDAY        0                         8     -8        2
  MONTH TO DATE  101                       193    -92      134
  SINCE MAR 1    511                       752   -241      522
  SINCE JUL 1   3279                      4324  -1045     3487

 COOLING
  YESTERDAY        2                         1      1        0
  MONTH TO DATE   32                        14     18       11
  SINCE MAR 1     49                        18     31       11
  SINCE JAN 1     52                        18     34       11
..................................................................


WIND (MPH)
  HIGHEST WIND SPEED    20   HIGHEST WIND DIRECTION     S (190)
  HIGHEST GUST SPEED    25   HIGHEST GUST DIRECTION     S (190)
  AVERAGE WIND SPEED    10.6


SKY COVER
  POSSIBLE SUNSHINE  MM
  AVERAGE SKY COVER 0.3


WEATHER CONDITIONS
 THE FOLLOWING WEATHER WAS RECORDED YESTERDAY.
  FOG
  FOG W/VISIBILITY <= 1/4 MILE


RELATIVE HUMIDITY (PERCENT)
 HIGHEST   100           700 AM
 LOWEST     58           400 PM
 AVERAGE    79

..........................................................


THE CHANUTE KS CLIMATE NORMALS FOR TODAY
                         NORMAL    RECORD    YEAR
 MAXIMUM TEMPERATURE (F)   69        88      1987
 MINIMUM TEMPERATURE (F)   47        30      1953


SUNRISE AND SUNSET
APRIL 19 2017.........SUNRISE   641 AM CDT   SUNSET   801 PM CDT
APRIL 20 2017.........SUNRISE   640 AM CDT   SUNSET   802 PM CDT


-  INDICATES NEGATIVE NUMBERS.
R  INDICATES RECORD WAS SET OR TIED.
MM INDICATES DATA IS MISSING.
T  INDICATES TRACE AMOUNT.




$$
