000
CDUS43 KICT 300628
CLICNU


CLIMATE REPORT
NATIONAL WEATHER SERVICE WICHITA KS
128 AM CDT SUN MAR 30 2014


...................................

...THE CHANUTE KS CLIMATE SUMMARY FOR MARCH 29 2014...

CLIMATE NORMAL PERIOD 1981 TO 2010
CLIMATE RECORD PERIOD 1894 TO 2014


WEATHER ITEM   OBSERVED TIME   RECORD YEAR NORMAL DEPARTURE LAST
                VALUE   (LST)  VALUE       VALUE  FROM      YEAR
                                                  NORMAL
..................................................................
TEMPERATURE (F)
 YESTERDAY
  MAXIMUM         62    413 PM  85    1967  63     -1       68
  MINIMUM         28    617 AM  15    1944  40    -12       52
  AVERAGE         45                        51     -6       60

PRECIPITATION (IN)
  YESTERDAY        0.00          1.81 1980   0.11  -0.11     0.02
  MONTH TO DATE    0.97                      2.81  -1.84     1.40
  SINCE MAR 1      0.97                      2.81  -1.84     1.40
  SINCE JAN 1      1.94                      5.97  -4.03     7.16

DEGREE DAYS
 HEATING
  YESTERDAY       20                        14      6        5
  MONTH TO DATE  674                       532    142      693
  SINCE MAR 1    674                       532    142      693
  SINCE JUL 1   4694                      4104    590     3785

 COOLING
  YESTERDAY        0                         0      0        0
  MONTH TO DATE    0                         0      0        0
  SINCE MAR 1      0                         0      0        0
  SINCE JAN 1      0                         0      0        1
..................................................................


WIND (MPH)
  HIGHEST WIND SPEED    12   HIGHEST WIND DIRECTION    SE (140)
  HIGHEST GUST SPEED    16   HIGHEST GUST DIRECTION    NW (320)
  AVERAGE WIND SPEED     5.7


SKY COVER
  POSSIBLE SUNSHINE  MM
  AVERAGE SKY COVER 0.0


WEATHER CONDITIONS
 THE FOLLOWING WEATHER WAS RECORDED YESTERDAY.
  FOG
  HAZE


RELATIVE HUMIDITY (PERCENT)
 HIGHEST   100           700 AM
 LOWEST     32           400 PM
 AVERAGE    66

..........................................................


THE CHANUTE KS CLIMATE NORMALS FOR TODAY
                         NORMAL    RECORD    YEAR
 MAXIMUM TEMPERATURE (F)   63        83      1968
 MINIMUM TEMPERATURE (F)   40        16      1964


SUNRISE AND SUNSET
MARCH 30 2014.........SUNRISE   710 AM CDT   SUNSET   743 PM CDT
MARCH 31 2014.........SUNRISE   709 AM CDT   SUNSET   744 PM CDT


-  INDICATES NEGATIVE NUMBERS.
R  INDICATES RECORD WAS SET OR TIED.
MM INDICATES DATA IS MISSING.
T  INDICATES TRACE AMOUNT.




$$
