000
CDUS43 KICT 100700
CLICNU


CLIMATE REPORT
NATIONAL WEATHER SERVICE WICHITA KS
159 AM CDT WED SEP 10 2014


...................................

...THE CHANUTE KS CLIMATE SUMMARY FOR SEPTEMBER 9 2014...

CLIMATE NORMAL PERIOD 1981 TO 2010
CLIMATE RECORD PERIOD 1894 TO 2014


WEATHER ITEM   OBSERVED TIME   RECORD YEAR NORMAL DEPARTURE LAST
                VALUE   (LST)  VALUE       VALUE  FROM      YEAR
                                                  NORMAL
..................................................................
TEMPERATURE (F)
 YESTERDAY
  MAXIMUM         92    359 PM 103    1925  84      8       97
  MINIMUM         72    140 AM  44    1898  62     10       68
  AVERAGE         82                        73      9       83

PRECIPITATION (IN)
  YESTERDAY        0.00          3.34 1951   0.11  -0.11     0.00
  MONTH TO DATE    0.48                      1.00  -0.52     0.00
  SINCE SEP 1      0.48                      1.00  -0.52     0.00
  SINCE JAN 1     20.96                     31.49 -10.53    35.62

DEGREE DAYS
 HEATING
  YESTERDAY        0                         0      0        0
  MONTH TO DATE    0                         0      0        0
  SINCE SEP 1      0                         0      0        0
  SINCE JUL 1      1                         1      0        0

 COOLING
  YESTERDAY       17                         8      9       18
  MONTH TO DATE   99                        87     12      119
  SINCE SEP 1     99                        87     12      119
  SINCE JAN 1   1387                      1391     -4     1386
..................................................................


WIND (MPH)
  HIGHEST WIND SPEED    26   HIGHEST WIND DIRECTION     S (180)
  HIGHEST GUST SPEED    35   HIGHEST GUST DIRECTION     S (180)
  AVERAGE WIND SPEED    17.5


SKY COVER
  POSSIBLE SUNSHINE  MM
  AVERAGE SKY COVER 0.1


WEATHER CONDITIONS
 THE FOLLOWING WEATHER WAS RECORDED YESTERDAY.
  FOG


RELATIVE HUMIDITY (PERCENT)
 HIGHEST    90          1200 AM
 LOWEST     49           400 PM
 AVERAGE    70

..........................................................


THE CHANUTE KS CLIMATE NORMALS FOR TODAY
                         NORMAL    RECORD    YEAR
 MAXIMUM TEMPERATURE (F)   84       103      1936
 MINIMUM TEMPERATURE (F)   61        43      1976


SUNRISE AND SUNSET
SEPTEMBER 10 2014.....SUNRISE   700 AM CDT   SUNSET   737 PM CDT
SEPTEMBER 11 2014.....SUNRISE   700 AM CDT   SUNSET   736 PM CDT


-  INDICATES NEGATIVE NUMBERS.
R  INDICATES RECORD WAS SET OR TIED.
MM INDICATES DATA IS MISSING.
T  INDICATES TRACE AMOUNT.




$$

JMBW
