000
CDUS43 KICT 010624
CLICNU


CLIMATE REPORT
NATIONAL WEATHER SERVICE WICHITA KS
1221 AM CST FRI DEC 1 2017


...................................

...THE CHANUTE KS CLIMATE SUMMARY FOR NOVEMBER 30 2017...

CLIMATE NORMAL PERIOD 1981 TO 2010
CLIMATE RECORD PERIOD 1894 TO 2017


WEATHER ITEM   OBSERVED TIME   RECORD YEAR NORMAL DEPARTURE LAST
                VALUE   (LST)  VALUE       VALUE  FROM      YEAR
                                                  NORMAL
..................................................................
TEMPERATURE (F)
 YESTERDAY
  MAXIMUM         60    251 PM  71    1995  49     11       48
  MINIMUM         34   1153 PM   7    1976  29      5       30
  AVERAGE         47                        39      8       39

PRECIPITATION (IN)
  YESTERDAY        0.00          1.47 1981   0.07  -0.07     0.00
  MONTH TO DATE    0.79                      2.50  -1.71     0.47
  SINCE SEP 1      9.41                      9.83  -0.42    10.89
  SINCE JAN 1     46.05                     40.32   5.73    36.12

DEGREE DAYS
 HEATING
  YESTERDAY       18                        26     -8       26
  MONTH TO DATE  473                       561    -88      380
  SINCE SEP 1    701                       851   -150      478
  SINCE JUL 1    701                       852   -151      478

 COOLING
  YESTERDAY        0                         0      0        0
  MONTH TO DATE    3                         3      0       20
  SINCE SEP 1    312                       228     84      365
  SINCE JAN 1   1619                      1532     87     1846
..................................................................


WIND (MPH)
  HIGHEST WIND SPEED    13   HIGHEST WIND DIRECTION     N (350)
  HIGHEST GUST SPEED    28   HIGHEST GUST DIRECTION     N (360)
  AVERAGE WIND SPEED     5.1


SKY COVER
  POSSIBLE SUNSHINE  MM
  AVERAGE SKY COVER 0.1


WEATHER CONDITIONS
 THE FOLLOWING WEATHER WAS RECORDED YESTERDAY.
  NO SIGNIFICANT WEATHER WAS OBSERVED.


RELATIVE HUMIDITY (PERCENT)
 HIGHEST    83           100 AM
 LOWEST     25           400 PM
 AVERAGE    54

..........................................................


THE CHANUTE KS CLIMATE NORMALS FOR TODAY
                         NORMAL    RECORD    YEAR
 MAXIMUM TEMPERATURE (F)   49        73      1950
 MINIMUM TEMPERATURE (F)   29         3      2006


SUNRISE AND SUNSET
DECEMBER  1 2017......SUNRISE   718 AM CST   SUNSET   504 PM CST
DECEMBER  2 2017......SUNRISE   719 AM CST   SUNSET   503 PM CST


-  INDICATES NEGATIVE NUMBERS.
R  INDICATES RECORD WAS SET OR TIED.
MM INDICATES DATA IS MISSING.
T  INDICATES TRACE AMOUNT.




$$
