000
CDUS43 KICT 140621
CLICNU


CLIMATE REPORT
NATIONAL WEATHER SERVICE WICHITA KS
121 AM CDT THU APR 14 2016


...................................

...THE CHANUTE KS CLIMATE SUMMARY FOR APRIL 13 2016...

CLIMATE NORMAL PERIOD 1981 TO 2010
CLIMATE RECORD PERIOD 1894 TO 2016


WEATHER ITEM   OBSERVED TIME   RECORD YEAR NORMAL DEPARTURE LAST
                VALUE   (LST)  VALUE       VALUE  FROM      YEAR
                                                  NORMAL
..................................................................
TEMPERATURE (F)
 YESTERDAY
  MAXIMUM         65    121 PM  91    1936  67     -2       67
  MINIMUM         39    322 AM  22    1957  45     -6       53
  AVERAGE         52                        56     -4       60

PRECIPITATION (IN)
  YESTERDAY        0.00          1.95 1993   0.14  -0.14     0.93
  MONTH TO DATE    1.18                      1.68  -0.50     3.35
  SINCE MAR 1      2.59                      4.72  -2.13     3.90
  SINCE JAN 1      3.67                      7.88  -4.21     5.21

DEGREE DAYS
 HEATING
  YESTERDAY       13                        10      3        5
  MONTH TO DATE  119                       149    -30       90
  SINCE MAR 1    507                       708   -201      585
  SINCE JUL 1   3472                      4280   -808     4275

 COOLING
  YESTERDAY        0                         1     -1        0
  MONTH TO DATE    9                         9      0       20
  SINCE MAR 1      9                        13     -4       20
  SINCE JAN 1      9                        13     -4       20
..................................................................


WIND (MPH)
  HIGHEST WIND SPEED    15   HIGHEST WIND DIRECTION     S (180)
  HIGHEST GUST SPEED    21   HIGHEST GUST DIRECTION    SE (140)
  AVERAGE WIND SPEED     6.6


SKY COVER
  POSSIBLE SUNSHINE  MM
  AVERAGE SKY COVER 0.1


WEATHER CONDITIONS
 THE FOLLOWING WEATHER WAS RECORDED YESTERDAY.
  FOG


RELATIVE HUMIDITY (PERCENT)
 HIGHEST    93           900 PM
 LOWEST     57           900 AM
 AVERAGE    75

..........................................................


THE CHANUTE KS CLIMATE NORMALS FOR TODAY
                         NORMAL    RECORD    YEAR
 MAXIMUM TEMPERATURE (F)   68        96      1936
 MINIMUM TEMPERATURE (F)   45        23      1950


SUNRISE AND SUNSET
APRIL 14 2016.........SUNRISE   648 AM CDT   SUNSET   757 PM CDT
APRIL 15 2016.........SUNRISE   646 AM CDT   SUNSET   758 PM CDT


-  INDICATES NEGATIVE NUMBERS.
R  INDICATES RECORD WAS SET OR TIED.
MM INDICATES DATA IS MISSING.
T  INDICATES TRACE AMOUNT.




$$
