000
CDUS43 KICT 220635
CLICNU


CLIMATE REPORT
NATIONAL WEATHER SERVICE WICHITA KS
135 AM CDT SAT APR 22 2017


...................................

...THE CHANUTE KS CLIMATE SUMMARY FOR APRIL 21 2017...

CLIMATE NORMAL PERIOD 1981 TO 2010
CLIMATE RECORD PERIOD 1894 TO 2017


WEATHER ITEM   OBSERVED TIME   RECORD YEAR NORMAL DEPARTURE LAST
                VALUE   (LST)  VALUE       VALUE  FROM      YEAR
                                                  NORMAL
..................................................................
TEMPERATURE (F)
 YESTERDAY
  MAXIMUM         60   1203 AM  91    1965  70    -10       72
  MINIMUM         47   1214 PM  25    1966  48     -1       50
  AVERAGE         54                        59     -5       61

PRECIPITATION (IN)
  YESTERDAY        1.36          1.88 1921   0.16   1.20     0.06
  MONTH TO DATE    6.47                      2.88   3.59     2.91
  SINCE MAR 1      8.49                      5.92   2.57     4.32
  SINCE JAN 1     10.64                      9.08   1.56     5.40

DEGREE DAYS
 HEATING
  YESTERDAY       11                         7      4        4
  MONTH TO DATE  113                       216   -103      147
  SINCE MAR 1    523                       775   -252      535
  SINCE JUL 1   3291                      4347  -1056     3500

 COOLING
  YESTERDAY        0                         1     -1        0
  MONTH TO DATE   38                        17     21       11
  SINCE MAR 1     55                        21     34       11
  SINCE JAN 1     58                        21     37       11
..................................................................


WIND (MPH)
  HIGHEST WIND SPEED    30   HIGHEST WIND DIRECTION    NE (50)
  HIGHEST GUST SPEED    36   HIGHEST GUST DIRECTION    NE (50)
  AVERAGE WIND SPEED    12.2


SKY COVER
  POSSIBLE SUNSHINE  MM
  AVERAGE SKY COVER 0.9


WEATHER CONDITIONS
 THE FOLLOWING WEATHER WAS RECORDED YESTERDAY.
  THUNDERSTORM
  HEAVY RAIN
  RAIN
  LIGHT RAIN
  FOG


RELATIVE HUMIDITY (PERCENT)
 HIGHEST    93           800 PM
 LOWEST     77           200 PM
 AVERAGE    85

..........................................................


THE CHANUTE KS CLIMATE NORMALS FOR TODAY
                         NORMAL    RECORD    YEAR
 MAXIMUM TEMPERATURE (F)   70        89      2006
 MINIMUM TEMPERATURE (F)   48        28      1931


SUNRISE AND SUNSET
APRIL 22 2017.........SUNRISE   637 AM CDT   SUNSET   804 PM CDT
APRIL 23 2017.........SUNRISE   636 AM CDT   SUNSET   805 PM CDT


-  INDICATES NEGATIVE NUMBERS.
R  INDICATES RECORD WAS SET OR TIED.
MM INDICATES DATA IS MISSING.
T  INDICATES TRACE AMOUNT.




$$
