000
CDUS43 KICT 300631
CLICNU


CLIMATE REPORT
NATIONAL WEATHER SERVICE WICHITA KS
131 AM CDT THU JUL 30 2015


...................................

...THE CHANUTE KS CLIMATE SUMMARY FOR JULY 29 2015...

CLIMATE NORMAL PERIOD 1981 TO 2010
CLIMATE RECORD PERIOD 1894 TO 2015


WEATHER ITEM   OBSERVED TIME   RECORD YEAR NORMAL DEPARTURE LAST
                VALUE   (LST)  VALUE       VALUE  FROM      YEAR
                                                  NORMAL
..................................................................
TEMPERATURE (F)
 YESTERDAY
  MAXIMUM         93   1238 PM 110    2012  91      2       79
  MINIMUM         75    355 AM  54    2005  69      6       61
  AVERAGE         84                        80      4       70

PRECIPITATION (IN)
  YESTERDAY        0.00          6.97 2013   0.11  -0.11     0.00
  MONTH TO DATE    4.80                      4.13   0.67     1.52
  SINCE JUN 1      7.17                     10.16  -2.99     9.57
  SINCE JAN 1     25.14                     26.56  -1.42    19.03

DEGREE DAYS
 HEATING
  YESTERDAY        0                         0      0        0
  MONTH TO DATE    0                         0      0        1
  SINCE JUN 1      0                         6     -6        1
  SINCE JUL 1      0                         0      0        1

 COOLING
  YESTERDAY       19                        15      4        5
  MONTH TO DATE  460                       422     38      303
  SINCE JUN 1    851                       714    137      601
  SINCE JAN 1    960                       847    113      793
..................................................................


WIND (MPH)
  HIGHEST WIND SPEED    17   HIGHEST WIND DIRECTION    NE (30)
  HIGHEST GUST SPEED    26   HIGHEST GUST DIRECTION    NE (30)
  AVERAGE WIND SPEED     8.7


SKY COVER
  POSSIBLE SUNSHINE  MM
  AVERAGE SKY COVER 0.3


WEATHER CONDITIONS
 THE FOLLOWING WEATHER WAS RECORDED YESTERDAY.
  THUNDERSTORM


RELATIVE HUMIDITY (PERCENT)
 HIGHEST    94           300 AM
 LOWEST     49          1200 PM
 AVERAGE    72

..........................................................


THE CHANUTE KS CLIMATE NORMALS FOR TODAY
                         NORMAL    RECORD    YEAR
 MAXIMUM TEMPERATURE (F)   91       108      1986
 MINIMUM TEMPERATURE (F)   69        54      1971


SUNRISE AND SUNSET
JULY 30 2015..........SUNRISE   624 AM CDT   SUNSET   832 PM CDT
JULY 31 2015..........SUNRISE   625 AM CDT   SUNSET   831 PM CDT


-  INDICATES NEGATIVE NUMBERS.
R  INDICATES RECORD WAS SET OR TIED.
MM INDICATES DATA IS MISSING.
T  INDICATES TRACE AMOUNT.




$$
