000
CDUS43 KICT 160649
CLICNU


CLIMATE REPORT
NATIONAL WEATHER SERVICE WICHITA KS
1248 AM CST FRI FEB 16 2018


...................................

...THE CHANUTE KS CLIMATE SUMMARY FOR FEBRUARY 15 2018...

CLIMATE NORMAL PERIOD 1981 TO 2010
CLIMATE RECORD PERIOD 1894 TO 2018


WEATHER ITEM   OBSERVED TIME   RECORD YEAR NORMAL DEPARTURE LAST
                VALUE   (LST)  VALUE       VALUE  FROM      YEAR
                                                  NORMAL
..................................................................
TEMPERATURE (F)
 YESTERDAY
  MAXIMUM         77R   110 PM  72    1947  48     29       57
                                      1911
  MINIMUM         45   1159 PM  -2    1936  27     18       29
  AVERAGE         61                        37     24       43

PRECIPITATION (IN)
  YESTERDAY        T             1.01 1987   0.06  -0.06     0.00
  MONTH TO DATE    0.01                      0.89  -0.88      T
  SINCE DEC 1      0.86                      3.90  -3.04     2.62
  SINCE JAN 1      0.62                      2.15  -1.53     1.84

DEGREE DAYS
 HEATING
  YESTERDAY        4                        28    -24       22
  MONTH TO DATE  491                       444     47      338
  SINCE DEC 1   2331                      2391    -60     2122
  SINCE JUL 1   3032                      3243   -211     2600

 COOLING
  YESTERDAY        0                         0      0        0
  MONTH TO DATE    0                         0      0        3
  SINCE DEC 1      0                         0      0        3
  SINCE JAN 1      0                         0      0        3
..................................................................


WIND (MPH)
  HIGHEST WIND SPEED    29   HIGHEST WIND DIRECTION    SW (220)
  HIGHEST GUST SPEED    37   HIGHEST GUST DIRECTION    SW (240)
  AVERAGE WIND SPEED    16.1


SKY COVER
  POSSIBLE SUNSHINE  MM
  AVERAGE SKY COVER 0.1


WEATHER CONDITIONS
 THE FOLLOWING WEATHER WAS RECORDED YESTERDAY.
  LIGHT RAIN


RELATIVE HUMIDITY (PERCENT)
 HIGHEST    90           300 AM
 LOWEST     36           200 PM
 AVERAGE    63

..........................................................


THE CHANUTE KS CLIMATE NORMALS FOR TODAY
                         NORMAL    RECORD    YEAR
 MAXIMUM TEMPERATURE (F)   48        75      1911
 MINIMUM TEMPERATURE (F)   27        -3      1979


SUNRISE AND SUNSET
FEBRUARY 16 2018......SUNRISE   710 AM CST   SUNSET   602 PM CST
FEBRUARY 17 2018......SUNRISE   709 AM CST   SUNSET   603 PM CST


-  INDICATES NEGATIVE NUMBERS.
R  INDICATES RECORD WAS SET OR TIED.
MM INDICATES DATA IS MISSING.
T  INDICATES TRACE AMOUNT.




$$
