000
CDUS43 KICT 180646
CLICNU


CLIMATE REPORT
NATIONAL WEATHER SERVICE WICHITA KS
1245 AM CST WED FEB 18 2015


...................................

...THE CHANUTE KS CLIMATE SUMMARY FOR FEBRUARY 17 2015...

CLIMATE NORMAL PERIOD 1981 TO 2010
CLIMATE RECORD PERIOD 1894 TO 2015


WEATHER ITEM   OBSERVED TIME   RECORD YEAR NORMAL DEPARTURE LAST
                VALUE   (LST)  VALUE       VALUE  FROM      YEAR
                                                  NORMAL
..................................................................
TEMPERATURE (F)
 YESTERDAY
  MAXIMUM         45    244 PM  78    2011  49     -4       61
  MINIMUM         14   1115 PM -11    1903  27    -13       36
  AVERAGE         30                        38     -8       49

PRECIPITATION (IN)
  YESTERDAY        0.03          1.17 1961   0.07  -0.04     0.00
  MONTH TO DATE    0.37                      1.03  -0.66     0.71
  SINCE DEC 1      3.37                      4.04  -0.67     0.98
  SINCE JAN 1      1.00                      2.29  -1.29     0.82

DEGREE DAYS
 HEATING
  YESTERDAY       35                        27      8       16
  MONTH TO DATE  523                       498     25      687
  SINCE DEC 1   2315                      2445   -130     2806
  SINCE JUL 1   3257                      3297    -40     3726

 COOLING
  YESTERDAY        0                         0      0        0
  MONTH TO DATE    0                         0      0        0
  SINCE DEC 1      0                         0      0        0
  SINCE JAN 1      0                         0      0        0
..................................................................


WIND (MPH)
  HIGHEST WIND SPEED    39   HIGHEST WIND DIRECTION    NW (300)
  HIGHEST GUST SPEED    49   HIGHEST GUST DIRECTION    NW (310)
  AVERAGE WIND SPEED     8.2


SKY COVER
  POSSIBLE SUNSHINE  MM
  AVERAGE SKY COVER 0.5


WEATHER CONDITIONS
 THE FOLLOWING WEATHER WAS RECORDED YESTERDAY.
  HEAVY SNOW
  SNOW
  LIGHT SNOW
  FOG


RELATIVE HUMIDITY (PERCENT)
 HIGHEST    84           400 AM
 LOWEST     40           300 PM
 AVERAGE    62

..........................................................


THE CHANUTE KS CLIMATE NORMALS FOR TODAY
                         NORMAL    RECORD    YEAR
 MAXIMUM TEMPERATURE (F)   49        74      1930
 MINIMUM TEMPERATURE (F)   28        -5      1993


SUNRISE AND SUNSET
FEBRUARY 18 2015......SUNRISE   708 AM CST   SUNSET   604 PM CST
FEBRUARY 19 2015......SUNRISE   707 AM CST   SUNSET   605 PM CST


-  INDICATES NEGATIVE NUMBERS.
R  INDICATES RECORD WAS SET OR TIED.
MM INDICATES DATA IS MISSING.
T  INDICATES TRACE AMOUNT.




$$
