000
CDUS43 KICT 060720
CLICNU

CLIMATE REPORT
NATIONAL WEATHER SERVICE WICHITA KS
118 AM CST SAT DEC 6 2014

...................................

...THE CHANUTE KS CLIMATE SUMMARY FOR DECEMBER 5 2014...

CLIMATE NORMAL PERIOD 1981 TO 2010
CLIMATE RECORD PERIOD 1894 TO 2014


WEATHER ITEM   OBSERVED TIME   RECORD YEAR NORMAL DEPARTURE LAST
                VALUE   (LST)  VALUE       VALUE  FROM      YEAR
                                                  NORMAL
..................................................................
TEMPERATURE (F)
 YESTERDAY
  MAXIMUM         52   1150 AM  75    2001  47      5       25
  MINIMUM         45   1159 PM   4    1950  28     17       19
  AVERAGE         49                        37     12       22

PRECIPITATION (IN)
  YESTERDAY        1.27R         0.97 1936   0.06   1.21     0.00
  MONTH TO DATE    1.31                      0.34   0.97     0.00
  SINCE DEC 1      1.31                      0.34   0.97     0.00
  SINCE JAN 1     30.82                     40.66  -9.84    47.59

DEGREE DAYS
 HEATING
  YESTERDAY       16                        28    -12       43
  MONTH TO DATE  144                       135      9      130
  SINCE DEC 1    144                       135      9      130
  SINCE JUL 1   1086                       987     99     1050

 COOLING
  YESTERDAY        0                         0      0        0
  MONTH TO DATE    0                         0      0        0
  SINCE DEC 1      0                         0      0        0
  SINCE JAN 1   1512                      1532    -20     1560
..................................................................


WIND (MPH)
  HIGHEST WIND SPEED    17   HIGHEST WIND DIRECTION     N (350)
  HIGHEST GUST SPEED    21   HIGHEST GUST DIRECTION     N (340)
  AVERAGE WIND SPEED     7.5


SKY COVER
  POSSIBLE SUNSHINE  MM
  AVERAGE SKY COVER 1.0


WEATHER CONDITIONS
 THE FOLLOWING WEATHER WAS RECORDED YESTERDAY.
  HEAVY RAIN
  RAIN
  LIGHT RAIN
  FOG


RELATIVE HUMIDITY (PERCENT)
 HIGHEST   100          1200 AM
 LOWEST     93           900 PM
 AVERAGE    97

..........................................................


THE CHANUTE KS CLIMATE NORMALS FOR TODAY
                         NORMAL    RECORD    YEAR
 MAXIMUM TEMPERATURE (F)   47        74      1939
 MINIMUM TEMPERATURE (F)   27        -2      1950


SUNRISE AND SUNSET
DECEMBER  6 2014......SUNRISE   723 AM CST   SUNSET   503 PM CST
DECEMBER  7 2014......SUNRISE   724 AM CST   SUNSET   503 PM CST


-  INDICATES NEGATIVE NUMBERS.
R  INDICATES RECORD WAS SET OR TIED.
MM INDICATES DATA IS MISSING.
T  INDICATES TRACE AMOUNT.

$$
