369
CDUS43 KICT 300634
CLICNU


CLIMATE REPORT
NATIONAL WEATHER SERVICE WICHITA KS
1234 AM CST SAT JAN 30 2016


...................................

...THE CHANUTE KS CLIMATE SUMMARY FOR JANUARY 29 2016...

CLIMATE NORMAL PERIOD 1981 TO 2010
CLIMATE RECORD PERIOD 1894 TO 2016


WEATHER ITEM   OBSERVED TIME   RECORD YEAR NORMAL DEPARTURE LAST
                VALUE   (LST)  VALUE       VALUE  FROM      YEAR
                                                  NORMAL
..................................................................
TEMPERATURE (F)
 YESTERDAY
  MAXIMUM         71    330 PM  75    1917  44     27       59
  MINIMUM         26    312 AM -16    1949  23      3       24
  AVERAGE         49                        33     16       42

PRECIPITATION (IN)
  YESTERDAY        0.00          1.97 2013   0.04  -0.04     0.00
  MONTH TO DATE    0.68                      1.16  -0.48     0.20
  SINCE DEC 1      4.23                      2.91   1.32     2.57
  SINCE JAN 1      0.68                      1.16  -0.48     0.20

DEGREE DAYS
 HEATING
  YESTERDAY       16                        32    -16       23
  MONTH TO DATE  941                       948     -7      899
  SINCE DEC 1   1653                      1889   -236     1734
  SINCE JUL 1   2296                      2741   -445     2676

 COOLING
  YESTERDAY        0                         0      0        0
  MONTH TO DATE    0                         0      0        0
  SINCE DEC 1      0                         0      0        0
  SINCE JAN 1      0                         0      0        0
..................................................................


WIND (MPH)
  HIGHEST WIND SPEED    21   HIGHEST WIND DIRECTION     S (180)
  HIGHEST GUST SPEED    26   HIGHEST GUST DIRECTION     S (190)
  AVERAGE WIND SPEED    10.4


SKY COVER
  POSSIBLE SUNSHINE  MM
  AVERAGE SKY COVER 0.0


WEATHER CONDITIONS
 THE FOLLOWING WEATHER WAS RECORDED YESTERDAY.
  NO SIGNIFICANT WEATHER WAS OBSERVED.


RELATIVE HUMIDITY (PERCENT)
 HIGHEST    92           500 AM
 LOWEST     26           200 PM
 AVERAGE    59

..........................................................


THE CHANUTE KS CLIMATE NORMALS FOR TODAY
                         NORMAL    RECORD    YEAR
 MAXIMUM TEMPERATURE (F)   44        72      1917
 MINIMUM TEMPERATURE (F)   23       -23      1949


SUNRISE AND SUNSET
JANUARY 30 2016.......SUNRISE   728 AM CST   SUNSET   543 PM CST
JANUARY 31 2016.......SUNRISE   727 AM CST   SUNSET   544 PM CST


-  INDICATES NEGATIVE NUMBERS.
R  INDICATES RECORD WAS SET OR TIED.
MM INDICATES DATA IS MISSING.
T  INDICATES TRACE AMOUNT.




$$
