000
CDUS43 KICT 180637
CLICNU


CLIMATE REPORT
NATIONAL WEATHER SERVICE WICHITA KS
1235 AM CST FRI NOV 18 2016


...................................

...THE CHANUTE KS CLIMATE SUMMARY FOR NOVEMBER 17 2016...

CLIMATE NORMAL PERIOD 1981 TO 2010
CLIMATE RECORD PERIOD 1894 TO 2016


WEATHER ITEM   OBSERVED TIME   RECORD YEAR NORMAL DEPARTURE LAST
                VALUE   (LST)  VALUE       VALUE  FROM      YEAR
                                                  NORMAL
..................................................................
TEMPERATURE (F)
 YESTERDAY
  MAXIMUM         78R   224 PM  76    1999  56     22       63
  MINIMUM         62    604 AM   4    1959  35     27       48
  AVERAGE         70                        46     24       56

PRECIPITATION (IN)
  YESTERDAY        0.00          3.13 1931   0.08  -0.08     1.42
  MONTH TO DATE    0.30                      1.50  -1.20     1.74
  SINCE SEP 1     10.72                      8.83   1.89     4.63
  SINCE JAN 1     35.95                     39.32  -3.37    35.94

DEGREE DAYS
 HEATING
  YESTERDAY        0                        19    -19        9
  MONTH TO DATE  141                       265   -124      186
  SINCE SEP 1    239                       552   -313      366
  SINCE JUL 1    239                       553   -314      366

 COOLING
  YESTERDAY        5                         0      5        0
  MONTH TO DATE   20                         0     20        0
  SINCE SEP 1    365                       225    140      293
  SINCE JAN 1   1846                      1529    317     1612
..................................................................


WIND (MPH)
  HIGHEST WIND SPEED    33   HIGHEST WIND DIRECTION     S (180)
  HIGHEST GUST SPEED    45   HIGHEST GUST DIRECTION     S (190)
  AVERAGE WIND SPEED    22.1


SKY COVER
  POSSIBLE SUNSHINE  MM
  AVERAGE SKY COVER 0.0


WEATHER CONDITIONS
 THE FOLLOWING WEATHER WAS RECORDED YESTERDAY.
  NO SIGNIFICANT WEATHER WAS OBSERVED.


RELATIVE HUMIDITY (PERCENT)
 HIGHEST    68          1000 PM
 LOWEST     33           300 PM
 AVERAGE    51

..........................................................


THE CHANUTE KS CLIMATE NORMALS FOR TODAY
                         NORMAL    RECORD    YEAR
 MAXIMUM TEMPERATURE (F)   56        78      1942
 MINIMUM TEMPERATURE (F)   35         6      2014


SUNRISE AND SUNSET
NOVEMBER 18 2016......SUNRISE   706 AM CST   SUNSET   508 PM CST
NOVEMBER 19 2016......SUNRISE   707 AM CST   SUNSET   508 PM CST


-  INDICATES NEGATIVE NUMBERS.
R  INDICATES RECORD WAS SET OR TIED.
MM INDICATES DATA IS MISSING.
T  INDICATES TRACE AMOUNT.




$$
