000
CDUS43 KICT 270648
CLICNU


CLIMATE REPORT
NATIONAL WEATHER SERVICE WICHITA KS
148 AM CDT SAT JUN 27 2015


...................................

...THE CHANUTE KS CLIMATE SUMMARY FOR JUNE 26 2015...

CLIMATE NORMAL PERIOD 1981 TO 2010
CLIMATE RECORD PERIOD 1894 TO 2015


WEATHER ITEM   OBSERVED TIME   RECORD YEAR NORMAL DEPARTURE LAST
                VALUE   (LST)  VALUE       VALUE  FROM      YEAR
                                                  NORMAL
..................................................................
TEMPERATURE (F)
 YESTERDAY
  MAXIMUM         84    440 PM 102    1980  87     -3       85
  MINIMUM         67   1159 PM  48    1958  67      0       67
  AVERAGE         76                        77     -1       76

PRECIPITATION (IN)
  YESTERDAY        0.08          1.65 1935   0.16  -0.08      T
  MONTH TO DATE    2.29                      5.37  -3.08     7.13
  SINCE JUN 1      2.29                      5.37  -3.08     7.13
  SINCE JAN 1     20.26                     21.77  -1.51    16.59

DEGREE DAYS
 HEATING
  YESTERDAY        0                         0      0        0
  MONTH TO DATE    0                         4     -4        0
  SINCE JUN 1      0                         4     -4        0
  SINCE JUL 1   4455                      4481    -26     5090

 COOLING
  YESTERDAY       11                        12     -1       11
  MONTH TO DATE  344                       241    103      244
  SINCE JUN 1    344                       241    103      244
  SINCE JAN 1    453                       374     79      436
..................................................................


WIND (MPH)
  HIGHEST WIND SPEED    20   HIGHEST WIND DIRECTION    SW (210)
  HIGHEST GUST SPEED    28   HIGHEST GUST DIRECTION    SW (210)
  AVERAGE WIND SPEED     8.3


SKY COVER
  POSSIBLE SUNSHINE  MM
  AVERAGE SKY COVER 0.6


WEATHER CONDITIONS
 THE FOLLOWING WEATHER WAS RECORDED YESTERDAY.
  THUNDERSTORM
  LIGHT RAIN
  FOG


RELATIVE HUMIDITY (PERCENT)
 HIGHEST    93           800 AM
 LOWEST     58           700 PM
 AVERAGE    76

..........................................................


THE CHANUTE KS CLIMATE NORMALS FOR TODAY
                         NORMAL    RECORD    YEAR
 MAXIMUM TEMPERATURE (F)   88       108      1980
 MINIMUM TEMPERATURE (F)   68        50      1968


SUNRISE AND SUNSET
JUNE 27 2015..........SUNRISE   602 AM CDT   SUNSET   848 PM CDT
JUNE 28 2015..........SUNRISE   603 AM CDT   SUNSET   848 PM CDT


-  INDICATES NEGATIVE NUMBERS.
R  INDICATES RECORD WAS SET OR TIED.
MM INDICATES DATA IS MISSING.
T  INDICATES TRACE AMOUNT.




$$
