000
CDUS43 KICT 090623
CLICNU


CLIMATE REPORT
NATIONAL WEATHER SERVICE WICHITA KS
121 AM CDT TUE AUG 9 2016


...................................

...THE CHANUTE KS CLIMATE SUMMARY FOR AUGUST 8 2016...

CLIMATE NORMAL PERIOD 1981 TO 2010
CLIMATE RECORD PERIOD 1894 TO 2016


WEATHER ITEM   OBSERVED TIME   RECORD YEAR NORMAL DEPARTURE LAST
                VALUE   (LST)  VALUE       VALUE  FROM      YEAR
                                                  NORMAL
..................................................................
TEMPERATURE (F)
 YESTERDAY
  MAXIMUM         87    521 PM 108    1970  91     -4       93
  MINIMUM         72    648 AM  52    1989  69      3       73
  AVERAGE         80                        80      0       83

PRECIPITATION (IN)
  YESTERDAY        0.45          2.60 1927   0.11   0.34     0.00
  MONTH TO DATE    2.20                      0.92   1.28     1.92
  SINCE JUN 1      9.89                     11.32  -1.43     9.09
  SINCE JAN 1     21.68                     27.72  -6.04    27.06

DEGREE DAYS
 HEATING
  YESTERDAY        0                         0      0        0
  MONTH TO DATE    0                         0      0        0
  SINCE JUN 1      0                         6     -6        0
  SINCE JUL 1      0                         0      0        0

 COOLING
  YESTERDAY       15                        15      0       18
  MONTH TO DATE  135                       120     15      121
  SINCE JUN 1   1070                       861    209      998
  SINCE JAN 1   1177                       994    183     1107
..................................................................


WIND (MPH)
  HIGHEST WIND SPEED    20   HIGHEST WIND DIRECTION    NW (310)
  HIGHEST GUST SPEED    24   HIGHEST GUST DIRECTION     W (280)
  AVERAGE WIND SPEED     4.7


SKY COVER
  POSSIBLE SUNSHINE  MM
  AVERAGE SKY COVER 0.5


WEATHER CONDITIONS
 THE FOLLOWING WEATHER WAS RECORDED YESTERDAY.
  THUNDERSTORM
  HEAVY RAIN
  RAIN
  LIGHT RAIN
  FOG


RELATIVE HUMIDITY (PERCENT)
 HIGHEST    94           200 AM
 LOWEST     61           500 PM
 AVERAGE    78

..........................................................


THE CHANUTE KS CLIMATE NORMALS FOR TODAY
                         NORMAL    RECORD    YEAR
 MAXIMUM TEMPERATURE (F)   91       113      1936
 MINIMUM TEMPERATURE (F)   69        53      1989


SUNRISE AND SUNSET
AUGUST  9 2016........SUNRISE   633 AM CDT   SUNSET   821 PM CDT
AUGUST 10 2016........SUNRISE   634 AM CDT   SUNSET   820 PM CDT


-  INDICATES NEGATIVE NUMBERS.
R  INDICATES RECORD WAS SET OR TIED.
MM INDICATES DATA IS MISSING.
T  INDICATES TRACE AMOUNT.




$$
