000
CDUS43 KICT 300659
CLICNU

CLIMATE REPORT
NATIONAL WEATHER SERVICE WICHITA KS
1256 AM CST FRI DEC 30 2016

...................................

...THE CHANUTE KS CLIMATE SUMMARY FOR DECEMBER 29 2016...

CLIMATE NORMAL PERIOD 1981 TO 2010
CLIMATE RECORD PERIOD 1894 TO 2016


WEATHER ITEM   OBSERVED TIME   RECORD YEAR NORMAL DEPARTURE LAST
                VALUE   (LST)  VALUE       VALUE  FROM      YEAR
                                                  NORMAL
..................................................................
TEMPERATURE (F)
 YESTERDAY
  MAXIMUM         51    129 PM  69    1999  42      9       29
  MINIMUM         27    733 AM  -5    1983  23      4       24
  AVERAGE         39                        32      7       27

PRECIPITATION (IN)
  YESTERDAY        0.00          1.21 1984   0.05  -0.05     0.00
  MONTH TO DATE    0.70                      1.67  -0.97     3.55
  SINCE DEC 1      0.70                      1.67  -0.97     3.55
  SINCE JAN 1     36.82                     41.99  -5.17    43.24

DEGREE DAYS
 HEATING
  YESTERDAY       26                        33     -7       38
  MONTH TO DATE  677                       874   -197      636
  SINCE DEC 1    677                       874   -197      636
  SINCE JUL 1   1155                      1726   -571     1279

 COOLING
  YESTERDAY        0                         0      0        0
  MONTH TO DATE    0                         0      0        0
  SINCE DEC 1      0                         0      0        0
  SINCE JAN 1   1846                      1532    314     1612
..................................................................


WIND (MPH)
  HIGHEST WIND SPEED    23   HIGHEST WIND DIRECTION    NW (320)
  HIGHEST GUST SPEED    31   HIGHEST GUST DIRECTION    NW (300)
  AVERAGE WIND SPEED    10.0


SKY COVER
  POSSIBLE SUNSHINE  MM
  AVERAGE SKY COVER 0.1


WEATHER CONDITIONS
 THE FOLLOWING WEATHER WAS RECORDED YESTERDAY.
  NO SIGNIFICANT WEATHER WAS OBSERVED.


RELATIVE HUMIDITY (PERCENT)
 HIGHEST    69           400 AM
 LOWEST     20           300 PM
 AVERAGE    45

..........................................................


THE CHANUTE KS CLIMATE NORMALS FOR TODAY
                         NORMAL    RECORD    YEAR
 MAXIMUM TEMPERATURE (F)   42        70      2004
 MINIMUM TEMPERATURE (F)   23        -8      1983


SUNRISE AND SUNSET
DECEMBER 30 2016......SUNRISE   737 AM CST   SUNSET   513 PM CST
DECEMBER 31 2016......SUNRISE   737 AM CST   SUNSET   514 PM CST


-  INDICATES NEGATIVE NUMBERS.
R  INDICATES RECORD WAS SET OR TIED.
MM INDICATES DATA IS MISSING.
T  INDICATES TRACE AMOUNT.

$$
