000
CDUS43 KICT 230618
CLICNU


CLIMATE REPORT
NATIONAL WEATHER SERVICE WICHITA KS
117 AM CDT SUN AUG 23 2015


...................................

...THE CHANUTE KS CLIMATE SUMMARY FOR AUGUST 22 2015...

CLIMATE NORMAL PERIOD 1981 TO 2010
CLIMATE RECORD PERIOD 1894 TO 2015


WEATHER ITEM   OBSERVED TIME   RECORD YEAR NORMAL DEPARTURE LAST
                VALUE   (LST)  VALUE       VALUE  FROM      YEAR
                                                  NORMAL
..................................................................
TEMPERATURE (F)
 YESTERDAY
  MAXIMUM         86        MM 105    1983  90     -4      100
  MINIMUM         69        MM  51    1949  67      2       76
  AVERAGE         78                        78      0       88

PRECIPITATION (IN)
  YESTERDAY        T             4.60 1985   0.11  -0.11     0.00
  MONTH TO DATE    3.07                      2.65   0.42     1.36
  SINCE JUN 1     10.24                     13.05  -2.81    11.02
  SINCE JAN 1     28.21                     29.45  -1.24    20.48

DEGREE DAYS
 HEATING
  YESTERDAY        0                         0      0        0
  MONTH TO DATE    0                         0      0        0
  SINCE JUN 1      0                         6     -6        1
  SINCE JUL 1      0                         0      0        1

 COOLING
  YESTERDAY       13                        13      0       23
  MONTH TO DATE  268                       320    -52      314
  SINCE JUN 1   1145                      1061     84      922
  SINCE JAN 1   1254                      1194     60     1114
..................................................................


WIND (MPH)
  HIGHEST WIND SPEED    14   HIGHEST WIND DIRECTION     S (180)
  HIGHEST GUST SPEED    22   HIGHEST GUST DIRECTION     S (190)
  AVERAGE WIND SPEED     9.7


SKY COVER
  POSSIBLE SUNSHINE  MM
  AVERAGE SKY COVER 0.3


WEATHER CONDITIONS
 THE FOLLOWING WEATHER WAS RECORDED YESTERDAY.
  THUNDERSTORM
  LIGHT RAIN


RELATIVE HUMIDITY (PERCENT)
 HIGHEST    93           900 PM
 LOWEST     55           300 PM
 AVERAGE    74

..........................................................


THE CHANUTE KS CLIMATE NORMALS FOR TODAY
                         NORMAL    RECORD    YEAR
 MAXIMUM TEMPERATURE (F)   89       108      1936
 MINIMUM TEMPERATURE (F)   67        50      1923


SUNRISE AND SUNSET
AUGUST 23 2015........SUNRISE   644 AM CDT   SUNSET   804 PM CDT
AUGUST 24 2015........SUNRISE   645 AM CDT   SUNSET   803 PM CDT


-  INDICATES NEGATIVE NUMBERS.
R  INDICATES RECORD WAS SET OR TIED.
MM INDICATES DATA IS MISSING.
T  INDICATES TRACE AMOUNT.




$$
