000
CDUS43 KICT 120641
CLICNU


CLIMATE REPORT
NATIONAL WEATHER SERVICE WICHITA KS
1241 AM CST WED NOV 12 2014


...................................

...THE CHANUTE KS CLIMATE SUMMARY FOR NOVEMBER 11 2014...

CLIMATE NORMAL PERIOD 1981 TO 2010
CLIMATE RECORD PERIOD 1894 TO 2014


WEATHER ITEM   OBSERVED TIME   RECORD YEAR NORMAL DEPARTURE LAST
                VALUE   (LST)  VALUE       VALUE  FROM      YEAR
                                                  NORMAL
..................................................................
TEMPERATURE (F)
 YESTERDAY
  MAXIMUM         38    310 PM  82    1989  59    -21       61
  MINIMUM         28    844 AM  14    1911  38    -10       32
  AVERAGE         33                        49    -16       47

PRECIPITATION (IN)
  YESTERDAY        T             1.77 1964   0.10  -0.10      T
  MONTH TO DATE    1.15                      0.99   0.16     1.11
  SINCE SEP 1      8.83                      8.32   0.51    11.25
  SINCE JAN 1     29.31                     38.81  -9.50    46.87

DEGREE DAYS
 HEATING
  YESTERDAY       32                        16     16       18
  MONTH TO DATE  152                       157     -5      156
  SINCE SEP 1    361                       444    -83      443
  SINCE JUL 1    362                       445    -83      443

 COOLING
  YESTERDAY        0                         0      0        0
  MONTH TO DATE    0                         0      0        0
  SINCE SEP 1    224                       225     -1      293
  SINCE JAN 1   1512                      1529    -17     1560
..................................................................


WIND (MPH)
  HIGHEST WIND SPEED    29   HIGHEST WIND DIRECTION     N (350)
  HIGHEST GUST SPEED    38   HIGHEST GUST DIRECTION     N (360)
  AVERAGE WIND SPEED    16.7


SKY COVER
  POSSIBLE SUNSHINE  MM
  AVERAGE SKY COVER 0.4


WEATHER CONDITIONS
 THE FOLLOWING WEATHER WAS RECORDED YESTERDAY.
  LIGHT SNOW
  FOG


RELATIVE HUMIDITY (PERCENT)
 HIGHEST    92           300 AM
 LOWEST     43           500 PM
 AVERAGE    68

..........................................................


THE CHANUTE KS CLIMATE NORMALS FOR TODAY
                         NORMAL    RECORD    YEAR
 MAXIMUM TEMPERATURE (F)   59        82      1999
 MINIMUM TEMPERATURE (F)   38         8      1911


SUNRISE AND SUNSET
NOVEMBER 12 2014......SUNRISE   659 AM CST   SUNSET   513 PM CST
NOVEMBER 13 2014......SUNRISE   700 AM CST   SUNSET   512 PM CST


-  INDICATES NEGATIVE NUMBERS.
R  INDICATES RECORD WAS SET OR TIED.
MM INDICATES DATA IS MISSING.
T  INDICATES TRACE AMOUNT.




$$
