717
CDUS43 KICT 140620
CLICNU

CLIMATE REPORT
NATIONAL WEATHER SERVICE WICHITA KS
119 AM CDT FRI APR 14 2017


...................................

...THE CHANUTE KS CLIMATE SUMMARY FOR APRIL 13 2017...

CLIMATE NORMAL PERIOD 1981 TO 2010
CLIMATE RECORD PERIOD 1894 TO 2017


WEATHER ITEM   OBSERVED TIME   RECORD YEAR NORMAL DEPARTURE LAST
                VALUE   (LST)  VALUE       VALUE  FROM      YEAR
                                                  NORMAL
..................................................................
TEMPERATURE (F)
 YESTERDAY
  MAXIMUM         80    214 PM  91    1936  67     13       65
  MINIMUM         55    602 AM  22    1957  45     10       39
  AVERAGE         68                        56     12       52

PRECIPITATION (IN)
  YESTERDAY        T             1.95 1993   0.14  -0.14     0.00
  MONTH TO DATE    2.75                      1.68   1.07     1.18
  SINCE MAR 1      4.77                      4.72   0.05     2.59
  SINCE JAN 1      6.92                      7.88  -0.96     3.67

DEGREE DAYS
 HEATING
  YESTERDAY        0                        10    -10       13
  MONTH TO DATE  101                       149    -48      119
  SINCE MAR 1    511                       708   -197      507
  SINCE JUL 1   3279                      4280  -1001     3472

 COOLING
  YESTERDAY        3                         1      2        0
  MONTH TO DATE   12                         9      3        9
  SINCE MAR 1     29                        13     16        9
  SINCE JAN 1     32                        13     19        9
..................................................................


WIND (MPH)
  HIGHEST WIND SPEED    16   HIGHEST WIND DIRECTION     S (170)
  HIGHEST GUST SPEED    21   HIGHEST GUST DIRECTION    SW (210)
  AVERAGE WIND SPEED     7.3


SKY COVER
  POSSIBLE SUNSHINE  MM
  AVERAGE SKY COVER 0.2


WEATHER CONDITIONS
 THE FOLLOWING WEATHER WAS RECORDED YESTERDAY.
  LIGHT RAIN


RELATIVE HUMIDITY (PERCENT)
 HIGHEST    93           600 AM
 LOWEST     45           200 PM
 AVERAGE    69

..........................................................


THE CHANUTE KS CLIMATE NORMALS FOR TODAY
                         NORMAL    RECORD    YEAR
 MAXIMUM TEMPERATURE (F)   68        96      1936
 MINIMUM TEMPERATURE (F)   45        23      1950


SUNRISE AND SUNSET
APRIL 14 2017.........SUNRISE   648 AM CDT   SUNSET   757 PM CDT
APRIL 15 2017.........SUNRISE   647 AM CDT   SUNSET   758 PM CDT


-  INDICATES NEGATIVE NUMBERS.
R  INDICATES RECORD WAS SET OR TIED.
MM INDICATES DATA IS MISSING.
T  INDICATES TRACE AMOUNT.




$$
