000
CDUS43 KICT 270623
CLICNU


CLIMATE REPORT
NATIONAL WEATHER SERVICE WICHITA KS
1222 AM CST WED DEC 27 2017


...................................

...THE CHANUTE KS CLIMATE SUMMARY FOR DECEMBER 26 2017...

CLIMATE NORMAL PERIOD 1981 TO 2010
CLIMATE RECORD PERIOD 1894 TO 2017


WEATHER ITEM   OBSERVED TIME   RECORD YEAR NORMAL DEPARTURE LAST
                VALUE   (LST)  VALUE       VALUE  FROM      YEAR
                                                  NORMAL
..................................................................
TEMPERATURE (F)
 YESTERDAY
  MAXIMUM         27   1224 AM  70    2008  42    -15       54
  MINIMUM         13    827 PM   0    1983  24    -11       26
  AVERAGE         20                        33    -13       40

PRECIPITATION (IN)
  YESTERDAY        0.00          0.94 2015   0.05  -0.05     0.00
  MONTH TO DATE    0.24                      1.52  -1.28     0.78
  SINCE DEC 1      0.24                      1.52  -1.28     0.78
  SINCE JAN 1     46.29                     41.84   4.45    36.90

DEGREE DAYS
 HEATING
  YESTERDAY       45                        32     13       25
  MONTH TO DATE  641                       777   -136      818
  SINCE DEC 1    641                       777   -136      818
  SINCE JUL 1   1342                      1629   -287     1296

 COOLING
  YESTERDAY        0                         0      0        0
  MONTH TO DATE    0                         0      0        0
  SINCE DEC 1      0                         0      0        0
  SINCE JAN 1   1619                      1532     87     1846
..................................................................


WIND (MPH)
  HIGHEST WIND SPEED    18   HIGHEST WIND DIRECTION    NE (30)
  HIGHEST GUST SPEED    25   HIGHEST GUST DIRECTION    NE (30)
  AVERAGE WIND SPEED    13.2


SKY COVER
  POSSIBLE SUNSHINE  MM
  AVERAGE SKY COVER 0.3


WEATHER CONDITIONS
 THE FOLLOWING WEATHER WAS RECORDED YESTERDAY.
  NO SIGNIFICANT WEATHER WAS OBSERVED.


RELATIVE HUMIDITY (PERCENT)
 HIGHEST    68          1200 AM
 LOWEST     51          1100 PM
 AVERAGE    60

..........................................................


THE CHANUTE KS CLIMATE NORMALS FOR TODAY
                         NORMAL    RECORD    YEAR
 MAXIMUM TEMPERATURE (F)   42        74      1946
 MINIMUM TEMPERATURE (F)   24         3      1925


SUNRISE AND SUNSET
DECEMBER 27 2017......SUNRISE   736 AM CST   SUNSET   511 PM CST
DECEMBER 28 2017......SUNRISE   736 AM CST   SUNSET   511 PM CST


-  INDICATES NEGATIVE NUMBERS.
R  INDICATES RECORD WAS SET OR TIED.
MM INDICATES DATA IS MISSING.
T  INDICATES TRACE AMOUNT.




$$
