000
CDUS43 KICT 160625
CLICNU


CLIMATE REPORT
NATIONAL WEATHER SERVICE WICHITA KS
124 AM CDT SAT JUL 16 2016


...................................

...THE CHANUTE KS CLIMATE SUMMARY FOR JULY 15 2016...

CLIMATE NORMAL PERIOD 1981 TO 2010
CLIMATE RECORD PERIOD 1894 TO 2016


WEATHER ITEM   OBSERVED TIME   RECORD YEAR NORMAL DEPARTURE LAST
                VALUE   (LST)  VALUE       VALUE  FROM      YEAR
                                                  NORMAL
..................................................................
TEMPERATURE (F)
 YESTERDAY
  MAXIMUM         88    510 PM 115    1936  90     -2       94
  MINIMUM         66    559 AM  52    1930  69     -3       77
  AVERAGE         77                        80     -3       86

PRECIPITATION (IN)
  YESTERDAY        0.00          2.36 1919   0.14  -0.14     0.00
  MONTH TO DATE    1.56                      2.30  -0.74     4.19
  SINCE JUN 1      4.76                      8.33  -3.57     6.56
  SINCE JAN 1     16.55                     24.73  -8.18    24.53

DEGREE DAYS
 HEATING
  YESTERDAY        0                         0      0        0
  MONTH TO DATE    0                         0      0        0
  SINCE JUN 1      0                         6     -6        0
  SINCE JUL 1      0                         0      0        0

 COOLING
  YESTERDAY       12                        15     -3       21
  MONTH TO DATE  219                       212      7      201
  SINCE JUN 1    653                       504    149      592
  SINCE JAN 1    760                       637    123      701
..................................................................


WIND (MPH)
  HIGHEST WIND SPEED     9   HIGHEST WIND DIRECTION     S (180)
  HIGHEST GUST SPEED    13   HIGHEST GUST DIRECTION     E (70)
  AVERAGE WIND SPEED     3.2


SKY COVER
  POSSIBLE SUNSHINE  MM
  AVERAGE SKY COVER 0.1


WEATHER CONDITIONS
 THE FOLLOWING WEATHER WAS RECORDED YESTERDAY.
  NO SIGNIFICANT WEATHER WAS OBSERVED.


RELATIVE HUMIDITY (PERCENT)
 HIGHEST    93           100 AM
 LOWEST     50           500 PM
 AVERAGE    72

..........................................................


THE CHANUTE KS CLIMATE NORMALS FOR TODAY
                         NORMAL    RECORD    YEAR
 MAXIMUM TEMPERATURE (F)   90       113      1936
 MINIMUM TEMPERATURE (F)   69        51      2014


SUNRISE AND SUNSET
JULY 16 2016..........SUNRISE   613 AM CDT   SUNSET   842 PM CDT
JULY 17 2016..........SUNRISE   614 AM CDT   SUNSET   842 PM CDT


-  INDICATES NEGATIVE NUMBERS.
R  INDICATES RECORD WAS SET OR TIED.
MM INDICATES DATA IS MISSING.
T  INDICATES TRACE AMOUNT.




$$
