000
CDUS43 KICT 180632
CLICNU


CLIMATE REPORT
NATIONAL WEATHER SERVICE WICHITA KS
132 AM CDT SAT JUL 18 2015


...................................

...THE CHANUTE KS CLIMATE SUMMARY FOR JULY 17 2015...

CLIMATE NORMAL PERIOD 1981 TO 2010
CLIMATE RECORD PERIOD 1894 TO 2015


WEATHER ITEM   OBSERVED TIME   RECORD YEAR NORMAL DEPARTURE LAST
                VALUE   (LST)  VALUE       VALUE  FROM      YEAR
                                                  NORMAL
..................................................................
TEMPERATURE (F)
 YESTERDAY
  MAXIMUM         89    540 PM 111    1980  90     -1       73
  MINIMUM         76   1239 AM  56    1967  69      7       61
  AVERAGE         83                        80      3       67

PRECIPITATION (IN)
  YESTERDAY        T             3.10 1900   0.14  -0.14     0.07
  MONTH TO DATE    4.19                      2.59   1.60     0.86
  SINCE JUN 1      6.56                      8.62  -2.06     8.91
  SINCE JAN 1     24.53                     25.02  -0.49    18.37

DEGREE DAYS
 HEATING
  YESTERDAY        0                         0      0        0
  MONTH TO DATE    0                         0      0        1
  SINCE JUN 1      0                         6     -6        1
  SINCE JUL 1      0                         0      0        1

 COOLING
  YESTERDAY       18                        15      3        2
  MONTH TO DATE  237                       242     -5      161
  SINCE JUN 1    628                       534     94      459
  SINCE JAN 1    737                       667     70      651
..................................................................


WIND (MPH)
  HIGHEST WIND SPEED    20   HIGHEST WIND DIRECTION     S (190)
  HIGHEST GUST SPEED    26   HIGHEST GUST DIRECTION     S (180)
  AVERAGE WIND SPEED    10.5


SKY COVER
  POSSIBLE SUNSHINE  MM
  AVERAGE SKY COVER 0.0


WEATHER CONDITIONS
 THE FOLLOWING WEATHER WAS RECORDED YESTERDAY.
  THUNDERSTORM
  LIGHT RAIN


RELATIVE HUMIDITY (PERCENT)
 HIGHEST    85          1000 PM
 LOWEST     63           300 PM
 AVERAGE    74

..........................................................


THE CHANUTE KS CLIMATE NORMALS FOR TODAY
                         NORMAL    RECORD    YEAR
 MAXIMUM TEMPERATURE (F)   90       116      1936
 MINIMUM TEMPERATURE (F)   70        53      2009


SUNRISE AND SUNSET
JULY 18 2015..........SUNRISE   614 AM CDT   SUNSET   842 PM CDT
JULY 19 2015..........SUNRISE   615 AM CDT   SUNSET   841 PM CDT


-  INDICATES NEGATIVE NUMBERS.
R  INDICATES RECORD WAS SET OR TIED.
MM INDICATES DATA IS MISSING.
T  INDICATES TRACE AMOUNT.




$$
