000
CDUS43 KICT 060639
CLICNU

CLIMATE REPORT
NATIONAL WEATHER SERVICE WICHITA KS
1238 AM CST MON MAR 6 2017


...................................

...THE CHANUTE KS CLIMATE SUMMARY FOR MARCH 5 2017...

CLIMATE NORMAL PERIOD 1981 TO 2010
CLIMATE RECORD PERIOD 1894 TO 2017


WEATHER ITEM   OBSERVED TIME   RECORD YEAR NORMAL DEPARTURE LAST
                VALUE   (LST)  VALUE       VALUE  FROM      YEAR
                                                  NORMAL
..................................................................
TEMPERATURE (F)
 YESTERDAY
  MAXIMUM         63    157 PM  86    1956  54      9       71
  MINIMUM         53    508 AM   4    1960  33     20       30
  AVERAGE         58                        44     14       51

PRECIPITATION (IN)
  YESTERDAY        0.00          1.38 1992   0.10  -0.10     0.00
  MONTH TO DATE    0.00                      0.46  -0.46      T
  SINCE MAR 1      0.00                      0.46  -0.46      T
  SINCE JAN 1      2.15                      3.62  -1.47     1.08

DEGREE DAYS
 HEATING
  YESTERDAY        7                        22    -15       14
  MONTH TO DATE   74                       112    -38       84
  SINCE MAR 1     74                       112    -38       84
  SINCE JUL 1   2842                      3684   -842     3049

 COOLING
  YESTERDAY        0                         0      0        0
  MONTH TO DATE    0                         0      0        0
  SINCE MAR 1      0                         0      0        0
  SINCE JAN 1      3                         0      3        0
..................................................................


WIND (MPH)
  HIGHEST WIND SPEED    31   HIGHEST WIND DIRECTION     S (170)
  HIGHEST GUST SPEED    40   HIGHEST GUST DIRECTION     S (200)
  AVERAGE WIND SPEED    23.0


SKY COVER
  POSSIBLE SUNSHINE  MM
  AVERAGE SKY COVER 1.0


WEATHER CONDITIONS
 THE FOLLOWING WEATHER WAS RECORDED YESTERDAY.
  FOG


RELATIVE HUMIDITY (PERCENT)
 HIGHEST    86           800 PM
 LOWEST     55          1200 AM
 AVERAGE    71

..........................................................


THE CHANUTE KS CLIMATE NORMALS FOR TODAY
                         NORMAL    RECORD    YEAR
 MAXIMUM TEMPERATURE (F)   55        81      1925
 MINIMUM TEMPERATURE (F)   33         4      1960


SUNRISE AND SUNSET
MARCH  6 2017.........SUNRISE   646 AM CST   SUNSET   621 PM CST
MARCH  7 2017.........SUNRISE   644 AM CST   SUNSET   622 PM CST


-  INDICATES NEGATIVE NUMBERS.
R  INDICATES RECORD WAS SET OR TIED.
MM INDICATES DATA IS MISSING.
T  INDICATES TRACE AMOUNT.




$$
