000
CDUS43 KICT 220656
CLICNU


CLIMATE REPORT
NATIONAL WEATHER SERVICE WICHITA KS
156 AM CDT MON JUN 22 2015


...................................

...THE CHANUTE KS CLIMATE SUMMARY FOR JUNE 21 2015...

CLIMATE NORMAL PERIOD 1981 TO 2010
CLIMATE RECORD PERIOD 1894 TO 2015


WEATHER ITEM   OBSERVED TIME   RECORD YEAR NORMAL DEPARTURE LAST
                VALUE   (LST)  VALUE       VALUE  FROM      YEAR
                                                  NORMAL
..................................................................
TEMPERATURE (F)
 YESTERDAY
  MAXIMUM         89    147 PM 105    1936  86      3       90
  MINIMUM         73    552 AM  52    1961  66      7       72
  AVERAGE         81                        76      5       81

PRECIPITATION (IN)
  YESTERDAY        0.00          2.60 1942   0.19  -0.19     0.00
  MONTH TO DATE    2.21                      4.49  -2.28     6.21
  SINCE JUN 1      2.21                      4.49  -2.28     6.21
  SINCE JAN 1     20.18                     20.89  -0.71    15.67

DEGREE DAYS
 HEATING
  YESTERDAY        0                         0      0        0
  MONTH TO DATE    0                         4     -4        0
  SINCE JUN 1      0                         4     -4        0
  SINCE JUL 1   4455                      4481    -26     5090

 COOLING
  YESTERDAY       16                        11      5       16
  MONTH TO DATE  260                       182     78      193
  SINCE JUN 1    260                       182     78      193
  SINCE JAN 1    369                       315     54      385
..................................................................


WIND (MPH)
  HIGHEST WIND SPEED    22   HIGHEST WIND DIRECTION     S (190)
  HIGHEST GUST SPEED    28   HIGHEST GUST DIRECTION     S (190)
  AVERAGE WIND SPEED    13.2


SKY COVER
  POSSIBLE SUNSHINE  MM
  AVERAGE SKY COVER 0.1


WEATHER CONDITIONS
 THE FOLLOWING WEATHER WAS RECORDED YESTERDAY.
  NO SIGNIFICANT WEATHER WAS OBSERVED.


RELATIVE HUMIDITY (PERCENT)
 HIGHEST    93           400 AM
 LOWEST     61           500 PM
 AVERAGE    77

..........................................................


THE CHANUTE KS CLIMATE NORMALS FOR TODAY
                         NORMAL    RECORD    YEAR
 MAXIMUM TEMPERATURE (F)   86       102      1936
 MINIMUM TEMPERATURE (F)   67        52      1935


SUNRISE AND SUNSET
JUNE 22 2015..........SUNRISE   601 AM CDT   SUNSET   847 PM CDT
JUNE 23 2015..........SUNRISE   601 AM CDT   SUNSET   847 PM CDT


-  INDICATES NEGATIVE NUMBERS.
R  INDICATES RECORD WAS SET OR TIED.
MM INDICATES DATA IS MISSING.
T  INDICATES TRACE AMOUNT.




$$
