068
CDUS43 KICT 170633
CLICNU

CLIMATE REPORT
NATIONAL WEATHER SERVICE WICHITA KS
130 AM CDT TUE MAY 17 2016

...................................

...THE CHANUTE KS CLIMATE SUMMARY FOR MAY 16 2016...

CLIMATE NORMAL PERIOD 1981 TO 2010
CLIMATE RECORD PERIOD 1894 TO 2016


WEATHER ITEM   OBSERVED TIME   RECORD YEAR NORMAL DEPARTURE LAST
                VALUE   (LST)  VALUE       VALUE  FROM      YEAR
                                                  NORMAL
..................................................................
TEMPERATURE (F)
 YESTERDAY
  MAXIMUM         57    510 PM  94    1931  76    -19       81
  MINIMUM         52    538 AM  35    2014  56     -4       62
  AVERAGE         55                        66    -11       72

PRECIPITATION (IN)
  YESTERDAY        1.31          4.17 1957   0.19   1.12     1.66
  MONTH TO DATE    1.58                      2.70  -1.12     5.63
  SINCE MAR 1      8.46                     10.14  -1.68    10.71
  SINCE JAN 1      9.54                     13.30  -3.76    12.02

DEGREE DAYS
 HEATING
  YESTERDAY       10                         2      8        0
  MONTH TO DATE   82                        55     27       35
  SINCE MAR 1    645                       885   -240      717
  SINCE JUL 1   3610                      4457   -847     4407

 COOLING
  YESTERDAY        0                         3     -3        7
  MONTH TO DATE   20                        35    -15       56
  SINCE MAR 1     44                        66    -22       78
  SINCE JAN 1     44                        66    -22       78
..................................................................


WIND (MPH)
  HIGHEST WIND SPEED    16   HIGHEST WIND DIRECTION    SE (130)
  HIGHEST GUST SPEED    22   HIGHEST GUST DIRECTION    SE (140)
  AVERAGE WIND SPEED     8.9


SKY COVER
  POSSIBLE SUNSHINE  MM
  AVERAGE SKY COVER 1.0


WEATHER CONDITIONS
 THE FOLLOWING WEATHER WAS RECORDED YESTERDAY.
  THUNDERSTORM
  HEAVY RAIN
  RAIN
  LIGHT RAIN
  FOG


RELATIVE HUMIDITY (PERCENT)
 HIGHEST    96           500 AM
 LOWEST     57          1200 AM
 AVERAGE    77

..........................................................


THE CHANUTE KS CLIMATE NORMALS FOR TODAY
                         NORMAL    RECORD    YEAR
 MAXIMUM TEMPERATURE (F)   76        91      1911
 MINIMUM TEMPERATURE (F)   56        39      1945


SUNRISE AND SUNSET
MAY 17 2016...........SUNRISE   610 AM CDT   SUNSET   827 PM CDT
MAY 18 2016...........SUNRISE   610 AM CDT   SUNSET   828 PM CDT


-  INDICATES NEGATIVE NUMBERS.
R  INDICATES RECORD WAS SET OR TIED.
MM INDICATES DATA IS MISSING.
T  INDICATES TRACE AMOUNT.

$$
