000
CDUS43 KICT 040621
CLICNU


CLIMATE REPORT
NATIONAL WEATHER SERVICE WICHITA KS
1220 AM CST SAT MAR 4 2017


...................................

...THE CHANUTE KS CLIMATE SUMMARY FOR MARCH 3 2017...

CLIMATE NORMAL PERIOD 1981 TO 2010
CLIMATE RECORD PERIOD 1894 TO 2017


WEATHER ITEM   OBSERVED TIME   RECORD YEAR NORMAL DEPARTURE LAST
                VALUE   (LST)  VALUE       VALUE  FROM      YEAR
                                                  NORMAL
..................................................................
TEMPERATURE (F)
 YESTERDAY
  MAXIMUM         67    453 PM  84    1901  54     13       62
  MINIMUM         31    726 AM   0    2002  32     -1       38
  AVERAGE         49                        43      6       50

PRECIPITATION (IN)
  YESTERDAY        0.00          1.19 1988   0.09  -0.09      T
  MONTH TO DATE    0.00                      0.26  -0.26      T
  SINCE MAR 1      0.00                      0.26  -0.26      T
  SINCE JAN 1      2.15                      3.42  -1.27     1.08

DEGREE DAYS
 HEATING
  YESTERDAY       16                        22     -6       15
  MONTH TO DATE   60                        68     -8       54
  SINCE MAR 1     60                        68     -8       54
  SINCE JUL 1   2828                      3640   -812     3019

 COOLING
  YESTERDAY        0                         0      0        0
  MONTH TO DATE    0                         0      0        0
  SINCE MAR 1      0                         0      0        0
  SINCE JAN 1      3                         0      3        0
..................................................................


WIND (MPH)
  HIGHEST WIND SPEED    25   HIGHEST WIND DIRECTION     S (200)
  HIGHEST GUST SPEED    34   HIGHEST GUST DIRECTION     S (180)
  AVERAGE WIND SPEED    12.2


SKY COVER
  POSSIBLE SUNSHINE  MM
  AVERAGE SKY COVER 0.0


WEATHER CONDITIONS
 THE FOLLOWING WEATHER WAS RECORDED YESTERDAY.
  NO SIGNIFICANT WEATHER WAS OBSERVED.


RELATIVE HUMIDITY (PERCENT)
 HIGHEST    69           700 AM
 LOWEST     18           400 PM
 AVERAGE    44

..........................................................


THE CHANUTE KS CLIMATE NORMALS FOR TODAY
                         NORMAL    RECORD    YEAR
 MAXIMUM TEMPERATURE (F)   54        81      1938
 MINIMUM TEMPERATURE (F)   32        -3      2002


SUNRISE AND SUNSET
MARCH  4 2017.........SUNRISE   649 AM CST   SUNSET   619 PM CST
MARCH  5 2017.........SUNRISE   647 AM CST   SUNSET   620 PM CST


-  INDICATES NEGATIVE NUMBERS.
R  INDICATES RECORD WAS SET OR TIED.
MM INDICATES DATA IS MISSING.
T  INDICATES TRACE AMOUNT.




$$
