000
CDUS43 KICT 130645
CLICNU


CLIMATE REPORT
NATIONAL WEATHER SERVICE WICHITA KS
1245 AM CST THU NOV 13 2014


...................................

...THE CHANUTE KS CLIMATE SUMMARY FOR NOVEMBER 12 2014...

CLIMATE NORMAL PERIOD 1981 TO 2010
CLIMATE RECORD PERIOD 1894 TO 2014


WEATHER ITEM   OBSERVED TIME   RECORD YEAR NORMAL DEPARTURE LAST
                VALUE   (LST)  VALUE       VALUE  FROM      YEAR
                                                  NORMAL
..................................................................
TEMPERATURE (F)
 YESTERDAY
  MAXIMUM         30    300 PM  82    1999  59    -29       37
  MINIMUM         23   1100 PM   8    1911  38    -15       21
  AVERAGE         27                        48    -21       29

PRECIPITATION (IN)
  YESTERDAY        0.00          1.33 1922   0.09  -0.09     0.00
  MONTH TO DATE    1.15                      1.08   0.07     1.11
  SINCE SEP 1      8.83                      8.41   0.42    11.25
  SINCE JAN 1     29.31                     38.90  -9.59    46.87

DEGREE DAYS
 HEATING
  YESTERDAY       38                        17     21       36
  MONTH TO DATE  190                       174     16      192
  SINCE SEP 1    399                       461    -62      479
  SINCE JUL 1    400                       462    -62      479

 COOLING
  YESTERDAY        0                         0      0        0
  MONTH TO DATE    0                         0      0        0
  SINCE SEP 1    224                       225     -1      293
  SINCE JAN 1   1512                      1529    -17     1560
..................................................................


WIND (MPH)
  HIGHEST WIND SPEED    15   HIGHEST WIND DIRECTION    NW (330)
  HIGHEST GUST SPEED    22   HIGHEST GUST DIRECTION    NW (320)
  AVERAGE WIND SPEED    12.9


SKY COVER
  POSSIBLE SUNSHINE  MM
  AVERAGE SKY COVER 0.1


WEATHER CONDITIONS
 THE FOLLOWING WEATHER WAS RECORDED YESTERDAY.
  NO SIGNIFICANT WEATHER WAS OBSERVED.


RELATIVE HUMIDITY (PERCENT)
 HIGHEST    50           900 PM
 LOWEST     36           300 PM
 AVERAGE    43

..........................................................


THE CHANUTE KS CLIMATE NORMALS FOR TODAY
                         NORMAL    RECORD    YEAR
 MAXIMUM TEMPERATURE (F)   58        82      1999
 MINIMUM TEMPERATURE (F)   37         6      1940


SUNRISE AND SUNSET
NOVEMBER 13 2014......SUNRISE   700 AM CST   SUNSET   512 PM CST
NOVEMBER 14 2014......SUNRISE   701 AM CST   SUNSET   512 PM CST


-  INDICATES NEGATIVE NUMBERS.
R  INDICATES RECORD WAS SET OR TIED.
MM INDICATES DATA IS MISSING.
T  INDICATES TRACE AMOUNT.




$$
