000
CDUS43 KICT 150658
CLICNU


CLIMATE REPORT
NATIONAL WEATHER SERVICE WICHITA KS
157 AM CDT FRI JUL 15 2016


...................................

...THE CHANUTE KS CLIMATE SUMMARY FOR JULY 14 2016...

CLIMATE NORMAL PERIOD 1981 TO 2010
CLIMATE RECORD PERIOD 1894 TO 2016


WEATHER ITEM   OBSERVED TIME   RECORD YEAR NORMAL DEPARTURE LAST
                VALUE   (LST)  VALUE       VALUE  FROM      YEAR
                                                  NORMAL
..................................................................
TEMPERATURE (F)
 YESTERDAY
  MAXIMUM         82    726 AM 115    1954  90     -8       92
  MINIMUM         68   1030 PM  51    1950  69     -1       73
  AVERAGE         75                        80     -5       83

PRECIPITATION (IN)
  YESTERDAY        1.47          6.51 1959   0.15   1.32     0.02
  MONTH TO DATE    1.56                      2.16  -0.60     4.19
  SINCE JUN 1      4.76                      8.19  -3.43     6.56
  SINCE JAN 1     16.55                     24.59  -8.04    24.53

DEGREE DAYS
 HEATING
  YESTERDAY        0                         0      0        0
  MONTH TO DATE    0                         0      0        0
  SINCE JUN 1      0                         6     -6        0
  SINCE JUL 1      0                         0      0        0

 COOLING
  YESTERDAY       10                        15     -5       18
  MONTH TO DATE  207                       197     10      180
  SINCE JUN 1    641                       489    152      571
  SINCE JAN 1    748                       622    126      680
..................................................................


WIND (MPH)
  HIGHEST WIND SPEED    24   HIGHEST WIND DIRECTION    NW (310)
  HIGHEST GUST SPEED    32   HIGHEST GUST DIRECTION    NW (320)
  AVERAGE WIND SPEED     5.8


SKY COVER
  POSSIBLE SUNSHINE  MM
  AVERAGE SKY COVER 0.3


WEATHER CONDITIONS
 THE FOLLOWING WEATHER WAS RECORDED YESTERDAY.
  THUNDERSTORM
  HEAVY RAIN
  RAIN
  LIGHT RAIN
  FOG


RELATIVE HUMIDITY (PERCENT)
 HIGHEST    93           100 PM
 LOWEST     62           400 PM
 AVERAGE    78

..........................................................


THE CHANUTE KS CLIMATE NORMALS FOR TODAY
                         NORMAL    RECORD    YEAR
 MAXIMUM TEMPERATURE (F)   90       115      1936
 MINIMUM TEMPERATURE (F)   69        52      1930


SUNRISE AND SUNSET
JULY 15 2016..........SUNRISE   613 AM CDT   SUNSET   843 PM CDT
JULY 16 2016..........SUNRISE   613 AM CDT   SUNSET   842 PM CDT


-  INDICATES NEGATIVE NUMBERS.
R  INDICATES RECORD WAS SET OR TIED.
MM INDICATES DATA IS MISSING.
T  INDICATES TRACE AMOUNT.




$$
