000
CDUS43 KICT 050712
CLICNU

CLIMATE REPORT
NATIONAL WEATHER SERVICE WICHITA KS
110 AM CST FRI DEC 5 2014

...................................

...THE CHANUTE KS CLIMATE SUMMARY FOR DECEMBER 4 2014...

CLIMATE NORMAL PERIOD 1981 TO 2010
CLIMATE RECORD PERIOD 1894 TO 2014


WEATHER ITEM   OBSERVED TIME   RECORD YEAR NORMAL DEPARTURE LAST
                VALUE   (LST)  VALUE       VALUE  FROM      YEAR
                                                  NORMAL
..................................................................
TEMPERATURE (F)
 YESTERDAY
  MAXIMUM         48    247 PM  73    1916  47      1       49
  MINIMUM         37    518 AM   8    2006  28      9       25
  AVERAGE         43                        38      5       37

PRECIPITATION (IN)
  YESTERDAY        0.04          1.85 1973   0.07  -0.03     0.00
  MONTH TO DATE    0.04                      0.28  -0.24     0.00
  SINCE DEC 1      0.04                      0.28  -0.24     0.00
  SINCE JAN 1     29.55                     40.60 -11.05    47.59

DEGREE DAYS
 HEATING
  YESTERDAY       22                        27     -5       28
  MONTH TO DATE  128                       107     21       87
  SINCE DEC 1    128                       107     21       87
  SINCE JUL 1   1070                       959    111     1007

 COOLING
  YESTERDAY        0                         0      0        0
  MONTH TO DATE    0                         0      0        0
  SINCE DEC 1      0                         0      0        0
  SINCE JAN 1   1512                      1532    -20     1560
..................................................................


WIND (MPH)
  HIGHEST WIND SPEED    12   HIGHEST WIND DIRECTION    SE (120)
  HIGHEST GUST SPEED    15   HIGHEST GUST DIRECTION    SE (120)
  AVERAGE WIND SPEED     4.6


SKY COVER
  POSSIBLE SUNSHINE  MM
  AVERAGE SKY COVER 1.0


WEATHER CONDITIONS
 THE FOLLOWING WEATHER WAS RECORDED YESTERDAY.
  LIGHT RAIN
  FOG
  FOG W/VISIBILITY <= 1/4 MILE


RELATIVE HUMIDITY (PERCENT)
 HIGHEST   100           300 AM
 LOWEST     54          1200 AM
 AVERAGE    77

..........................................................


THE CHANUTE KS CLIMATE NORMALS FOR TODAY
                         NORMAL    RECORD    YEAR
 MAXIMUM TEMPERATURE (F)   47        75      2001
 MINIMUM TEMPERATURE (F)   28         4      1950


SUNRISE AND SUNSET
DECEMBER  5 2014......SUNRISE   722 AM CST   SUNSET   503 PM CST
DECEMBER  6 2014......SUNRISE   723 AM CST   SUNSET   503 PM CST


-  INDICATES NEGATIVE NUMBERS.
R  INDICATES RECORD WAS SET OR TIED.
MM INDICATES DATA IS MISSING.
T  INDICATES TRACE AMOUNT.

$$
