698
CDUS43 KICT 060634
CLICNU


CLIMATE REPORT
NATIONAL WEATHER SERVICE WICHITA KS
134 AM CDT FRI OCT 6 2017


...................................

...THE CHANUTE KS CLIMATE SUMMARY FOR OCTOBER 5 2017...

CLIMATE NORMAL PERIOD 1981 TO 2010
CLIMATE RECORD PERIOD 1894 TO 2017


WEATHER ITEM   OBSERVED TIME   RECORD YEAR NORMAL DEPARTURE LAST
                VALUE   (LST)  VALUE       VALUE  FROM      YEAR
                                                  NORMAL
..................................................................
TEMPERATURE (F)
 YESTERDAY
  MAXIMUM         74    330 PM  95    1963  73      1       82
  MINIMUM         69    732 AM  34    1932  51     18       54
  AVERAGE         72                        62     10       68

PRECIPITATION (IN)
  YESTERDAY        T             1.26 1968   0.14  -0.14     0.01
  MONTH TO DATE    T                         0.73  -0.73     0.42
  SINCE SEP 1      3.59                      4.40  -0.81     7.33
  SINCE JAN 1     40.23                     34.89   5.34    32.56

DEGREE DAYS
 HEATING
  YESTERDAY        0                         5     -5        0
  MONTH TO DATE    0                        23    -23        2
  SINCE SEP 1      7                        69    -62       13
  SINCE JUL 1      7                        70    -63       13

 COOLING
  YESTERDAY        7                         2      5        3
  MONTH TO DATE   42                        10     32       18
  SINCE SEP 1    272                       203     69      279
  SINCE JAN 1   1579                      1507     72     1760
..................................................................


WIND (MPH)
  HIGHEST WIND SPEED    18   HIGHEST WIND DIRECTION     S (190)
  HIGHEST GUST SPEED    25   HIGHEST GUST DIRECTION     S (180)
  AVERAGE WIND SPEED     9.7


SKY COVER
  POSSIBLE SUNSHINE  MM
  AVERAGE SKY COVER 0.8


WEATHER CONDITIONS
 THE FOLLOWING WEATHER WAS RECORDED YESTERDAY.
  LIGHT RAIN
  FOG


RELATIVE HUMIDITY (PERCENT)
 HIGHEST    93           600 PM
 LOWEST     79          1100 AM
 AVERAGE    86

..........................................................


THE CHANUTE KS CLIMATE NORMALS FOR TODAY
                         NORMAL    RECORD    YEAR
 MAXIMUM TEMPERATURE (F)   73        97      1939
 MINIMUM TEMPERATURE (F)   50        31      1952


SUNRISE AND SUNSET
OCTOBER  6 2017.......SUNRISE   722 AM CDT   SUNSET   657 PM CDT
OCTOBER  7 2017.......SUNRISE   723 AM CDT   SUNSET   656 PM CDT


-  INDICATES NEGATIVE NUMBERS.
R  INDICATES RECORD WAS SET OR TIED.
MM INDICATES DATA IS MISSING.
T  INDICATES TRACE AMOUNT.




$$
