000
CDUS43 KICT 020715
CLICNU


CLIMATE REPORT
NATIONAL WEATHER SERVICE WICHITA KS
114 AM CST THU MAR 2 2017


...................................

...THE CHANUTE KS CLIMATE SUMMARY FOR MARCH 1 2017...

CLIMATE NORMAL PERIOD 1981 TO 2010
CLIMATE RECORD PERIOD 1894 TO 2017


WEATHER ITEM   OBSERVED TIME   RECORD YEAR NORMAL DEPARTURE LAST
                VALUE   (LST)  VALUE       VALUE  FROM      YEAR
                                                  NORMAL
..................................................................
TEMPERATURE (F)
 YESTERDAY
  MAXIMUM         57    234 PM  86    2006  53      4       60
  MINIMUM         28   1159 PM   5    1962  31     -3       30
  AVERAGE         43                        42      1       45

PRECIPITATION (IN)
  YESTERDAY        0.00          1.09 1953   0.09  -0.09      T
  MONTH TO DATE    0.00                      0.09  -0.09      T
  SINCE MAR 1      0.00                      0.09  -0.09      T
  SINCE JAN 1      2.15                      3.25  -1.10     1.08

DEGREE DAYS
 HEATING
  YESTERDAY       22                        23     -1       20
  MONTH TO DATE   22                        23     -1       20
  SINCE MAR 1     22                        23     -1       20
  SINCE JUL 1   2790                      3595   -805     2985

 COOLING
  YESTERDAY        0                         0      0        0
  MONTH TO DATE    0                         0      0        0
  SINCE MAR 1      0                         0      0        0
  SINCE JAN 1      3                         0      3        0
..................................................................


WIND (MPH)
  HIGHEST WIND SPEED    25   HIGHEST WIND DIRECTION    NW (320)
  HIGHEST GUST SPEED    32   HIGHEST GUST DIRECTION    NW (310)
  AVERAGE WIND SPEED    12.2


SKY COVER
  POSSIBLE SUNSHINE  MM
  AVERAGE SKY COVER 0.0


WEATHER CONDITIONS
 THE FOLLOWING WEATHER WAS RECORDED YESTERDAY.
  NO SIGNIFICANT WEATHER WAS OBSERVED.


RELATIVE HUMIDITY (PERCENT)
 HIGHEST    85           500 AM
 LOWEST     20           400 PM
 AVERAGE    53

..........................................................


THE CHANUTE KS CLIMATE NORMALS FOR TODAY
                         NORMAL    RECORD    YEAR
 MAXIMUM TEMPERATURE (F)   53        86      1901
 MINIMUM TEMPERATURE (F)   32         3      1980


SUNRISE AND SUNSET
MARCH  2 2017.........SUNRISE   652 AM CST   SUNSET   617 PM CST
MARCH  3 2017.........SUNRISE   650 AM CST   SUNSET   618 PM CST


-  INDICATES NEGATIVE NUMBERS.
R  INDICATES RECORD WAS SET OR TIED.
MM INDICATES DATA IS MISSING.
T  INDICATES TRACE AMOUNT.




$$
