000
CDUS43 KICT 030632
CLICNU


CLIMATE REPORT
NATIONAL WEATHER SERVICE WICHITA KS
132 AM CDT WED SEP 3 2014


...................................

...THE CHANUTE KS CLIMATE SUMMARY FOR SEPTEMBER 2 2014...

CLIMATE NORMAL PERIOD 1981 TO 2010
CLIMATE RECORD PERIOD 1894 TO 2014


WEATHER ITEM   OBSERVED TIME   RECORD YEAR NORMAL DEPARTURE LAST
                VALUE   (LST)  VALUE       VALUE  FROM      YEAR
                                                  NORMAL
..................................................................
TEMPERATURE (F)
 YESTERDAY
  MAXIMUM         86    323 PM 107    2000  87     -1       87
  MINIMUM         69    911 AM  48    1974  64      5       61
  AVERAGE         78                        76      2       74

PRECIPITATION (IN)
  YESTERDAY        0.12          2.39 2009   0.11   0.01     0.00
  MONTH TO DATE    0.12                      0.22  -0.10     0.00
  SINCE SEP 1      0.12                      0.22  -0.10     0.00
  SINCE JAN 1     20.60                     30.71 -10.11    35.62

DEGREE DAYS
 HEATING
  YESTERDAY        0                         0      0        0
  MONTH TO DATE    0                         0      0        0
  SINCE SEP 1      0                         0      0        0
  SINCE JUL 1      1                         1      0        0

 COOLING
  YESTERDAY       13                        11      2        9
  MONTH TO DATE   22                        22      0       23
  SINCE SEP 1     22                        22      0       23
  SINCE JAN 1   1310                      1326    -16     1290
..................................................................


WIND (MPH)
  HIGHEST WIND SPEED    18   HIGHEST WIND DIRECTION     S (180)
  HIGHEST GUST SPEED    23   HIGHEST GUST DIRECTION     S (180)
  AVERAGE WIND SPEED     6.5


SKY COVER
  POSSIBLE SUNSHINE  MM
  AVERAGE SKY COVER 0.2


WEATHER CONDITIONS
 THE FOLLOWING WEATHER WAS RECORDED YESTERDAY.
  THUNDERSTORM
  HEAVY RAIN
  RAIN
  LIGHT RAIN
  FOG


RELATIVE HUMIDITY (PERCENT)
 HIGHEST    97           300 AM
 LOWEST     48           300 PM
 AVERAGE    73

..........................................................


THE CHANUTE KS CLIMATE NORMALS FOR TODAY
                         NORMAL    RECORD    YEAR
 MAXIMUM TEMPERATURE (F)   86       106      1947
 MINIMUM TEMPERATURE (F)   64        45      1974


SUNRISE AND SUNSET
SEPTEMBER  3 2014.....SUNRISE   654 AM CDT   SUNSET   748 PM CDT
SEPTEMBER  4 2014.....SUNRISE   655 AM CDT   SUNSET   747 PM CDT


-  INDICATES NEGATIVE NUMBERS.
R  INDICATES RECORD WAS SET OR TIED.
MM INDICATES DATA IS MISSING.
T  INDICATES TRACE AMOUNT.




$$
