000
CDUS43 KICT 100631
CLICNU

CLIMATE REPORT
NATIONAL WEATHER SERVICE WICHITA KS
131 AM CDT SUN JUL 10 2016


...................................

...THE CHANUTE KS CLIMATE SUMMARY FOR JULY 9 2016...

CLIMATE NORMAL PERIOD 1981 TO 2010
CLIMATE RECORD PERIOD 1894 TO 2016


WEATHER ITEM   OBSERVED TIME   RECORD YEAR NORMAL DEPARTURE LAST
                VALUE   (LST)  VALUE       VALUE  FROM      YEAR
                                                  NORMAL
..................................................................
TEMPERATURE (F)
 YESTERDAY
  MAXIMUM         90    455 PM 107    1980  89      1       75
  MINIMUM         73    446 AM  55    1947  69      4       66
  AVERAGE         82                        79      3       71

PRECIPITATION (IN)
  YESTERDAY        0.00          2.04 1909   0.16  -0.16     0.06
  MONTH TO DATE    0.03                      1.42  -1.39     4.10
  SINCE JUN 1      3.23                      7.45  -4.22     6.47
  SINCE JAN 1     15.02                     23.85  -8.83    24.44

DEGREE DAYS
 HEATING
  YESTERDAY        0                         0      0        0
  MONTH TO DATE    0                         0      0        0
  SINCE JUN 1      0                         6     -6        0
  SINCE JUL 1      0                         0      0        0

 COOLING
  YESTERDAY       17                        14      3        6
  MONTH TO DATE  134                       124     10       96
  SINCE JUN 1    568                       416    152      487
  SINCE JAN 1    675                       549    126      596
..................................................................


WIND (MPH)
  HIGHEST WIND SPEED    14   HIGHEST WIND DIRECTION     S (200)
  HIGHEST GUST SPEED    18   HIGHEST GUST DIRECTION     S (160)
  AVERAGE WIND SPEED     7.6


SKY COVER
  POSSIBLE SUNSHINE  MM
  AVERAGE SKY COVER 0.1


WEATHER CONDITIONS
 THE FOLLOWING WEATHER WAS RECORDED YESTERDAY.
  NO SIGNIFICANT WEATHER WAS OBSERVED.


RELATIVE HUMIDITY (PERCENT)
 HIGHEST    94           600 AM
 LOWEST     59          1100 AM
 AVERAGE    77

..........................................................


THE CHANUTE KS CLIMATE NORMALS FOR TODAY
                         NORMAL    RECORD    YEAR
 MAXIMUM TEMPERATURE (F)   90       109      1980
 MINIMUM TEMPERATURE (F)   69        56      1961


SUNRISE AND SUNSET
JULY 10 2016..........SUNRISE   609 AM CDT   SUNSET   845 PM CDT
JULY 11 2016..........SUNRISE   610 AM CDT   SUNSET   845 PM CDT


-  INDICATES NEGATIVE NUMBERS.
R  INDICATES RECORD WAS SET OR TIED.
MM INDICATES DATA IS MISSING.
T  INDICATES TRACE AMOUNT.




$$
