700
CDUS43 KICT 120627
CLICNU


CLIMATE REPORT
NATIONAL WEATHER SERVICE WICHITA KS
127 AM CDT MON SEP 12 2016


...................................

...THE CHANUTE KS CLIMATE SUMMARY FOR SEPTEMBER 11 2016...

CLIMATE NORMAL PERIOD 1981 TO 2010
CLIMATE RECORD PERIOD 1894 TO 2016


WEATHER ITEM   OBSERVED TIME   RECORD YEAR NORMAL DEPARTURE LAST
                VALUE   (LST)  VALUE       VALUE  FROM      YEAR
                                                  NORMAL
..................................................................
TEMPERATURE (F)
 YESTERDAY
  MAXIMUM         80    426 PM 105    1909  83     -3       77
  MINIMUM         51    557 AM  43    1959  61    -10       53
  AVERAGE         66                        72     -6       65

PRECIPITATION (IN)
  YESTERDAY        0.00          2.34 1913   0.11  -0.11     0.03
  MONTH TO DATE    4.24                      1.22   3.02     1.29
  SINCE SEP 1      4.24                      1.22   3.02     1.29
  SINCE JAN 1     29.47                     31.71  -2.24    32.60

DEGREE DAYS
 HEATING
  YESTERDAY        0                         1     -1        0
  MONTH TO DATE    0                         2     -2        0
  SINCE SEP 1      0                         2     -2        0
  SINCE JUL 1      0                         3     -3        0

 COOLING
  YESTERDAY        1                         8     -7        0
  MONTH TO DATE  113                       103     10      137
  SINCE SEP 1    113                       103     10      137
  SINCE JAN 1   1594                      1407    187     1456
..................................................................


WIND (MPH)
  HIGHEST WIND SPEED    14   HIGHEST WIND DIRECTION    SE (150)
  HIGHEST GUST SPEED    19   HIGHEST GUST DIRECTION     S (180)
  AVERAGE WIND SPEED     6.7


SKY COVER
  POSSIBLE SUNSHINE  MM
  AVERAGE SKY COVER 0.0


WEATHER CONDITIONS
 THE FOLLOWING WEATHER WAS RECORDED YESTERDAY.
  NO SIGNIFICANT WEATHER WAS OBSERVED.


RELATIVE HUMIDITY (PERCENT)
 HIGHEST   100           500 AM
 LOWEST     39           400 PM
 AVERAGE    70

..........................................................


THE CHANUTE KS CLIMATE NORMALS FOR TODAY
                         NORMAL    RECORD    YEAR
 MAXIMUM TEMPERATURE (F)   83       103      1909
 MINIMUM TEMPERATURE (F)   60        34      2010


SUNRISE AND SUNSET
SEPTEMBER 12 2016.....SUNRISE   702 AM CDT   SUNSET   734 PM CDT
SEPTEMBER 13 2016.....SUNRISE   703 AM CDT   SUNSET   732 PM CDT


-  INDICATES NEGATIVE NUMBERS.
R  INDICATES RECORD WAS SET OR TIED.
MM INDICATES DATA IS MISSING.
T  INDICATES TRACE AMOUNT.




$$
