000
CDUS43 KICT 040622
CLICNU


CLIMATE REPORT
NATIONAL WEATHER SERVICE WICHITA KS
122 AM CDT SUN SEP 4 2016


...................................

...THE CHANUTE KS CLIMATE SUMMARY FOR SEPTEMBER 3 2016...

CLIMATE NORMAL PERIOD 1981 TO 2010
CLIMATE RECORD PERIOD 1894 TO 2016


WEATHER ITEM   OBSERVED TIME   RECORD YEAR NORMAL DEPARTURE LAST
                VALUE   (LST)  VALUE       VALUE  FROM      YEAR
                                                  NORMAL
..................................................................
TEMPERATURE (F)
 YESTERDAY
  MAXIMUM         81    419 PM 106    1947  86     -5       89
  MINIMUM         59    625 AM  45    1974  64     -5       68
  AVERAGE         70                        75     -5       79

PRECIPITATION (IN)
  YESTERDAY        0.00          3.47 1961   0.10  -0.10     0.00
  MONTH TO DATE    0.00                      0.32  -0.32     0.00
  SINCE SEP 1      0.00                      0.32  -0.32     0.00
  SINCE JAN 1     25.23                     30.81  -5.58    31.31

DEGREE DAYS
 HEATING
  YESTERDAY        0                         0      0        0
  MONTH TO DATE    0                         0      0        0
  SINCE SEP 1      0                         0      0        0
  SINCE JUL 1      0                         1     -1        0

 COOLING
  YESTERDAY        5                        10     -5       14
  MONTH TO DATE   19                        32    -13       40
  SINCE SEP 1     19                        32    -13       40
  SINCE JAN 1   1500                      1336    164     1359
..................................................................


WIND (MPH)
  HIGHEST WIND SPEED    13   HIGHEST WIND DIRECTION    SE (130)
  HIGHEST GUST SPEED    17   HIGHEST GUST DIRECTION    SE (150)
  AVERAGE WIND SPEED     7.4


SKY COVER
  POSSIBLE SUNSHINE  MM
  AVERAGE SKY COVER 0.0


WEATHER CONDITIONS
 THE FOLLOWING WEATHER WAS RECORDED YESTERDAY.
  NO SIGNIFICANT WEATHER WAS OBSERVED.


RELATIVE HUMIDITY (PERCENT)
 HIGHEST    90           700 AM
 LOWEST     45           200 PM
 AVERAGE    68

..........................................................


THE CHANUTE KS CLIMATE NORMALS FOR TODAY
                         NORMAL    RECORD    YEAR
 MAXIMUM TEMPERATURE (F)   86       102      1978
 MINIMUM TEMPERATURE (F)   64        42      1974


SUNRISE AND SUNSET
SEPTEMBER  4 2016.....SUNRISE   655 AM CDT   SUNSET   746 PM CDT
SEPTEMBER  5 2016.....SUNRISE   656 AM CDT   SUNSET   744 PM CDT


-  INDICATES NEGATIVE NUMBERS.
R  INDICATES RECORD WAS SET OR TIED.
MM INDICATES DATA IS MISSING.
T  INDICATES TRACE AMOUNT.




$$
