000
CDUS43 KICT 030622
CLICNU


CLIMATE REPORT
NATIONAL WEATHER SERVICE WICHITA KS
121 AM CDT SUN JUL 3 2016


...................................

...THE CHANUTE KS CLIMATE SUMMARY FOR JULY 2 2016...

CLIMATE NORMAL PERIOD 1981 TO 2010
CLIMATE RECORD PERIOD 1894 TO 2016


WEATHER ITEM   OBSERVED TIME   RECORD YEAR NORMAL DEPARTURE LAST
                VALUE   (LST)  VALUE       VALUE  FROM      YEAR
                                                  NORMAL
..................................................................
TEMPERATURE (F)
 YESTERDAY
  MAXIMUM         89    350 PM 109    1933  89      0       82
  MINIMUM         72    515 AM  55    2013  68      4       70
  AVERAGE         81                        78      3       76

PRECIPITATION (IN)
  YESTERDAY        T             2.95 1922   0.17  -0.17     0.02
  MONTH TO DATE    T                         0.32  -0.32     0.02
  SINCE JUN 1      3.20                      6.35  -3.15     2.39
  SINCE JAN 1     14.99                     22.75  -7.76    20.36

DEGREE DAYS
 HEATING
  YESTERDAY        0                         0      0        0
  MONTH TO DATE    0                         0      0        0
  SINCE JUN 1      0                         6     -6        0
  SINCE JUL 1      0                         0      0        0

 COOLING
  YESTERDAY       16                        13      3       11
  MONTH TO DATE   29                        26      3       29
  SINCE JUN 1    463                       318    145      420
  SINCE JAN 1    570                       451    119      529
..................................................................


WIND (MPH)
  HIGHEST WIND SPEED    28   HIGHEST WIND DIRECTION    NW (310)
  HIGHEST GUST SPEED    34   HIGHEST GUST DIRECTION    NW (300)
  AVERAGE WIND SPEED     6.6


SKY COVER
  POSSIBLE SUNSHINE  MM
  AVERAGE SKY COVER 0.6


WEATHER CONDITIONS
 THE FOLLOWING WEATHER WAS RECORDED YESTERDAY.
  THUNDERSTORM
  RAIN
  LIGHT RAIN
  FOG


RELATIVE HUMIDITY (PERCENT)
 HIGHEST    93           400 AM
 LOWEST     59           400 PM
 AVERAGE    76

..........................................................


THE CHANUTE KS CLIMATE NORMALS FOR TODAY
                         NORMAL    RECORD    YEAR
 MAXIMUM TEMPERATURE (F)   89       107      1911
 MINIMUM TEMPERATURE (F)   69        48      1924


SUNRISE AND SUNSET
JULY  3 2016..........SUNRISE   605 AM CDT   SUNSET   847 PM CDT
JULY  4 2016..........SUNRISE   606 AM CDT   SUNSET   847 PM CDT


-  INDICATES NEGATIVE NUMBERS.
R  INDICATES RECORD WAS SET OR TIED.
MM INDICATES DATA IS MISSING.
T  INDICATES TRACE AMOUNT.




$$
