000
CDUS43 KICT 250624
CLICNU


CLIMATE REPORT
NATIONAL WEATHER SERVICE WICHITA KS
1224 AM CST WED JAN 25 2017


...................................

...THE CHANUTE KS CLIMATE SUMMARY FOR JANUARY 24 2017...

CLIMATE NORMAL PERIOD 1981 TO 2010
CLIMATE RECORD PERIOD 1894 TO 2017


WEATHER ITEM   OBSERVED TIME   RECORD YEAR NORMAL DEPARTURE LAST
                VALUE   (LST)  VALUE       VALUE  FROM      YEAR
                                                  NORMAL
..................................................................
TEMPERATURE (F)
 YESTERDAY
  MAXIMUM         67    418 PM  75    1950  43     24       51
  MINIMUM         38    317 AM  -6    1963  23     15       30
  AVERAGE         53                        33     20       41

PRECIPITATION (IN)
  YESTERDAY        0.00          0.85 1921   0.04  -0.04     0.00
  MONTH TO DATE    1.84                      0.94   0.90     0.78
  SINCE DEC 1      2.62                      2.69  -0.07     4.33
  SINCE JAN 1      1.84                      0.94   0.90     0.78

DEGREE DAYS
 HEATING
  YESTERDAY       12                        32    -20       24
  MONTH TO DATE  670                       788   -118      818
  SINCE DEC 1   1612                      1729   -117     1530
  SINCE JUL 1   2090                      2581   -491     2173

 COOLING
  YESTERDAY        0                         0      0        0
  MONTH TO DATE    0                         0      0        0
  SINCE DEC 1      0                         0      0        0
  SINCE JAN 1      0                         0      0        0
..................................................................


WIND (MPH)
  HIGHEST WIND SPEED    28   HIGHEST WIND DIRECTION     S (180)
  HIGHEST GUST SPEED    36   HIGHEST GUST DIRECTION     S (190)
  AVERAGE WIND SPEED    15.0


SKY COVER
  POSSIBLE SUNSHINE  MM
  AVERAGE SKY COVER 0.0


WEATHER CONDITIONS
 THE FOLLOWING WEATHER WAS RECORDED YESTERDAY.
  NO SIGNIFICANT WEATHER WAS OBSERVED.


RELATIVE HUMIDITY (PERCENT)
 HIGHEST    82           300 AM
 LOWEST     40           200 PM
 AVERAGE    61

..........................................................


THE CHANUTE KS CLIMATE NORMALS FOR TODAY
                         NORMAL    RECORD    YEAR
 MAXIMUM TEMPERATURE (F)   43        73      1910
 MINIMUM TEMPERATURE (F)   23        -6      1940


SUNRISE AND SUNSET
JANUARY 25 2017.......SUNRISE   731 AM CST   SUNSET   538 PM CST
JANUARY 26 2017.......SUNRISE   730 AM CST   SUNSET   539 PM CST


-  INDICATES NEGATIVE NUMBERS.
R  INDICATES RECORD WAS SET OR TIED.
MM INDICATES DATA IS MISSING.
T  INDICATES TRACE AMOUNT.




$$
