000
CDUS43 KICT 030625
CLICNU


CLIMATE REPORT
NATIONAL WEATHER SERVICE WICHITA KS
125 AM CDT MON APR 3 2017


...................................

...THE CHANUTE KS CLIMATE SUMMARY FOR APRIL 2 2017...

CLIMATE NORMAL PERIOD 1981 TO 2010
CLIMATE RECORD PERIOD 1894 TO 2017


WEATHER ITEM   OBSERVED TIME   RECORD YEAR NORMAL DEPARTURE LAST
                VALUE   (LST)  VALUE       VALUE  FROM      YEAR
                                                  NORMAL
..................................................................
TEMPERATURE (F)
 YESTERDAY
  MAXIMUM         67    145 PM  89    1918  64      3       71
  MINIMUM         50    101 AM  20    1936  41      9       26
  AVERAGE         59                        52      7       49

PRECIPITATION (IN)
  YESTERDAY        1.23          1.24 1965   0.12   1.11     0.00
  MONTH TO DATE    1.42                      0.24   1.18     0.00
  SINCE MAR 1      3.44                      3.28   0.16     1.41
  SINCE JAN 1      5.59                      6.44  -0.85     2.49

DEGREE DAYS
 HEATING
  YESTERDAY        6                        13     -7       16
  MONTH TO DATE   18                        26     -8       35
  SINCE MAR 1    428                       585   -157      423
  SINCE JUL 1   3196                      4157   -961     3388

 COOLING
  YESTERDAY        0                         0      0        0
  MONTH TO DATE    0                         0      0        0
  SINCE MAR 1     17                         4     13        0
  SINCE JAN 1     20                         4     16        0
..................................................................


WIND (MPH)
  HIGHEST WIND SPEED    15   HIGHEST WIND DIRECTION    SE (120)
  HIGHEST GUST SPEED    21   HIGHEST GUST DIRECTION    SE (120)
  AVERAGE WIND SPEED     6.9


SKY COVER
  POSSIBLE SUNSHINE  MM
  AVERAGE SKY COVER 0.8


WEATHER CONDITIONS
 THE FOLLOWING WEATHER WAS RECORDED YESTERDAY.
  HEAVY RAIN
  RAIN
  LIGHT RAIN
  FOG


RELATIVE HUMIDITY (PERCENT)
 HIGHEST   100           600 AM
 LOWEST     73           100 PM
 AVERAGE    87

..........................................................


THE CHANUTE KS CLIMATE NORMALS FOR TODAY
                         NORMAL    RECORD    YEAR
 MAXIMUM TEMPERATURE (F)   64        88      2011
 MINIMUM TEMPERATURE (F)   42        14      1936


SUNRISE AND SUNSET
APRIL  3 2017.........SUNRISE   704 AM CDT   SUNSET   747 PM CDT
APRIL  4 2017.........SUNRISE   702 AM CDT   SUNSET   748 PM CDT


-  INDICATES NEGATIVE NUMBERS.
R  INDICATES RECORD WAS SET OR TIED.
MM INDICATES DATA IS MISSING.
T  INDICATES TRACE AMOUNT.




$$
