000
CDUS43 KICT 110634
CLICNU


CLIMATE REPORT
NATIONAL WEATHER SERVICE WICHITA KS
1234 AM CST THU DEC 11 2014


...................................

...THE CHANUTE KS CLIMATE SUMMARY FOR DECEMBER 10 2014...

CLIMATE NORMAL PERIOD 1981 TO 2010
CLIMATE RECORD PERIOD 1894 TO 2014


WEATHER ITEM   OBSERVED TIME   RECORD YEAR NORMAL DEPARTURE LAST
                VALUE   (LST)  VALUE       VALUE  FROM      YEAR
                                                  NORMAL
..................................................................
TEMPERATURE (F)
 YESTERDAY
  MAXIMUM         43    323 PM  72    1939  45     -2       37
  MINIMUM         28    604 AM  -3    1917  26      2        9
  AVERAGE         36                        36      0       23

PRECIPITATION (IN)
  YESTERDAY        T             1.69 1960   0.06  -0.06     0.00
  MONTH TO DATE    1.31                      0.65   0.66      T
  SINCE DEC 1      1.31                      0.65   0.66      T
  SINCE JAN 1     30.82                     40.97 -10.15    47.59

DEGREE DAYS
 HEATING
  YESTERDAY       29                        29      0       42
  MONTH TO DATE  266                       278    -12      360
  SINCE DEC 1    266                       278    -12      360
  SINCE JUL 1   1208                      1130     78     1280

 COOLING
  YESTERDAY        0                         0      0        0
  MONTH TO DATE    0                         0      0        0
  SINCE DEC 1      0                         0      0        0
  SINCE JAN 1   1512                      1532    -20     1560
..................................................................


WIND (MPH)
  HIGHEST WIND SPEED    10   HIGHEST WIND DIRECTION     E (80)
  HIGHEST GUST SPEED    14   HIGHEST GUST DIRECTION     E (100)
  AVERAGE WIND SPEED     6.1


SKY COVER
  POSSIBLE SUNSHINE  MM
  AVERAGE SKY COVER 0.7


WEATHER CONDITIONS
 THE FOLLOWING WEATHER WAS RECORDED YESTERDAY.
  FOG


RELATIVE HUMIDITY (PERCENT)
 HIGHEST    92          1200 AM
 LOWEST     70           300 PM
 AVERAGE    81

..........................................................


THE CHANUTE KS CLIMATE NORMALS FOR TODAY
                         NORMAL    RECORD    YEAR
 MAXIMUM TEMPERATURE (F)   45        72      1939
 MINIMUM TEMPERATURE (F)   26         1      1917


SUNRISE AND SUNSET
DECEMBER 11 2014......SUNRISE   727 AM CST   SUNSET   504 PM CST
DECEMBER 12 2014......SUNRISE   728 AM CST   SUNSET   504 PM CST


-  INDICATES NEGATIVE NUMBERS.
R  INDICATES RECORD WAS SET OR TIED.
MM INDICATES DATA IS MISSING.
T  INDICATES TRACE AMOUNT.




$$
