000
CDUS43 KICT 260620
CLICNU


CLIMATE REPORT
NATIONAL WEATHER SERVICE WICHITA KS
120 AM CDT WED MAR 26 2014


...................................

...THE CHANUTE KS CLIMATE SUMMARY FOR MARCH 25 2014...

CLIMATE NORMAL PERIOD 1981 TO 2010
CLIMATE RECORD PERIOD 1894 TO 2014


WEATHER ITEM   OBSERVED TIME   RECORD YEAR NORMAL DEPARTURE LAST
                VALUE   (LST)  VALUE       VALUE  FROM      YEAR
                                                  NORMAL
..................................................................
TEMPERATURE (F)
 YESTERDAY
  MAXIMUM         45    455 PM  88    1910  61    -16       33
  MINIMUM         21    124 AM   8    1955  39    -18       20
  AVERAGE         33                        50    -17       27

PRECIPITATION (IN)
  YESTERDAY        0.00          2.23 1920   0.10  -0.10      T
  MONTH TO DATE    0.85                      2.38  -1.53     1.34
  SINCE MAR 1      0.85                      2.38  -1.53     1.34
  SINCE JAN 1      1.82                      5.54  -3.72     7.10

DEGREE DAYS
 HEATING
  YESTERDAY       32                        15     17       38
  MONTH TO DATE  604                       474    130      617
  SINCE MAR 1    604                       474    130      617
  SINCE JUL 1   4624                      4046    578     3709

 COOLING
  YESTERDAY        0                         0      0        0
  MONTH TO DATE    0                         0      0        0
  SINCE MAR 1      0                         0      0        0
  SINCE JAN 1      0                         0      0        1
..................................................................


WIND (MPH)
  HIGHEST WIND SPEED    18   HIGHEST WIND DIRECTION     N (360)
  HIGHEST GUST SPEED    24   HIGHEST GUST DIRECTION     N (350)
  AVERAGE WIND SPEED     7.6


SKY COVER
  POSSIBLE SUNSHINE  MM
  AVERAGE SKY COVER 0.4


WEATHER CONDITIONS
 THE FOLLOWING WEATHER WAS RECORDED YESTERDAY.
  FOG
  FOG W/VISIBILITY <= 1/4 MILE


RELATIVE HUMIDITY (PERCENT)
 HIGHEST   100           100 AM
 LOWEST     27           400 PM
 AVERAGE    64

..........................................................


THE CHANUTE KS CLIMATE NORMALS FOR TODAY
                         NORMAL    RECORD    YEAR
 MAXIMUM TEMPERATURE (F)   62        85      1918
 MINIMUM TEMPERATURE (F)   39         6      1955


SUNRISE AND SUNSET
MARCH 26 2014.........SUNRISE   716 AM CDT   SUNSET   739 PM CDT
MARCH 27 2014.........SUNRISE   715 AM CDT   SUNSET   740 PM CDT


-  INDICATES NEGATIVE NUMBERS.
R  INDICATES RECORD WAS SET OR TIED.
MM INDICATES DATA IS MISSING.
T  INDICATES TRACE AMOUNT.




$$
