000
CDUS43 KICT 080634
CLICNU

CLIMATE REPORT
NATIONAL WEATHER SERVICE WICHITA KS
1232 AM CST SAT NOV 8 2014

...................................

...THE CHANUTE KS CLIMATE SUMMARY FOR NOVEMBER 7 2014...

CLIMATE NORMAL PERIOD 1981 TO 2010
CLIMATE RECORD PERIOD 1894 TO 2014


WEATHER ITEM   OBSERVED TIME   RECORD YEAR NORMAL DEPARTURE LAST
                VALUE   (LST)  VALUE       VALUE  FROM      YEAR
                                                  NORMAL
..................................................................
TEMPERATURE (F)
 YESTERDAY
  MAXIMUM         63    133 PM  82    2005  61      2       61
  MINIMUM         32    504 AM  16    1991  40     -8       30
  AVERAGE         48                        50     -2       46

PRECIPITATION (IN)
  YESTERDAY        0.00          2.77 2011   0.09  -0.09     0.00
  MONTH TO DATE    1.15                      0.61   0.54     1.11
  SINCE SEP 1      8.83                      7.94   0.89    11.25
  SINCE JAN 1     29.31                     38.43  -9.12    46.87

DEGREE DAYS
 HEATING
  YESTERDAY       17                        15      2       19
  MONTH TO DATE   74                        94    -20      106
  SINCE SEP 1    283                       381    -98      393
  SINCE JUL 1    284                       382    -98      393

 COOLING
  YESTERDAY        0                         0      0        0
  MONTH TO DATE    0                         0      0        0
  SINCE SEP 1    224                       225     -1      293
  SINCE JAN 1   1512                      1529    -17     1560
..................................................................


WIND (MPH)
  HIGHEST WIND SPEED    26   HIGHEST WIND DIRECTION     S (180)
  HIGHEST GUST SPEED    35   HIGHEST GUST DIRECTION     S (180)
  AVERAGE WIND SPEED    10.8


SKY COVER
  POSSIBLE SUNSHINE  MM
  AVERAGE SKY COVER 0.0


WEATHER CONDITIONS
 THE FOLLOWING WEATHER WAS RECORDED YESTERDAY.
  NO SIGNIFICANT WEATHER WAS OBSERVED.


RELATIVE HUMIDITY (PERCENT)
 HIGHEST    89          1200 AM
 LOWEST     34           200 PM
 AVERAGE    62

..........................................................


THE CHANUTE KS CLIMATE NORMALS FOR TODAY
                         NORMAL    RECORD    YEAR
 MAXIMUM TEMPERATURE (F)   61        84      2006
 MINIMUM TEMPERATURE (F)   39        10      1991


SUNRISE AND SUNSET
NOVEMBER  8 2014......SUNRISE   654 AM CST   SUNSET   516 PM CST
NOVEMBER  9 2014......SUNRISE   656 AM CST   SUNSET   516 PM CST


-  INDICATES NEGATIVE NUMBERS.
R  INDICATES RECORD WAS SET OR TIED.
MM INDICATES DATA IS MISSING.
T  INDICATES TRACE AMOUNT.

$$

ES
