000
CDUS43 KICT 220625
CLICNU


CLIMATE REPORT
NATIONAL WEATHER SERVICE WICHITA KS
125 AM CDT FRI SEP 22 2017


...................................

...THE CHANUTE KS CLIMATE SUMMARY FOR SEPTEMBER 21 2017...

CLIMATE NORMAL PERIOD 1981 TO 2010
CLIMATE RECORD PERIOD 1894 TO 2017


WEATHER ITEM   OBSERVED TIME   RECORD YEAR NORMAL DEPARTURE LAST
                VALUE   (LST)  VALUE       VALUE  FROM      YEAR
                                                  NORMAL
..................................................................
TEMPERATURE (F)
 YESTERDAY
  MAXIMUM         91    316 PM  97    1956  79     12       89
  MINIMUM         74    658 AM  35    1918  56     18       69
  AVERAGE         83                        67     16       79

PRECIPITATION (IN)
  YESTERDAY        0.00          2.18 1925   0.14  -0.14     0.00
  MONTH TO DATE    T                         2.42  -2.42     5.88
  SINCE SEP 1      T                         2.42  -2.42     5.88
  SINCE JAN 1     36.64                     32.91   3.73    31.11

DEGREE DAYS
 HEATING
  YESTERDAY        0                         2     -2        0
  MONTH TO DATE    3                        17    -14        0
  SINCE SEP 1      3                        17    -14        0
  SINCE JUL 1      3                        18    -15        0

 COOLING
  YESTERDAY       18                         5     13       14
  MONTH TO DATE  170                       163      7      219
  SINCE SEP 1    170                       163      7      219
  SINCE JAN 1   1477                      1467     10     1700
..................................................................


WIND (MPH)
  HIGHEST WIND SPEED    25   HIGHEST WIND DIRECTION     S (170)
  HIGHEST GUST SPEED    33   HIGHEST GUST DIRECTION    SE (140)
  AVERAGE WIND SPEED    13.2


SKY COVER
  POSSIBLE SUNSHINE  MM
  AVERAGE SKY COVER 0.1


WEATHER CONDITIONS
 THE FOLLOWING WEATHER WAS RECORDED YESTERDAY.
  NO SIGNIFICANT WEATHER WAS OBSERVED.


RELATIVE HUMIDITY (PERCENT)
 HIGHEST    87           200 AM
 LOWEST     59           300 PM
 AVERAGE    73

..........................................................


THE CHANUTE KS CLIMATE NORMALS FOR TODAY
                         NORMAL    RECORD    YEAR
 MAXIMUM TEMPERATURE (F)   78        99      1956
 MINIMUM TEMPERATURE (F)   56        33      1995


SUNRISE AND SUNSET
SEPTEMBER 22 2017.....SUNRISE   710 AM CDT   SUNSET   718 PM CDT
SEPTEMBER 23 2017.....SUNRISE   711 AM CDT   SUNSET   717 PM CDT


-  INDICATES NEGATIVE NUMBERS.
R  INDICATES RECORD WAS SET OR TIED.
MM INDICATES DATA IS MISSING.
T  INDICATES TRACE AMOUNT.




$$
