000
CDUS43 KICT 280741
CLICNU


CLIMATE REPORT
NATIONAL WEATHER SERVICE WICHITA KS
241 AM CDT WED SEP 28 2016


...................................

...THE CHANUTE KS CLIMATE SUMMARY FOR SEPTEMBER 27 2016...

CLIMATE NORMAL PERIOD 1981 TO 2010
CLIMATE RECORD PERIOD 1894 TO 2016


WEATHER ITEM   OBSERVED TIME   RECORD YEAR NORMAL DEPARTURE LAST
                VALUE   (LST)  VALUE       VALUE  FROM      YEAR
                                                  NORMAL
..................................................................
TEMPERATURE (F)
 YESTERDAY
  MAXIMUM         82    336 PM  93    1956  76      6       83
  MINIMUM         50    600 AM  31    1942  54     -4       53
  AVERAGE         66                        65      1       68

PRECIPITATION (IN)
  YESTERDAY        0.00          5.10 1900   0.15  -0.15     0.00
  MONTH TO DATE    6.91                      3.27   3.64     1.29
  SINCE SEP 1      6.91                      3.27   3.64     1.29
  SINCE JAN 1     32.14                     33.76  -1.62    32.60

DEGREE DAYS
 HEATING
  YESTERDAY        0                         3     -3        0
  MONTH TO DATE    3                        34    -31        6
  SINCE SEP 1      3                        34    -31        6
  SINCE JUL 1      3                        35    -32        6

 COOLING
  YESTERDAY        1                         3     -2        3
  MONTH TO DATE  261                       185     76      238
  SINCE SEP 1    261                       185     76      238
  SINCE JAN 1   1742                      1489    253     1557
..................................................................


WIND (MPH)
  HIGHEST WIND SPEED    14   HIGHEST WIND DIRECTION    SW (220)
  HIGHEST GUST SPEED    17   HIGHEST GUST DIRECTION    SW (210)
  AVERAGE WIND SPEED     8.0


SKY COVER
  POSSIBLE SUNSHINE  MM
  AVERAGE SKY COVER 0.0


WEATHER CONDITIONS
 THE FOLLOWING WEATHER WAS RECORDED YESTERDAY.
  HAZE


RELATIVE HUMIDITY (PERCENT)
 HIGHEST    89           200 AM
 LOWEST     36           300 PM
 AVERAGE    63

..........................................................


THE CHANUTE KS CLIMATE NORMALS FOR TODAY
                         NORMAL    RECORD    YEAR
 MAXIMUM TEMPERATURE (F)   76        99      1953
 MINIMUM TEMPERATURE (F)   53        34      1909


SUNRISE AND SUNSET
SEPTEMBER 28 2016.....SUNRISE   715 AM CDT   SUNSET   709 PM CDT
SEPTEMBER 29 2016.....SUNRISE   716 AM CDT   SUNSET   707 PM CDT


-  INDICATES NEGATIVE NUMBERS.
R  INDICATES RECORD WAS SET OR TIED.
MM INDICATES DATA IS MISSING.
T  INDICATES TRACE AMOUNT.




$$
