000
CDUS43 KICT 220641
CLICNU

CLIMATE REPORT
NATIONAL WEATHER SERVICE WICHITA KS
137 AM CDT WED OCT 22 2014

...................................

...THE CHANUTE KS CLIMATE SUMMARY FOR OCTOBER 21 2014...

CLIMATE NORMAL PERIOD 1981 TO 2010
CLIMATE RECORD PERIOD 1894 TO 2014


WEATHER ITEM   OBSERVED TIME   RECORD YEAR NORMAL DEPARTURE LAST
                VALUE   (LST)  VALUE       VALUE  FROM      YEAR
                                                  NORMAL
..................................................................
TEMPERATURE (F)
 YESTERDAY
  MAXIMUM         76    321 PM  90    1978  68      8       59
  MINIMUM         43    613 AM  25    1987  46     -3       39
  AVERAGE         60                        57      3       49

PRECIPITATION (IN)
  YESTERDAY        0.00          1.92 1972   0.10  -0.10     0.00
  MONTH TO DATE    4.48                      2.68   1.80     2.89
  SINCE SEP 1      7.58                      6.35   1.23     5.91
  SINCE JAN 1     28.06                     36.84  -8.78    41.53

DEGREE DAYS
 HEATING
  YESTERDAY        5                         9     -4       16
  MONTH TO DATE  119                       136    -17      145
  SINCE SEP 1    149                       182    -33      161
  SINCE JUL 1    150                       183    -33      161

 COOLING
  YESTERDAY        0                         1     -1        0
  MONTH TO DATE   22                        29     -7       37
  SINCE SEP 1    208                       222    -14      291
  SINCE JAN 1   1496                      1526    -30     1558
..................................................................


WIND (MPH)
  HIGHEST WIND SPEED    10   HIGHEST WIND DIRECTION    SE (120)
  HIGHEST GUST SPEED    16   HIGHEST GUST DIRECTION    SW (240)
  AVERAGE WIND SPEED     4.3


SKY COVER
  POSSIBLE SUNSHINE  MM
  AVERAGE SKY COVER 0.0


WEATHER CONDITIONS
 THE FOLLOWING WEATHER WAS RECORDED YESTERDAY.
  FOG


RELATIVE HUMIDITY (PERCENT)
 HIGHEST   100           100 AM
 LOWEST     50           200 PM
 AVERAGE    75

..........................................................


THE CHANUTE KS CLIMATE NORMALS FOR TODAY
                         NORMAL    RECORD    YEAR
 MAXIMUM TEMPERATURE (F)   67        88      1939
 MINIMUM TEMPERATURE (F)   45        27      2006


SUNRISE AND SUNSET
OCTOBER 22 2014.......SUNRISE   737 AM CDT   SUNSET   635 PM CDT
OCTOBER 23 2014.......SUNRISE   738 AM CDT   SUNSET   634 PM CDT


-  INDICATES NEGATIVE NUMBERS.
R  INDICATES RECORD WAS SET OR TIED.
MM INDICATES DATA IS MISSING.
T  INDICATES TRACE AMOUNT.

$$
