000
CDUS43 KICT 140633
CLICNU

CLIMATE REPORT
NATIONAL WEATHER SERVICE WICHITA KS
131 AM CDT THU AUG 14 2014

...................................

...THE CHANUTE KS CLIMATE SUMMARY FOR AUGUST 13 2014...

CLIMATE NORMAL PERIOD 1981 TO 2010
CLIMATE RECORD PERIOD 1894 TO 2014


WEATHER ITEM   OBSERVED TIME   RECORD YEAR NORMAL DEPARTURE LAST
                VALUE   (LST)  VALUE       VALUE  FROM      YEAR
                                                  NORMAL
..................................................................
TEMPERATURE (F)
 YESTERDAY
  MAXIMUM         85    506 PM 109    1936  91     -6       84
  MINIMUM         53    549 AM  52    2004  69    -16       68
  AVERAGE         69                        80    -11       76

PRECIPITATION (IN)
  YESTERDAY        0.00          2.79 1975   0.13  -0.13     0.00
  MONTH TO DATE    1.06                      1.53  -0.47     3.89
  SINCE JUN 1     10.72                     11.93  -1.21    17.04
  SINCE JAN 1     20.18                     28.33  -8.15    35.60

DEGREE DAYS
 HEATING
  YESTERDAY        0                         0      0        0
  MONTH TO DATE    0                         0      0        0
  SINCE JUN 1      1                         6     -5       10
  SINCE JUL 1      1                         0      1        0

 COOLING
  YESTERDAY        4                        15    -11       11
  MONTH TO DATE  152                       195    -43      167
  SINCE JUN 1    760                       936   -176      908
  SINCE JAN 1    952                      1069   -117     1031
..................................................................


WIND (MPH)
  HIGHEST WIND SPEED     9   HIGHEST WIND DIRECTION     N (20)
  HIGHEST GUST SPEED    13   HIGHEST GUST DIRECTION     E (100)
  AVERAGE WIND SPEED     3.6


SKY COVER
  POSSIBLE SUNSHINE  MM
  AVERAGE SKY COVER 0.0


WEATHER CONDITIONS
 THE FOLLOWING WEATHER WAS RECORDED YESTERDAY.
  NO SIGNIFICANT WEATHER WAS OBSERVED.


RELATIVE HUMIDITY (PERCENT)
 HIGHEST   100           600 AM
 LOWEST     32           400 PM
 AVERAGE    66

..........................................................


THE CHANUTE KS CLIMATE NORMALS FOR TODAY
                         NORMAL    RECORD    YEAR
 MAXIMUM TEMPERATURE (F)   90       110      1936
 MINIMUM TEMPERATURE (F)   69        54      1920


SUNRISE AND SUNSET
AUGUST 14 2014........SUNRISE   637 AM CDT   SUNSET   816 PM CDT
AUGUST 15 2014........SUNRISE   638 AM CDT   SUNSET   814 PM CDT


-  INDICATES NEGATIVE NUMBERS.
R  INDICATES RECORD WAS SET OR TIED.
MM INDICATES DATA IS MISSING.
T  INDICATES TRACE AMOUNT.

$$
