000
CDUS43 KICT 070633
CLICNU


CLIMATE REPORT
NATIONAL WEATHER SERVICE WICHITA KS
132 AM CDT TUE OCT 7 2014


...................................

...THE CHANUTE KS CLIMATE SUMMARY FOR OCTOBER 6 2014...

CLIMATE NORMAL PERIOD 1981 TO 2010
CLIMATE RECORD PERIOD 1894 TO 2014


WEATHER ITEM   OBSERVED TIME   RECORD YEAR NORMAL DEPARTURE LAST
                VALUE   (LST)  VALUE       VALUE  FROM      YEAR
                                                  NORMAL
..................................................................
TEMPERATURE (F)
 YESTERDAY
  MAXIMUM         75    324 PM  97    1939  73      2       66
  MINIMUM         53    709 AM  31    1952  50      3       45
  AVERAGE         64                        61      3       56

PRECIPITATION (IN)
  YESTERDAY        0.00          1.86 1984   0.14  -0.14     0.00
  MONTH TO DATE    0.34                      0.87  -0.53     0.59
  SINCE SEP 1      3.44                      4.54  -1.10     3.61
  SINCE JAN 1     23.92                     35.03 -11.11    39.23

DEGREE DAYS
 HEATING
  YESTERDAY        1                         5     -4        9
  MONTH TO DATE   32                        28      4       18
  SINCE SEP 1     62                        74    -12       34
  SINCE JUL 1     63                        75    -12       34

 COOLING
  YESTERDAY        0                         2     -2        0
  MONTH TO DATE   13                        12      1       34
  SINCE SEP 1    199                       205     -6      288
  SINCE JAN 1   1487                      1509    -22     1555
..................................................................


WIND (MPH)
  HIGHEST WIND SPEED    17   HIGHEST WIND DIRECTION    SW (210)
  HIGHEST GUST SPEED    24   HIGHEST GUST DIRECTION     S (200)
  AVERAGE WIND SPEED     8.4


SKY COVER
  POSSIBLE SUNSHINE  MM
  AVERAGE SKY COVER 0.1


WEATHER CONDITIONS
 THE FOLLOWING WEATHER WAS RECORDED YESTERDAY.
  HAZE


RELATIVE HUMIDITY (PERCENT)
 HIGHEST    83           400 AM
 LOWEST     41           200 PM
 AVERAGE    62

..........................................................


THE CHANUTE KS CLIMATE NORMALS FOR TODAY
                         NORMAL    RECORD    YEAR
 MAXIMUM TEMPERATURE (F)   72        98      1963
 MINIMUM TEMPERATURE (F)   50        26      1952


SUNRISE AND SUNSET
OCTOBER  7 2014.......SUNRISE   723 AM CDT   SUNSET   656 PM CDT
OCTOBER  8 2014.......SUNRISE   724 AM CDT   SUNSET   655 PM CDT


-  INDICATES NEGATIVE NUMBERS.
R  INDICATES RECORD WAS SET OR TIED.
MM INDICATES DATA IS MISSING.
T  INDICATES TRACE AMOUNT.




$$
