000
CDUS43 KICT 240630
CLICNU


CLIMATE REPORT
NATIONAL WEATHER SERVICE WICHITA KS
130 AM CDT TUE OCT 24 2017


...................................

...THE CHANUTE KS CLIMATE SUMMARY FOR OCTOBER 23 2017...

CLIMATE NORMAL PERIOD 1981 TO 2010
CLIMATE RECORD PERIOD 1894 TO 2017


WEATHER ITEM   OBSERVED TIME   RECORD YEAR NORMAL DEPARTURE LAST
                VALUE   (LST)  VALUE       VALUE  FROM      YEAR
                                                  NORMAL
..................................................................
TEMPERATURE (F)
 YESTERDAY
  MAXIMUM         72    201 PM  92    1939  67      5       77
  MINIMUM         43    447 AM  21    1937  45     -2       54
  AVERAGE         58                        56      2       66

PRECIPITATION (IN)
  YESTERDAY        T             2.49 1957   0.10  -0.10     0.00
  MONTH TO DATE    5.03                      2.89   2.14     3.10
  SINCE SEP 1      8.62                      6.56   2.06    10.01
  SINCE JAN 1     45.26                     37.05   8.21    35.24

DEGREE DAYS
 HEATING
  YESTERDAY        7                         9     -2        0
  MONTH TO DATE   74                       154    -80       77
  SINCE SEP 1     81                       200   -119       88
  SINCE JUL 1     81                       201   -120       88

 COOLING
  YESTERDAY        0                         1     -1        1
  MONTH TO DATE   79                        31     48       61
  SINCE SEP 1    309                       224     85      322
  SINCE JAN 1   1616                      1528     88     1803
..................................................................


WIND (MPH)
  HIGHEST WIND SPEED    28   HIGHEST WIND DIRECTION    NW (320)
  HIGHEST GUST SPEED    38   HIGHEST GUST DIRECTION    NW (320)
  AVERAGE WIND SPEED    11.9


SKY COVER
  POSSIBLE SUNSHINE  MM
  AVERAGE SKY COVER 0.0


WEATHER CONDITIONS
 THE FOLLOWING WEATHER WAS RECORDED YESTERDAY.
  HAZE


RELATIVE HUMIDITY (PERCENT)
 HIGHEST    83           200 AM
 LOWEST     28           400 PM
 AVERAGE    56

..........................................................


THE CHANUTE KS CLIMATE NORMALS FOR TODAY
                         NORMAL    RECORD    YEAR
 MAXIMUM TEMPERATURE (F)   67        92      1927
 MINIMUM TEMPERATURE (F)   45        24      1999


SUNRISE AND SUNSET
OCTOBER 24 2017.......SUNRISE   739 AM CDT   SUNSET   632 PM CDT
OCTOBER 25 2017.......SUNRISE   740 AM CDT   SUNSET   631 PM CDT


-  INDICATES NEGATIVE NUMBERS.
R  INDICATES RECORD WAS SET OR TIED.
MM INDICATES DATA IS MISSING.
T  INDICATES TRACE AMOUNT.




$$
