533
CDUS43 KICT 140634
CLICNU


CLIMATE REPORT
NATIONAL WEATHER SERVICE WICHITA KS
133 AM CDT TUE MAR 14 2017


...................................

...THE CHANUTE KS CLIMATE SUMMARY FOR MARCH 13 2017...

CLIMATE NORMAL PERIOD 1981 TO 2010
CLIMATE RECORD PERIOD 1894 TO 2017


WEATHER ITEM   OBSERVED TIME   RECORD YEAR NORMAL DEPARTURE LAST
                VALUE   (LST)  VALUE       VALUE  FROM      YEAR
                                                  NORMAL
..................................................................
TEMPERATURE (F)
 YESTERDAY
  MAXIMUM         42    138 AM  90    1916  57    -15       68
  MINIMUM         26   1159 PM  11    1950  35     -9       46
  AVERAGE         34                        46    -12       57

PRECIPITATION (IN)
  YESTERDAY        T             4.10 1922   0.08  -0.08      T
  MONTH TO DATE    0.26                      1.18  -0.92     0.60
  SINCE MAR 1      0.26                      1.18  -0.92     0.60
  SINCE JAN 1      2.41                      4.34  -1.93     1.68

DEGREE DAYS
 HEATING
  YESTERDAY       31                        19     12        8
  MONTH TO DATE  222                       272    -50      145
  SINCE MAR 1    222                       272    -50      145
  SINCE JUL 1   2990                      3844   -854     3110

 COOLING
  YESTERDAY        0                         0      0        0
  MONTH TO DATE    0                         0      0        0
  SINCE MAR 1      0                         0      0        0
  SINCE JAN 1      3                         0      3        0
..................................................................


WIND (MPH)
  HIGHEST WIND SPEED    31   HIGHEST WIND DIRECTION    NW (320)
  HIGHEST GUST SPEED    41   HIGHEST GUST DIRECTION    NW (320)
  AVERAGE WIND SPEED    14.5


SKY COVER
  POSSIBLE SUNSHINE  MM
  AVERAGE SKY COVER 0.6


WEATHER CONDITIONS
 THE FOLLOWING WEATHER WAS RECORDED YESTERDAY.
  LIGHT RAIN


RELATIVE HUMIDITY (PERCENT)
 HIGHEST    85           400 AM
 LOWEST     54           300 PM
 AVERAGE    70

..........................................................


THE CHANUTE KS CLIMATE NORMALS FOR TODAY
                         NORMAL    RECORD    YEAR
 MAXIMUM TEMPERATURE (F)   58        84      1914
 MINIMUM TEMPERATURE (F)   36        10      1975


SUNRISE AND SUNSET
MARCH 14 2017.........SUNRISE   734 AM CDT   SUNSET   729 PM CDT
MARCH 15 2017.........SUNRISE   733 AM CDT   SUNSET   729 PM CDT


-  INDICATES NEGATIVE NUMBERS.
R  INDICATES RECORD WAS SET OR TIED.
MM INDICATES DATA IS MISSING.
T  INDICATES TRACE AMOUNT.




$$
