000
CDUS43 KICT 290646
CLICNU


CLIMATE REPORT
NATIONAL WEATHER SERVICE WICHITA KS
146 AM CDT WED MAR 29 2017


...................................

...THE CHANUTE KS CLIMATE SUMMARY FOR MARCH 28 2017...

CLIMATE NORMAL PERIOD 1981 TO 2010
CLIMATE RECORD PERIOD 1894 TO 2017


WEATHER ITEM   OBSERVED TIME   RECORD YEAR NORMAL DEPARTURE LAST
                VALUE   (LST)  VALUE       VALUE  FROM      YEAR
                                                  NORMAL
..................................................................
TEMPERATURE (F)
 YESTERDAY
  MAXIMUM         63    513 PM  86    1963  62      1       67
  MINIMUM         50   1238 AM  11    1899  40     10       30
  AVERAGE         57                        51      6       49

PRECIPITATION (IN)
  YESTERDAY        0.25          2.67 1989   0.11   0.14     0.00
  MONTH TO DATE    1.07                      2.70  -1.63     1.31
  SINCE MAR 1      1.07                      2.70  -1.63     1.31
  SINCE JAN 1      3.22                      5.86  -2.64     2.39

DEGREE DAYS
 HEATING
  YESTERDAY        8                        14     -6       16
  MONTH TO DATE  376                       518   -142      371
  SINCE MAR 1    376                       518   -142      371
  SINCE JUL 1   3144                      4090   -946     3336

 COOLING
  YESTERDAY        0                         0      0        0
  MONTH TO DATE   17                         0     17        0
  SINCE MAR 1     17                         0     17        0
  SINCE JAN 1     20                         0     20        0
..................................................................


WIND (MPH)
  HIGHEST WIND SPEED    25   HIGHEST WIND DIRECTION     E (90)
  HIGHEST GUST SPEED    34   HIGHEST GUST DIRECTION     E (80)
  AVERAGE WIND SPEED    10.3


SKY COVER
  POSSIBLE SUNSHINE  MM
  AVERAGE SKY COVER 0.8


WEATHER CONDITIONS
 THE FOLLOWING WEATHER WAS RECORDED YESTERDAY.
  HEAVY RAIN
  LIGHT RAIN
  FOG


RELATIVE HUMIDITY (PERCENT)
 HIGHEST    83          1200 AM
 LOWEST     60           400 PM
 AVERAGE    72

..........................................................


THE CHANUTE KS CLIMATE NORMALS FOR TODAY
                         NORMAL    RECORD    YEAR
 MAXIMUM TEMPERATURE (F)   63        85      1967
 MINIMUM TEMPERATURE (F)   40        15      1944


SUNRISE AND SUNSET
MARCH 29 2017.........SUNRISE   711 AM CDT   SUNSET   742 PM CDT
MARCH 30 2017.........SUNRISE   710 AM CDT   SUNSET   743 PM CDT


-  INDICATES NEGATIVE NUMBERS.
R  INDICATES RECORD WAS SET OR TIED.
MM INDICATES DATA IS MISSING.
T  INDICATES TRACE AMOUNT.




$$
