000
CDUS43 KICT 240636
CLICNU

CLIMATE REPORT
NATIONAL WEATHER SERVICE WICHITA KS
1235 AM CST SAT DEC 24 2016


...................................

...THE CHANUTE KS CLIMATE SUMMARY FOR DECEMBER 23 2016...

CLIMATE NORMAL PERIOD 1981 TO 2010
CLIMATE RECORD PERIOD 1894 TO 2016


WEATHER ITEM   OBSERVED TIME   RECORD YEAR NORMAL DEPARTURE LAST
                VALUE   (LST)  VALUE       VALUE  FROM      YEAR
                                                  NORMAL
..................................................................
TEMPERATURE (F)
 YESTERDAY
  MAXIMUM         49    405 PM  68    1982  42      7       60
  MINIMUM         36    428 AM -17    1989  24     12       32
  AVERAGE         43                        33     10       46

PRECIPITATION (IN)
  YESTERDAY        0.05          1.28 1932   0.06  -0.01      T
  MONTH TO DATE    0.44                      1.37  -0.93     1.75
  SINCE DEC 1      0.44                      1.37  -0.93     1.75
  SINCE JAN 1     36.56                     41.69  -5.13    41.44

DEGREE DAYS
 HEATING
  YESTERDAY       22                        32    -10       19
  MONTH TO DATE  545                       681   -136      470
  SINCE DEC 1    545                       681   -136      470
  SINCE JUL 1   1023                      1533   -510     1113

 COOLING
  YESTERDAY        0                         0      0        0
  MONTH TO DATE    0                         0      0        0
  SINCE DEC 1      0                         0      0        0
  SINCE JAN 1   1846                      1532    314     1612
..................................................................


WIND (MPH)
  HIGHEST WIND SPEED    25   HIGHEST WIND DIRECTION     S (170)
  HIGHEST GUST SPEED    31   HIGHEST GUST DIRECTION     S (170)
  AVERAGE WIND SPEED    11.1


SKY COVER
  POSSIBLE SUNSHINE  MM
  AVERAGE SKY COVER 0.7


WEATHER CONDITIONS
 THE FOLLOWING WEATHER WAS RECORDED YESTERDAY.
  LIGHT RAIN
  FOG
  FOG W/VISIBILITY <= 1/4 MILE


RELATIVE HUMIDITY (PERCENT)
 HIGHEST    96           900 PM
 LOWEST     64          1200 AM
 AVERAGE    80

..........................................................


THE CHANUTE KS CLIMATE NORMALS FOR TODAY
                         NORMAL    RECORD    YEAR
 MAXIMUM TEMPERATURE (F)   42        73      1955
 MINIMUM TEMPERATURE (F)   24       -11      1983


SUNRISE AND SUNSET
DECEMBER 24 2016......SUNRISE   735 AM CST   SUNSET   509 PM CST
DECEMBER 25 2016......SUNRISE   735 AM CST   SUNSET   509 PM CST


-  INDICATES NEGATIVE NUMBERS.
R  INDICATES RECORD WAS SET OR TIED.
MM INDICATES DATA IS MISSING.
T  INDICATES TRACE AMOUNT.




$$
