000
CDUS43 KICT 260634
CLICNU

CLIMATE REPORT
NATIONAL WEATHER SERVICE WICHITA KS
132 AM CDT TUE JUL 26 2016

...................................

...THE CHANUTE KS CLIMATE SUMMARY FOR JULY 25 2016...

CLIMATE NORMAL PERIOD 1981 TO 2010
CLIMATE RECORD PERIOD 1894 TO 2016


WEATHER ITEM   OBSERVED TIME   RECORD YEAR NORMAL DEPARTURE LAST
                VALUE   (LST)  VALUE       VALUE  FROM      YEAR
                                                  NORMAL
..................................................................
TEMPERATURE (F)
 YESTERDAY
  MAXIMUM         84    341 PM 107    1934  90     -6       95
  MINIMUM         72    937 AM  50    1911  69      3       75
  AVERAGE         78                        80     -2       85

PRECIPITATION (IN)
  YESTERDAY        1.49          1.62 1968   0.13   1.36     0.00
  MONTH TO DATE    3.05                      3.67  -0.62     4.80
  SINCE JUN 1      6.25                      9.70  -3.45     7.17
  SINCE JAN 1     18.04                     26.10  -8.06    25.14

DEGREE DAYS
 HEATING
  YESTERDAY        0                         0      0        0
  MONTH TO DATE    0                         0      0        0
  SINCE JUN 1      0                         6     -6        0
  SINCE JUL 1      0                         0      0        0

 COOLING
  YESTERDAY       13                        15     -2       20
  MONTH TO DATE  406                       362     44      382
  SINCE JUN 1    840                       654    186      773
  SINCE JAN 1    947                       787    160      882
..................................................................


WIND (MPH)
  HIGHEST WIND SPEED    21   HIGHEST WIND DIRECTION    NE (50)
  HIGHEST GUST SPEED    27   HIGHEST GUST DIRECTION    NE (30)
  AVERAGE WIND SPEED     7.2


SKY COVER
  POSSIBLE SUNSHINE  MM
  AVERAGE SKY COVER 0.5


WEATHER CONDITIONS
 THE FOLLOWING WEATHER WAS RECORDED YESTERDAY.
  THUNDERSTORM
  HEAVY RAIN
  RAIN
  LIGHT RAIN
  FOG


RELATIVE HUMIDITY (PERCENT)
 HIGHEST   100           700 AM
 LOWEST     69           400 PM
 AVERAGE    85

..........................................................


THE CHANUTE KS CLIMATE NORMALS FOR TODAY
                         NORMAL    RECORD    YEAR
 MAXIMUM TEMPERATURE (F)   90       105      1952
 MINIMUM TEMPERATURE (F)   69        55      2004


SUNRISE AND SUNSET
JULY 26 2016..........SUNRISE   621 AM CDT   SUNSET   835 PM CDT
JULY 27 2016..........SUNRISE   622 AM CDT   SUNSET   834 PM CDT


-  INDICATES NEGATIVE NUMBERS.
R  INDICATES RECORD WAS SET OR TIED.
MM INDICATES DATA IS MISSING.
T  INDICATES TRACE AMOUNT.

$$
