000
CDUS43 KICT 040621
CLICNU

CLIMATE REPORT
NATIONAL WEATHER SERVICE WICHITA KS
119 AM CDT FRI JUL 4 2014

...................................

...THE CHANUTE KS CLIMATE SUMMARY FOR JULY 3 2014...

CLIMATE NORMAL PERIOD 1981 TO 2010
CLIMATE RECORD PERIOD 1894 TO 2014


WEATHER ITEM   OBSERVED TIME   RECORD YEAR NORMAL DEPARTURE LAST
                VALUE   (LST)  VALUE       VALUE  FROM      YEAR
                                                  NORMAL
..................................................................
TEMPERATURE (F)
 YESTERDAY
  MAXIMUM         80    401 PM 107    1911  89     -9       85
  MINIMUM         51    520 AM  48    1924  69    -18       55
  AVERAGE         66                        79    -13       70

PRECIPITATION (IN)
  YESTERDAY        0.00          1.38 1976   0.16  -0.16     0.00
  MONTH TO DATE    0.58                      0.48   0.10     0.00
  SINCE JUN 1      8.63                      6.51   2.12     4.12
  SINCE JAN 1     18.09                     22.91  -4.82    22.68

DEGREE DAYS
 HEATING
  YESTERDAY        0                         0      0        0
  MONTH TO DATE    0                         0      0        0
  SINCE JUN 1      0                         6     -6       10
  SINCE JUL 1      0                         0      0        0

 COOLING
  YESTERDAY        1                        14    -13        5
  MONTH TO DATE   14                        40    -26       14
  SINCE JUN 1    312                       332    -20      328
  SINCE JAN 1    504                       465     39      451
..................................................................


WIND (MPH)
  HIGHEST WIND SPEED     9   HIGHEST WIND DIRECTION     E (110)
  HIGHEST GUST SPEED    12   HIGHEST GUST DIRECTION     E (110)
  AVERAGE WIND SPEED     3.5


SKY COVER
  POSSIBLE SUNSHINE  MM
  AVERAGE SKY COVER 0.0


WEATHER CONDITIONS
 THE FOLLOWING WEATHER WAS RECORDED YESTERDAY.
  NO SIGNIFICANT WEATHER WAS OBSERVED.


RELATIVE HUMIDITY (PERCENT)
 HIGHEST    96           400 AM
 LOWEST     42           400 PM
 AVERAGE    69

..........................................................


THE CHANUTE KS CLIMATE NORMALS FOR TODAY
                         NORMAL    RECORD    YEAR
 MAXIMUM TEMPERATURE (F)   89       106      1911
 MINIMUM TEMPERATURE (F)   69        50      1924


SUNRISE AND SUNSET
JULY  4 2014..........SUNRISE   606 AM CDT   SUNSET   847 PM CDT
JULY  5 2014..........SUNRISE   606 AM CDT   SUNSET   847 PM CDT


-  INDICATES NEGATIVE NUMBERS.
R  INDICATES RECORD WAS SET OR TIED.
MM INDICATES DATA IS MISSING.
T  INDICATES TRACE AMOUNT.

$$
