000
CDUS43 KICT 150700
CLICNU


CLIMATE REPORT
NATIONAL WEATHER SERVICE WICHITA KS
159 AM CDT MON JUN 15 2015


...................................

...THE CHANUTE KS CLIMATE SUMMARY FOR JUNE 14 2015...

CLIMATE NORMAL PERIOD 1981 TO 2010
CLIMATE RECORD PERIOD 1894 TO 2015


WEATHER ITEM   OBSERVED TIME   RECORD YEAR NORMAL DEPARTURE LAST
                VALUE   (LST)  VALUE       VALUE  FROM      YEAR
                                                  NORMAL
..................................................................
TEMPERATURE (F)
 YESTERDAY
  MAXIMUM         84    146 PM 104    1953  84      0       85
  MINIMUM         69    304 AM  45    1942  65      4       61
  AVERAGE         77                        74      3       73

PRECIPITATION (IN)
  YESTERDAY        0.70          1.80 2000   0.20   0.50     0.00
  MONTH TO DATE    1.47                      3.17  -1.70     5.49
  SINCE JUN 1      1.47                      3.17  -1.70     5.49
  SINCE JAN 1     19.44                     19.57  -0.13    14.95

DEGREE DAYS
 HEATING
  YESTERDAY        0                         0      0        0
  MONTH TO DATE    0                         4     -4        0
  SINCE JUN 1      0                         4     -4        0
  SINCE JUL 1   4455                      4481    -26     5090

 COOLING
  YESTERDAY       12                         9      3        8
  MONTH TO DATE  171                       108     63       94
  SINCE JUN 1    171                       108     63       94
  SINCE JAN 1    280                       241     39      286
..................................................................


WIND (MPH)
  HIGHEST WIND SPEED    32   HIGHEST WIND DIRECTION     S (160)
  HIGHEST GUST SPEED    41   HIGHEST GUST DIRECTION     S (160)
  AVERAGE WIND SPEED     9.0


SKY COVER
  POSSIBLE SUNSHINE  MM
  AVERAGE SKY COVER 0.7


WEATHER CONDITIONS
 THE FOLLOWING WEATHER WAS RECORDED YESTERDAY.
  THUNDERSTORM
  HEAVY RAIN
  RAIN
  LIGHT RAIN
  FOG


RELATIVE HUMIDITY (PERCENT)
 HIGHEST    97           400 AM
 LOWEST     69           200 PM
 AVERAGE    83

..........................................................


THE CHANUTE KS CLIMATE NORMALS FOR TODAY
                         NORMAL    RECORD    YEAR
 MAXIMUM TEMPERATURE (F)   84       102      1918
 MINIMUM TEMPERATURE (F)   65        46      1917


SUNRISE AND SUNSET
JUNE 15 2015..........SUNRISE   600 AM CDT   SUNSET   845 PM CDT
JUNE 16 2015..........SUNRISE   600 AM CDT   SUNSET   845 PM CDT


-  INDICATES NEGATIVE NUMBERS.
R  INDICATES RECORD WAS SET OR TIED.
MM INDICATES DATA IS MISSING.
T  INDICATES TRACE AMOUNT.




$$
