000
CDUS43 KICT 050649
CLICNU


CLIMATE REPORT
NATIONAL WEATHER SERVICE WICHITA KS
148 AM CDT SUN OCT 5 2014


...................................

...THE CHANUTE KS CLIMATE SUMMARY FOR OCTOBER 4 2014...

CLIMATE NORMAL PERIOD 1981 TO 2010
CLIMATE RECORD PERIOD 1894 TO 2014


WEATHER ITEM   OBSERVED TIME   RECORD YEAR NORMAL DEPARTURE LAST
                VALUE   (LST)  VALUE       VALUE  FROM      YEAR
                                                  NORMAL
..................................................................
TEMPERATURE (F)
 YESTERDAY
  MAXIMUM         64    334 PM  93    1963  73     -9       87
  MINIMUM         38    619 AM  35    1968  51    -13       57
  AVERAGE         51                        62    -11       72

PRECIPITATION (IN)
  YESTERDAY        0.00          1.83 1959   0.14  -0.14     0.21
  MONTH TO DATE    0.34                      0.59  -0.25     0.21
  SINCE SEP 1      3.44                      4.26  -0.82     3.23
  SINCE JAN 1     23.92                     34.75 -10.83    38.85

DEGREE DAYS
 HEATING
  YESTERDAY       14                         5      9        0
  MONTH TO DATE   28                        18     10        0
  SINCE SEP 1     58                        64     -6       16
  SINCE JUL 1     59                        65     -6       16

 COOLING
  YESTERDAY        0                         2     -2        7
  MONTH TO DATE   13                         8      5       34
  SINCE SEP 1    199                       201     -2      288
  SINCE JAN 1   1487                      1505    -18     1555
..................................................................


WIND (MPH)
  HIGHEST WIND SPEED    16   HIGHEST WIND DIRECTION    NW (320)
  HIGHEST GUST SPEED    22   HIGHEST GUST DIRECTION    SW (230)
  AVERAGE WIND SPEED     6.6


SKY COVER
  POSSIBLE SUNSHINE  MM
  AVERAGE SKY COVER 0.0


WEATHER CONDITIONS
 THE FOLLOWING WEATHER WAS RECORDED YESTERDAY.
  NO SIGNIFICANT WEATHER WAS OBSERVED.


RELATIVE HUMIDITY (PERCENT)
 HIGHEST    85           500 AM
 LOWEST     32          1200 PM
 AVERAGE    59

..........................................................


THE CHANUTE KS CLIMATE NORMALS FOR TODAY
                         NORMAL    RECORD    YEAR
 MAXIMUM TEMPERATURE (F)   73        95      1963
 MINIMUM TEMPERATURE (F)   51        34      1932


SUNRISE AND SUNSET
OCTOBER  5 2014.......SUNRISE   721 AM CDT   SUNSET   659 PM CDT
OCTOBER  6 2014.......SUNRISE   722 AM CDT   SUNSET   657 PM CDT


-  INDICATES NEGATIVE NUMBERS.
R  INDICATES RECORD WAS SET OR TIED.
MM INDICATES DATA IS MISSING.
T  INDICATES TRACE AMOUNT.




$$
