000
CDUS43 KICT 010742
CLICNU


CLIMATE REPORT
NATIONAL WEATHER SERVICE WICHITA KS
242 AM CDT SAT NOV 1 2014


...................................

...THE CHANUTE KS CLIMATE SUMMARY FOR OCTOBER 31 2014...

CLIMATE NORMAL PERIOD 1981 TO 2010
CLIMATE RECORD PERIOD 1894 TO 2014


WEATHER ITEM   OBSERVED TIME   RECORD YEAR NORMAL DEPARTURE LAST
                VALUE   (LST)  VALUE       VALUE  FROM      YEAR
                                                  NORMAL
..................................................................
TEMPERATURE (F)
 YESTERDAY
  MAXIMUM         51   1227 AM  86    1950  64    -13       64
  MINIMUM         29   1157 PM  17    1993  43    -14       47
  AVERAGE         40                        53    -13       56

PRECIPITATION (IN)
  YESTERDAY        0.00          2.77 1946   0.09  -0.09     1.19
  MONTH TO DATE    4.58                      3.66   0.92     7.12
  SINCE SEP 1      7.68                      7.33   0.35    10.14
  SINCE JAN 1     28.16                     37.82  -9.66    45.76

DEGREE DAYS
 HEATING
  YESTERDAY       25                        12     13        9
  MONTH TO DATE  179                       241    -62      271
  SINCE SEP 1    209                       287    -78      287
  SINCE JUL 1    210                       288    -78      287

 COOLING
  YESTERDAY        0                         0      0        0
  MONTH TO DATE   38                        32      6       39
  SINCE SEP 1    224                       225     -1      293
  SINCE JAN 1   1512                      1529    -17     1560
..................................................................


WIND (MPH)
  HIGHEST WIND SPEED    25   HIGHEST WIND DIRECTION     N (360)
  HIGHEST GUST SPEED    33   HIGHEST GUST DIRECTION     N (10)
  AVERAGE WIND SPEED    12.0


SKY COVER
  POSSIBLE SUNSHINE  MM
  AVERAGE SKY COVER 0.2


WEATHER CONDITIONS
 THE FOLLOWING WEATHER WAS RECORDED YESTERDAY.
  LIGHT RAIN
  LIGHT SNOW


RELATIVE HUMIDITY (PERCENT)
 HIGHEST    82           400 AM
 LOWEST     29           300 PM
 AVERAGE    56

..........................................................


THE CHANUTE KS CLIMATE NORMALS FOR TODAY
                         NORMAL    RECORD    YEAR
 MAXIMUM TEMPERATURE (F)   64        85      1937
 MINIMUM TEMPERATURE (F)   42        21      1991


SUNRISE AND SUNSET
NOVEMBER  1 2014......SUNRISE   747 AM CDT   SUNSET   623 PM CDT
NOVEMBER  2 2014......SUNRISE   648 AM CST   SUNSET   522 PM CST


-  INDICATES NEGATIVE NUMBERS.
R  INDICATES RECORD WAS SET OR TIED.
MM INDICATES DATA IS MISSING.
T  INDICATES TRACE AMOUNT.




$$
