000
CDUS43 KICT 030647
CLICNU


CLIMATE REPORT
NATIONAL WEATHER SERVICE WICHITA KS
147 AM CDT THU NOV 3 2016


...................................

...THE CHANUTE KS CLIMATE SUMMARY FOR NOVEMBER 2 2016...

CLIMATE NORMAL PERIOD 1981 TO 2010
CLIMATE RECORD PERIOD 1894 TO 2016


WEATHER ITEM   OBSERVED TIME   RECORD YEAR NORMAL DEPARTURE LAST
                VALUE   (LST)  VALUE       VALUE  FROM      YEAR
                                                  NORMAL
..................................................................
TEMPERATURE (F)
 YESTERDAY
  MAXIMUM         81    306 PM  83    1914  63     18       73
  MINIMUM         65   1159 PM  13    1991  42     23       41
  AVERAGE         73                        53     20       57

PRECIPITATION (IN)
  YESTERDAY        T             2.70 1974   0.09  -0.09     0.00
  MONTH TO DATE    T                         0.17  -0.17     0.00
  SINCE SEP 1     10.42                      7.50   2.92     2.89
  SINCE JAN 1     35.65                     37.99  -2.34    34.20

DEGREE DAYS
 HEATING
  YESTERDAY        0                        13    -13        8
  MONTH TO DATE    0                        25    -25       18
  SINCE SEP 1     98                       312   -214      198
  SINCE JUL 1     98                       313   -215      198

 COOLING
  YESTERDAY        8                         0      8        0
  MONTH TO DATE   15                         0     15        0
  SINCE SEP 1    360                       225    135      293
  SINCE JAN 1   1841                      1529    312     1612
..................................................................


WIND (MPH)
  HIGHEST WIND SPEED    22   HIGHEST WIND DIRECTION     S (180)
  HIGHEST GUST SPEED    28   HIGHEST GUST DIRECTION    SW (210)
  AVERAGE WIND SPEED    10.1


SKY COVER
  POSSIBLE SUNSHINE  MM
  AVERAGE SKY COVER 0.4


WEATHER CONDITIONS
 THE FOLLOWING WEATHER WAS RECORDED YESTERDAY.
  THUNDERSTORM


RELATIVE HUMIDITY (PERCENT)
 HIGHEST    93          1200 AM
 LOWEST     71           100 PM
 AVERAGE    82

..........................................................


THE CHANUTE KS CLIMATE NORMALS FOR TODAY
                         NORMAL    RECORD    YEAR
 MAXIMUM TEMPERATURE (F)   63        86      1914
 MINIMUM TEMPERATURE (F)   41        11      1991


SUNRISE AND SUNSET
NOVEMBER  3 2016......SUNRISE   750 AM CDT   SUNSET   621 PM CDT
NOVEMBER  4 2016......SUNRISE   751 AM CDT   SUNSET   620 PM CDT


-  INDICATES NEGATIVE NUMBERS.
R  INDICATES RECORD WAS SET OR TIED.
MM INDICATES DATA IS MISSING.
T  INDICATES TRACE AMOUNT.




$$
