000
CDUS43 KICT 310653
CLICNU


CLIMATE REPORT
NATIONAL WEATHER SERVICE WICHITA KS
153 AM CDT THU MAR 31 2016


...................................

...THE CHANUTE KS CLIMATE SUMMARY FOR MARCH 30 2016...

CLIMATE NORMAL PERIOD 1981 TO 2010
CLIMATE RECORD PERIOD 1894 TO 2016


WEATHER ITEM   OBSERVED TIME   RECORD YEAR NORMAL DEPARTURE LAST
                VALUE   (LST)  VALUE       VALUE  FROM      YEAR
                                                  NORMAL
..................................................................
TEMPERATURE (F)
 YESTERDAY
  MAXIMUM         73    347 PM  83    1968  63     10       73
  MINIMUM         57   1042 PM  16    1964  40     17       31
  AVERAGE         65                        52     13       52

PRECIPITATION (IN)
  YESTERDAY        0.10          1.43 1989   0.12  -0.02     0.00
  MONTH TO DATE    1.41                      2.93  -1.52     0.55
  SINCE MAR 1      1.41                      2.93  -1.52     0.55
  SINCE JAN 1      2.49                      6.09  -3.60     1.86

DEGREE DAYS
 HEATING
  YESTERDAY        0                        14    -14       13
  MONTH TO DATE  377                       546   -169      492
  SINCE MAR 1    377                       546   -169      492
  SINCE JUL 1   3342                      4118   -776     4182

 COOLING
  YESTERDAY        0                         0      0        0
  MONTH TO DATE    0                         0      0        0
  SINCE MAR 1      0                         0      0        0
  SINCE JAN 1      0                         0      0        0
..................................................................


WIND (MPH)
  HIGHEST WIND SPEED    30   HIGHEST WIND DIRECTION     S (180)
  HIGHEST GUST SPEED    37   HIGHEST GUST DIRECTION     S (190)
  AVERAGE WIND SPEED    15.3


SKY COVER
  POSSIBLE SUNSHINE  MM
  AVERAGE SKY COVER 0.8


WEATHER CONDITIONS
 THE FOLLOWING WEATHER WAS RECORDED YESTERDAY.
  THUNDERSTORM
  LIGHT RAIN
  FOG


RELATIVE HUMIDITY (PERCENT)
 HIGHEST    97           900 PM
 LOWEST     34          1200 AM
 AVERAGE    66

..........................................................


THE CHANUTE KS CLIMATE NORMALS FOR TODAY
                         NORMAL    RECORD    YEAR
 MAXIMUM TEMPERATURE (F)   63        90      1940
 MINIMUM TEMPERATURE (F)   41        20      1923


SUNRISE AND SUNSET
MARCH 31 2016.........SUNRISE   708 AM CDT   SUNSET   744 PM CDT
APRIL  1 2016.........SUNRISE   707 AM CDT   SUNSET   745 PM CDT


-  INDICATES NEGATIVE NUMBERS.
R  INDICATES RECORD WAS SET OR TIED.
MM INDICATES DATA IS MISSING.
T  INDICATES TRACE AMOUNT.




$$
