000
CDUS43 KICT 130635
CLICNU


CLIMATE REPORT
NATIONAL WEATHER SERVICE WICHITA KS
135 AM CDT THU MAR 13 2014


...................................

...THE CHANUTE KS CLIMATE SUMMARY FOR MARCH 12 2014...

CLIMATE NORMAL PERIOD 1981 TO 2010
CLIMATE RECORD PERIOD 1894 TO 2014


WEATHER ITEM   OBSERVED TIME   RECORD YEAR NORMAL DEPARTURE LAST
                VALUE   (LST)  VALUE       VALUE  FROM      YEAR
                                                  NORMAL
..................................................................
TEMPERATURE (F)
 YESTERDAY
  MAXIMUM         56    451 PM  86    1916  57     -1       53
  MINIMUM         32   1155 PM   0    1948  35     -3       25
  AVERAGE         44                        46     -2       39

PRECIPITATION (IN)
  YESTERDAY        0.00          1.57 1947   0.09  -0.09     0.00
  MONTH TO DATE    0.09                      1.10  -1.01     0.42
  SINCE MAR 1      0.09                      1.10  -1.01     0.42
  SINCE JAN 1      1.06                      4.26  -3.20     6.18

DEGREE DAYS
 HEATING
  YESTERDAY       21                        19      2       26
  MONTH TO DATE  347                       253     94      292
  SINCE MAR 1    347                       253     94      292
  SINCE JUL 1   4367                      3825    542     3384

 COOLING
  YESTERDAY        0                         0      0        0
  MONTH TO DATE    0                         0      0        0
  SINCE MAR 1      0                         0      0        0
  SINCE JAN 1      0                         0      0        1
..................................................................


WIND (MPH)
  HIGHEST WIND SPEED    31   HIGHEST WIND DIRECTION     N (360)
  HIGHEST GUST SPEED    39   HIGHEST GUST DIRECTION     N (10)
  AVERAGE WIND SPEED    13.6


SKY COVER
  POSSIBLE SUNSHINE  MM
  AVERAGE SKY COVER 0.3


WEATHER CONDITIONS
 THE FOLLOWING WEATHER WAS RECORDED YESTERDAY.
  HAZE


RELATIVE HUMIDITY (PERCENT)
 HIGHEST    76           400 AM
 LOWEST     27           400 PM
 AVERAGE    52

..........................................................


THE CHANUTE KS CLIMATE NORMALS FOR TODAY
                         NORMAL    RECORD    YEAR
 MAXIMUM TEMPERATURE (F)   57        90      1916
 MINIMUM TEMPERATURE (F)   35        11      1950


SUNRISE AND SUNSET
MARCH 13 2014.........SUNRISE   736 AM CDT   SUNSET   727 PM CDT
MARCH 14 2014.........SUNRISE   734 AM CDT   SUNSET   728 PM CDT


-  INDICATES NEGATIVE NUMBERS.
R  INDICATES RECORD WAS SET OR TIED.
MM INDICATES DATA IS MISSING.
T  INDICATES TRACE AMOUNT.




$$
