000
CDUS43 KICT 120643
CLICNU


CLIMATE REPORT
NATIONAL WEATHER SERVICE WICHITA KS
1243 AM CST THU FEB 12 2015


...................................

...THE CHANUTE KS CLIMATE SUMMARY FOR FEBRUARY 11 2015...

CLIMATE NORMAL PERIOD 1981 TO 2010
CLIMATE RECORD PERIOD 1894 TO 2015


WEATHER ITEM   OBSERVED TIME   RECORD YEAR NORMAL DEPARTURE LAST
                VALUE   (LST)  VALUE       VALUE  FROM      YEAR
                                                  NORMAL
..................................................................
TEMPERATURE (F)
 YESTERDAY
  MAXIMUM         43    311 PM  75    1938  47     -4       25
  MINIMUM         24   1104 PM -10    1981  26     -2        0
  AVERAGE         34                        36     -2       13

PRECIPITATION (IN)
  YESTERDAY        0.00          1.27 1984   0.07  -0.07     0.00
  MONTH TO DATE    0.23                      0.63  -0.40     0.71
  SINCE DEC 1      3.23                      3.64  -0.41     0.98
  SINCE JAN 1      0.86                      1.89  -1.03     0.82

DEGREE DAYS
 HEATING
  YESTERDAY       31                        29      2       52
  MONTH TO DATE  311                       331    -20      515
  SINCE DEC 1   2103                      2278   -175     2634
  SINCE JUL 1   3045                      3130    -85     3554

 COOLING
  YESTERDAY        0                         0      0        0
  MONTH TO DATE    0                         0      0        0
  SINCE DEC 1      0                         0      0        0
  SINCE JAN 1      0                         0      0        0
..................................................................


WIND (MPH)
  HIGHEST WIND SPEED    24   HIGHEST WIND DIRECTION     N (340)
  HIGHEST GUST SPEED    32   HIGHEST GUST DIRECTION     N (340)
  AVERAGE WIND SPEED    10.2


SKY COVER
  POSSIBLE SUNSHINE  MM
  AVERAGE SKY COVER 0.2


WEATHER CONDITIONS
 THE FOLLOWING WEATHER WAS RECORDED YESTERDAY.
  NO SIGNIFICANT WEATHER WAS OBSERVED.


RELATIVE HUMIDITY (PERCENT)
 HIGHEST    92           300 AM
 LOWEST     49           100 PM
 AVERAGE    71

..........................................................


THE CHANUTE KS CLIMATE NORMALS FOR TODAY
                         NORMAL    RECORD    YEAR
 MAXIMUM TEMPERATURE (F)   47        83      1962
 MINIMUM TEMPERATURE (F)   26        -6      1980


SUNRISE AND SUNSET
FEBRUARY 12 2015......SUNRISE   715 AM CST   SUNSET   558 PM CST
FEBRUARY 13 2015......SUNRISE   714 AM CST   SUNSET   559 PM CST


-  INDICATES NEGATIVE NUMBERS.
R  INDICATES RECORD WAS SET OR TIED.
MM INDICATES DATA IS MISSING.
T  INDICATES TRACE AMOUNT.




$$

JMBW
