000
CDUS43 KICT 240700
CLICNU


CLIMATE REPORT
NATIONAL WEATHER SERVICE WICHITA KS
200 AM CDT MON AUG 24 2015


...................................

...THE CHANUTE KS CLIMATE SUMMARY FOR AUGUST 23 2015...

CLIMATE NORMAL PERIOD 1981 TO 2010
CLIMATE RECORD PERIOD 1894 TO 2015


WEATHER ITEM   OBSERVED TIME   RECORD YEAR NORMAL DEPARTURE LAST
                VALUE   (LST)  VALUE       VALUE  FROM      YEAR
                                                  NORMAL
..................................................................
TEMPERATURE (F)
 YESTERDAY
  MAXIMUM         78    426 PM 108    1936  89    -11      100
  MINIMUM         61   1159 PM  50    1923  67     -6       74
  AVERAGE         70                        78     -8       87

PRECIPITATION (IN)
  YESTERDAY        0.53          1.41 1933   0.12   0.41     0.00
  MONTH TO DATE    3.60                      2.77   0.83     1.36
  SINCE JUN 1     10.77                     13.17  -2.40    11.02
  SINCE JAN 1     28.74                     29.57  -0.83    20.48

DEGREE DAYS
 HEATING
  YESTERDAY        0                         0      0        0
  MONTH TO DATE    0                         0      0        0
  SINCE JUN 1      0                         6     -6        1
  SINCE JUL 1      0                         0      0        1

 COOLING
  YESTERDAY        5                        13     -8       22
  MONTH TO DATE  273                       333    -60      336
  SINCE JUN 1   1150                      1074     76      944
  SINCE JAN 1   1259                      1207     52     1136
..................................................................


WIND (MPH)
  HIGHEST WIND SPEED    22   HIGHEST WIND DIRECTION     N (340)
  HIGHEST GUST SPEED    28   HIGHEST GUST DIRECTION    NW (310)
  AVERAGE WIND SPEED     8.0


SKY COVER
  POSSIBLE SUNSHINE  MM
  AVERAGE SKY COVER 0.4


WEATHER CONDITIONS
 THE FOLLOWING WEATHER WAS RECORDED YESTERDAY.
  THUNDERSTORM
  HEAVY RAIN
  RAIN
  LIGHT RAIN
  FOG
  HAZE


RELATIVE HUMIDITY (PERCENT)
 HIGHEST    90           900 PM
 LOWEST     43           400 PM
 AVERAGE    67

..........................................................


THE CHANUTE KS CLIMATE NORMALS FOR TODAY
                         NORMAL    RECORD    YEAR
 MAXIMUM TEMPERATURE (F)   89       108      1936
 MINIMUM TEMPERATURE (F)   67        54      1945


SUNRISE AND SUNSET
AUGUST 24 2015........SUNRISE   645 AM CDT   SUNSET   803 PM CDT
AUGUST 25 2015........SUNRISE   646 AM CDT   SUNSET   801 PM CDT


-  INDICATES NEGATIVE NUMBERS.
R  INDICATES RECORD WAS SET OR TIED.
MM INDICATES DATA IS MISSING.
T  INDICATES TRACE AMOUNT.




$$
