368
CDUS43 KICT 080626
CLICNU


CLIMATE REPORT
NATIONAL WEATHER SERVICE WICHITA KS
125 AM CDT MON MAY 8 2017


...................................

...THE CHANUTE KS CLIMATE SUMMARY FOR MAY 7 2017...

CLIMATE NORMAL PERIOD 1981 TO 2010
CLIMATE RECORD PERIOD 1894 TO 2017


WEATHER ITEM   OBSERVED TIME   RECORD YEAR NORMAL DEPARTURE LAST
                VALUE   (LST)  VALUE       VALUE  FROM      YEAR
                                                  NORMAL
..................................................................
TEMPERATURE (F)
 YESTERDAY
  MAXIMUM         84    241 PM  91    1934  74     10       84
  MINIMUM         56    549 AM  36    1989  53      3       52
  AVERAGE         70                        63      7       68

PRECIPITATION (IN)
  YESTERDAY        0.00          1.78 1943   0.16  -0.16     0.00
  MONTH TO DATE    1.39                      1.11   0.28      T
  SINCE MAR 1     14.43                      8.55   5.88     6.88
  SINCE JAN 1     16.58                     11.71   4.87     7.96

DEGREE DAYS
 HEATING
  YESTERDAY        0                         4     -4        0
  MONTH TO DATE   41                        30     11       48
  SINCE MAR 1    660                       860   -200      611
  SINCE JUL 1   3428                      4432  -1004     3576

 COOLING
  YESTERDAY        5                         2      3        3
  MONTH TO DATE    6                        12     -6        3
  SINCE MAR 1     61                        43     18       27
  SINCE JAN 1     64                        43     21       27
..................................................................


WIND (MPH)
  HIGHEST WIND SPEED    16   HIGHEST WIND DIRECTION    SE (150)
  HIGHEST GUST SPEED    23   HIGHEST GUST DIRECTION    SW (210)
  AVERAGE WIND SPEED     8.2


SKY COVER
  POSSIBLE SUNSHINE  MM
  AVERAGE SKY COVER 0.0


WEATHER CONDITIONS
 THE FOLLOWING WEATHER WAS RECORDED YESTERDAY.
  NO SIGNIFICANT WEATHER WAS OBSERVED.


RELATIVE HUMIDITY (PERCENT)
 HIGHEST    73          1100 PM
 LOWEST     37           200 PM
 AVERAGE    55

..........................................................


THE CHANUTE KS CLIMATE NORMALS FOR TODAY
                         NORMAL    RECORD    YEAR
 MAXIMUM TEMPERATURE (F)   74        91      1962
 MINIMUM TEMPERATURE (F)   53        35      1976


SUNRISE AND SUNSET
MAY  8 2017...........SUNRISE   619 AM CDT   SUNSET   819 PM CDT
MAY  9 2017...........SUNRISE   618 AM CDT   SUNSET   820 PM CDT


-  INDICATES NEGATIVE NUMBERS.
R  INDICATES RECORD WAS SET OR TIED.
MM INDICATES DATA IS MISSING.
T  INDICATES TRACE AMOUNT.




$$
