000
CDUS43 KICT 100624
CLICNU


CLIMATE REPORT
NATIONAL WEATHER SERVICE WICHITA KS
123 AM CDT TUE MAR 10 2015


...................................

...THE CHANUTE KS CLIMATE SUMMARY FOR MARCH 9 2015...

CLIMATE NORMAL PERIOD 1981 TO 2010
CLIMATE RECORD PERIOD 1894 TO 2015


WEATHER ITEM   OBSERVED TIME   RECORD YEAR NORMAL DEPARTURE LAST
                VALUE   (LST)  VALUE       VALUE  FROM      YEAR
                                                  NORMAL
..................................................................
TEMPERATURE (F)
 YESTERDAY
  MAXIMUM         58    304 PM  79    1899  56      2       58
  MINIMUM         31    544 AM   8    1996  34     -3       18
  AVERAGE         45                        45      0       38

PRECIPITATION (IN)
  YESTERDAY        0.01          2.31 1974   0.09  -0.08     0.00
  MONTH TO DATE    0.01                      0.83  -0.82     0.10
  SINCE MAR 1      0.01                      0.83  -0.82     0.10
  SINCE JAN 1      1.32                      3.99  -2.67     1.07

DEGREE DAYS
 HEATING
  YESTERDAY       20                        20      0       27
  MONTH TO DATE  245                       195     50      314
  SINCE MAR 1    245                       195     50      314
  SINCE JUL 1   3935                      3767    168     4334

 COOLING
  YESTERDAY        0                         0      0        0
  MONTH TO DATE    0                         0      0        0
  SINCE MAR 1      0                         0      0        0
  SINCE JAN 1      0                         0      0        0
..................................................................


WIND (MPH)
  HIGHEST WIND SPEED    14   HIGHEST WIND DIRECTION    SW (220)
  HIGHEST GUST SPEED    17   HIGHEST GUST DIRECTION    SW (210)
  AVERAGE WIND SPEED     6.8


SKY COVER
  POSSIBLE SUNSHINE  MM
  AVERAGE SKY COVER 0.3


WEATHER CONDITIONS
 THE FOLLOWING WEATHER WAS RECORDED YESTERDAY.
  LIGHT RAIN
  FOG


RELATIVE HUMIDITY (PERCENT)
 HIGHEST   100           700 AM
 LOWEST     57           300 PM
 AVERAGE    79

..........................................................


THE CHANUTE KS CLIMATE NORMALS FOR TODAY
                         NORMAL    RECORD    YEAR
 MAXIMUM TEMPERATURE (F)   56        85      1967
 MINIMUM TEMPERATURE (F)   34         1      1948


SUNRISE AND SUNSET
MARCH 10 2015.........SUNRISE   741 AM CDT   SUNSET   724 PM CDT
MARCH 11 2015.........SUNRISE   739 AM CDT   SUNSET   725 PM CDT


-  INDICATES NEGATIVE NUMBERS.
R  INDICATES RECORD WAS SET OR TIED.
MM INDICATES DATA IS MISSING.
T  INDICATES TRACE AMOUNT.




$$
