000
CDUS43 KICT 110646
CLICNU


CLIMATE REPORT
NATIONAL WEATHER SERVICE WICHITA KS
145 AM CDT SAT JUL 11 2015


...................................

...THE CHANUTE KS CLIMATE SUMMARY FOR JULY 10 2015...

CLIMATE NORMAL PERIOD 1981 TO 2010
CLIMATE RECORD PERIOD 1894 TO 2015


WEATHER ITEM   OBSERVED TIME   RECORD YEAR NORMAL DEPARTURE LAST
                VALUE   (LST)  VALUE       VALUE  FROM      YEAR
                                                  NORMAL
..................................................................
TEMPERATURE (F)
 YESTERDAY
  MAXIMUM         86    238 PM 109    1980  90     -4       83
  MINIMUM         65   1258 AM  56    1961  69     -4       65
  AVERAGE         76                        79     -3       74

PRECIPITATION (IN)
  YESTERDAY        0.07          2.59 1951   0.15  -0.08     0.05
  MONTH TO DATE    4.17                      1.57   2.60     0.72
  SINCE JUN 1      6.54                      7.60  -1.06     8.77
  SINCE JAN 1     24.51                     24.00   0.51    18.23

DEGREE DAYS
 HEATING
  YESTERDAY        0                         0      0        0
  MONTH TO DATE    0                         0      0        0
  SINCE JUN 1      0                         6     -6        0
  SINCE JUL 1      0                         0      0        0

 COOLING
  YESTERDAY       11                        14     -3        9
  MONTH TO DATE  107                       138    -31       98
  SINCE JUN 1    498                       430     68      396
  SINCE JAN 1    607                       563     44      588
..................................................................


WIND (MPH)
  HIGHEST WIND SPEED    16   HIGHEST WIND DIRECTION     S (180)
  HIGHEST GUST SPEED    25   HIGHEST GUST DIRECTION     S (160)
  AVERAGE WIND SPEED     6.9


SKY COVER
  POSSIBLE SUNSHINE  MM
  AVERAGE SKY COVER 0.4


WEATHER CONDITIONS
 THE FOLLOWING WEATHER WAS RECORDED YESTERDAY.
  THUNDERSTORM
  RAIN
  LIGHT RAIN
  FOG
  FOG W/VISIBILITY <= 1/4 MILE


RELATIVE HUMIDITY (PERCENT)
 HIGHEST   100          1200 AM
 LOWEST     65          1200 PM
 AVERAGE    83

..........................................................


THE CHANUTE KS CLIMATE NORMALS FOR TODAY
                         NORMAL    RECORD    YEAR
 MAXIMUM TEMPERATURE (F)   90       108      1954
 MINIMUM TEMPERATURE (F)   69        57      1926


SUNRISE AND SUNSET
JULY 11 2015..........SUNRISE   609 AM CDT   SUNSET   845 PM CDT
JULY 12 2015..........SUNRISE   610 AM CDT   SUNSET   845 PM CDT


-  INDICATES NEGATIVE NUMBERS.
R  INDICATES RECORD WAS SET OR TIED.
MM INDICATES DATA IS MISSING.
T  INDICATES TRACE AMOUNT.




$$
