025
CDUS43 KICT 070634
CLICNU


CLIMATE REPORT
NATIONAL WEATHER SERVICE WICHITA KS
134 AM CDT FRI JUL 7 2017


...................................

...THE CHANUTE KS CLIMATE SUMMARY FOR JULY 6 2017...

CLIMATE NORMAL PERIOD 1981 TO 2010
CLIMATE RECORD PERIOD 1894 TO 2017


WEATHER ITEM   OBSERVED TIME   RECORD YEAR NORMAL DEPARTURE LAST
                VALUE   (LST)  VALUE       VALUE  FROM      YEAR
                                                  NORMAL
..................................................................
TEMPERATURE (F)
 YESTERDAY
  MAXIMUM         91    456 PM 103    1980  89      2       92
  MINIMUM         66    528 AM  49    1972  69     -3       69
  AVERAGE         79                        79      0       81

PRECIPITATION (IN)
  YESTERDAY        0.00          3.29 2010   0.16  -0.16    MM
  MONTH TO DATE    0.66                      0.95  -0.29      T
  SINCE JUN 1      2.53                      6.98  -4.45     3.20
  SINCE JAN 1     23.61                     23.38   0.23    14.99

DEGREE DAYS
 HEATING
  YESTERDAY        0                         0      0        0
  MONTH TO DATE    0                         0      0        0
  SINCE JUN 1      0                         6     -6        0
  SINCE JUL 1      0                         0      0        0

 COOLING
  YESTERDAY       14                        14      0       16
  MONTH TO DATE   67                        82    -15       88
  SINCE JUN 1    376                       374      2      522
  SINCE JAN 1    543                       507     36      629
..................................................................


WIND (MPH)
  HIGHEST WIND SPEED     9   HIGHEST WIND DIRECTION    NW (310)
  HIGHEST GUST SPEED    13   HIGHEST GUST DIRECTION    SE (140)
  AVERAGE WIND SPEED     4.4


SKY COVER
  POSSIBLE SUNSHINE  MM
  AVERAGE SKY COVER 0.0


WEATHER CONDITIONS
 THE FOLLOWING WEATHER WAS RECORDED YESTERDAY.
  LIGHT RAIN
  FOG


RELATIVE HUMIDITY (PERCENT)
 HIGHEST   100           600 AM
 LOWEST     41           400 PM
 AVERAGE    71

..........................................................


THE CHANUTE KS CLIMATE NORMALS FOR TODAY
                         NORMAL    RECORD    YEAR
 MAXIMUM TEMPERATURE (F)   89       105      1918
 MINIMUM TEMPERATURE (F)   69        52      1915


SUNRISE AND SUNSET
JULY  7 2017..........SUNRISE   607 AM CDT   SUNSET   846 PM CDT
JULY  8 2017..........SUNRISE   608 AM CDT   SUNSET   846 PM CDT


-  INDICATES NEGATIVE NUMBERS.
R  INDICATES RECORD WAS SET OR TIED.
MM INDICATES DATA IS MISSING.
T  INDICATES TRACE AMOUNT.




$$
