000
CDUS43 KICT 250634
CLICNU


CLIMATE REPORT
NATIONAL WEATHER SERVICE WICHITA KS
133 AM CDT FRI MAR 25 2016


...................................

...THE CHANUTE KS CLIMATE SUMMARY FOR MARCH 24 2016...

CLIMATE NORMAL PERIOD 1981 TO 2010
CLIMATE RECORD PERIOD 1894 TO 2016


WEATHER ITEM   OBSERVED TIME   RECORD YEAR NORMAL DEPARTURE LAST
                VALUE   (LST)  VALUE       VALUE  FROM      YEAR
                                                  NORMAL
..................................................................
TEMPERATURE (F)
 YESTERDAY
  MAXIMUM         55    402 PM  92    1910  61     -6       72
  MINIMUM         28   1158 PM   9    1974  39    -11       47
  AVERAGE         42                        50     -8       60

PRECIPITATION (IN)
  YESTERDAY        0.00          1.60 1912   0.11  -0.11     0.26
  MONTH TO DATE    0.60                      2.28  -1.68     0.41
  SINCE MAR 1      0.60                      2.28  -1.68     0.41
  SINCE JAN 1      1.68                      5.44  -3.76     1.72

DEGREE DAYS
 HEATING
  YESTERDAY       23                        15      8        5
  MONTH TO DATE  303                       459   -156      409
  SINCE MAR 1    303                       459   -156      409
  SINCE JUL 1   3268                      4031   -763     4099

 COOLING
  YESTERDAY        0                         0      0        0
  MONTH TO DATE    0                         0      0        0
  SINCE MAR 1      0                         0      0        0
  SINCE JAN 1      0                         0      0        0
..................................................................


WIND (MPH)
  HIGHEST WIND SPEED    29   HIGHEST WIND DIRECTION    NW (300)
  HIGHEST GUST SPEED    37   HIGHEST GUST DIRECTION     W (290)
  AVERAGE WIND SPEED    15.0


SKY COVER
  POSSIBLE SUNSHINE  MM
  AVERAGE SKY COVER 0.5


WEATHER CONDITIONS
 THE FOLLOWING WEATHER WAS RECORDED YESTERDAY.
  NO SIGNIFICANT WEATHER WAS OBSERVED.


RELATIVE HUMIDITY (PERCENT)
 HIGHEST    85          1100 PM
 LOWEST     44           600 PM
 AVERAGE    65

..........................................................


THE CHANUTE KS CLIMATE NORMALS FOR TODAY
                         NORMAL    RECORD    YEAR
 MAXIMUM TEMPERATURE (F)   61        88      1910
 MINIMUM TEMPERATURE (F)   39         8      1955


SUNRISE AND SUNSET
MARCH 25 2016.........SUNRISE   717 AM CDT   SUNSET   739 PM CDT
MARCH 26 2016.........SUNRISE   716 AM CDT   SUNSET   740 PM CDT


-  INDICATES NEGATIVE NUMBERS.
R  INDICATES RECORD WAS SET OR TIED.
MM INDICATES DATA IS MISSING.
T  INDICATES TRACE AMOUNT.




$$
