000
CDUS43 KICT 130702
CLICNU


CLIMATE REPORT
NATIONAL WEATHER SERVICE WICHITA KS
100 AM CST SAT JAN 13 2018


...................................

...THE CHANUTE KS CLIMATE SUMMARY FOR JANUARY 12 2018...

CLIMATE NORMAL PERIOD 1981 TO 2010
CLIMATE RECORD PERIOD 1894 TO 2018


WEATHER ITEM   OBSERVED TIME   RECORD YEAR NORMAL DEPARTURE LAST
                VALUE   (LST)  VALUE       VALUE  FROM      YEAR
                                                  NORMAL
..................................................................
TEMPERATURE (F)
 YESTERDAY
  MAXIMUM         MM        MM  70    1960  42     MM       36
  MINIMUM         MM        MM -19    1918  23     MM       21
  AVERAGE         MM                        32     MM       29

PRECIPITATION (IN)
  YESTERDAY        0.00          0.74 1927   0.04  -0.04     0.00
  MONTH TO DATE    0.00                      0.47  -0.47     0.01
  SINCE DEC 1      0.24                      2.22  -1.98     0.79
  SINCE JAN 1      0.00                      0.47  -0.47     0.01

DEGREE DAYS
 HEATING
  YESTERDAY       MM                        33     MM       36
  MONTH TO DATE  328                       396    -68      383
  SINCE DEC 1   1190                      1337   -147     1325
  SINCE JUL 1   1891                      2189   -298     1803

 COOLING
  YESTERDAY       MM                         0     MM        0
  MONTH TO DATE    0                         0      0        0
  SINCE DEC 1      0                         0      0        0
  SINCE JAN 1      0                         0      0        0
..................................................................


WIND (MPH)
  HIGHEST WIND SPEED    17   HIGHEST WIND DIRECTION     N (10)
  HIGHEST GUST SPEED    21   HIGHEST GUST DIRECTION     N (360)
  AVERAGE WIND SPEED    11.6


SKY COVER
  POSSIBLE SUNSHINE   0 PERCENT
  AVERAGE SKY COVER 0.0


WEATHER CONDITIONS
 THE FOLLOWING WEATHER WAS RECORDED YESTERDAY.
  NO SIGNIFICANT WEATHER WAS OBSERVED.


RELATIVE HUMIDITY (PERCENT)
 HIGHEST     0          1200 AM
 LOWEST      0          1200 AM
 AVERAGE     0

..........................................................


THE CHANUTE KS CLIMATE NORMALS FOR TODAY
                         NORMAL    RECORD    YEAR
 MAXIMUM TEMPERATURE (F)   42        69      1996
 MINIMUM TEMPERATURE (F)   23       -11      1916


SUNRISE AND SUNSET
JANUARY 13 2018.......SUNRISE   736 AM CST   SUNSET   525 PM CST
JANUARY 14 2018.......SUNRISE   736 AM CST   SUNSET   526 PM CST


-  INDICATES NEGATIVE NUMBERS.
R  INDICATES RECORD WAS SET OR TIED.
MM INDICATES DATA IS MISSING.
T  INDICATES TRACE AMOUNT.




$$
