000
CDUS43 KICT 190656
CLICNU


CLIMATE REPORT
NATIONAL WEATHER SERVICE WICHITA KS
1256 AM CST FRI DEC 19 2014


...................................

...THE CHANUTE KS CLIMATE SUMMARY FOR DECEMBER 18 2014...

CLIMATE NORMAL PERIOD 1981 TO 2010
CLIMATE RECORD PERIOD 1894 TO 2014


WEATHER ITEM   OBSERVED TIME   RECORD YEAR NORMAL DEPARTURE LAST
                VALUE   (LST)  VALUE       VALUE  FROM      YEAR
                                                  NORMAL
..................................................................
TEMPERATURE (F)
 YESTERDAY
  MAXIMUM         35    123 PM  68    1966  43     -8       64
  MINIMUM         30   1240 AM  -4    1945  25      5       26
  AVERAGE         33                        34     -1       45

PRECIPITATION (IN)
  YESTERDAY        T             0.87 1995   0.05  -0.05     0.00
  MONTH TO DATE    2.28                      1.09   1.19     0.16
  SINCE DEC 1      2.28                      1.09   1.19     0.16
  SINCE JAN 1     31.79                     41.41  -9.62    47.75

DEGREE DAYS
 HEATING
  YESTERDAY       32                        31      1       20
  MONTH TO DATE  443                       522    -79      596
  SINCE DEC 1    443                       522    -79      596
  SINCE JUL 1   1385                      1374     11     1516

 COOLING
  YESTERDAY        0                         0      0        0
  MONTH TO DATE    0                         0      0        0
  SINCE DEC 1      0                         0      0        0
  SINCE JAN 1   1512                      1532    -20     1560
..................................................................


WIND (MPH)
  HIGHEST WIND SPEED    10   HIGHEST WIND DIRECTION     E (70)
  HIGHEST GUST SPEED    12   HIGHEST GUST DIRECTION     E (70)
  AVERAGE WIND SPEED     3.8


SKY COVER
  POSSIBLE SUNSHINE  MM
  AVERAGE SKY COVER 1.0


WEATHER CONDITIONS
 THE FOLLOWING WEATHER WAS RECORDED YESTERDAY.
  LT FREEZING RAIN
  LIGHT SNOW
  FOG
  FOG W/VISIBILITY <= 1/4 MILE


RELATIVE HUMIDITY (PERCENT)
 HIGHEST   100          1200 AM
 LOWEST     92           600 AM
 AVERAGE    96

..........................................................


THE CHANUTE KS CLIMATE NORMALS FOR TODAY
                         NORMAL    RECORD    YEAR
 MAXIMUM TEMPERATURE (F)   43        72      1978
 MINIMUM TEMPERATURE (F)   24        -9      1945


SUNRISE AND SUNSET
DECEMBER 19 2014......SUNRISE   732 AM CST   SUNSET   506 PM CST
DECEMBER 20 2014......SUNRISE   733 AM CST   SUNSET   506 PM CST


-  INDICATES NEGATIVE NUMBERS.
R  INDICATES RECORD WAS SET OR TIED.
MM INDICATES DATA IS MISSING.
T  INDICATES TRACE AMOUNT.




$$
