000
CDUS43 KICT 200640
CLICNU


CLIMATE REPORT
NATIONAL WEATHER SERVICE WICHITA KS
139 AM CDT FRI OCT 20 2017


...................................

...THE CHANUTE KS CLIMATE SUMMARY FOR OCTOBER 19 2017...

CLIMATE NORMAL PERIOD 1981 TO 2010
CLIMATE RECORD PERIOD 1894 TO 2017


WEATHER ITEM   OBSERVED TIME   RECORD YEAR NORMAL DEPARTURE LAST
                VALUE   (LST)  VALUE       VALUE  FROM      YEAR
                                                  NORMAL
..................................................................
TEMPERATURE (F)
 YESTERDAY
  MAXIMUM         79    200 PM  87    1963  68     11       76
  MINIMUM         49    651 AM  24    1972  46      3       56
  AVERAGE         64                        57      7       66

PRECIPITATION (IN)
  YESTERDAY        0.00          1.64 1979   0.11  -0.11     0.00
  MONTH TO DATE    3.71                      2.47   1.24     3.10
  SINCE SEP 1      7.30                      6.14   1.16    10.01
  SINCE JAN 1     43.94                     36.63   7.31    35.24

DEGREE DAYS
 HEATING
  YESTERDAY        1                         8     -7        0
  MONTH TO DATE   58                       118    -60       48
  SINCE SEP 1     65                       164    -99       59
  SINCE JUL 1     65                       165   -100       59

 COOLING
  YESTERDAY        0                         1     -1        1
  MONTH TO DATE   78                        27     51       60
  SINCE SEP 1    308                       220     88      321
  SINCE JAN 1   1615                      1524     91     1802
..................................................................


WIND (MPH)
  HIGHEST WIND SPEED    18   HIGHEST WIND DIRECTION     S (200)
  HIGHEST GUST SPEED    23   HIGHEST GUST DIRECTION     S (200)
  AVERAGE WIND SPEED     9.9


SKY COVER
  POSSIBLE SUNSHINE  MM
  AVERAGE SKY COVER 0.0


WEATHER CONDITIONS
 THE FOLLOWING WEATHER WAS RECORDED YESTERDAY.
  NO SIGNIFICANT WEATHER WAS OBSERVED.


RELATIVE HUMIDITY (PERCENT)
 HIGHEST    93           600 AM
 LOWEST     39           200 PM
 AVERAGE    66

..........................................................


THE CHANUTE KS CLIMATE NORMALS FOR TODAY
                         NORMAL    RECORD    YEAR
 MAXIMUM TEMPERATURE (F)   68        88      1979
 MINIMUM TEMPERATURE (F)   46        25      2011
                                             1989


SUNRISE AND SUNSET
OCTOBER 20 2017.......SUNRISE   735 AM CDT   SUNSET   637 PM CDT
OCTOBER 21 2017.......SUNRISE   736 AM CDT   SUNSET   636 PM CDT


-  INDICATES NEGATIVE NUMBERS.
R  INDICATES RECORD WAS SET OR TIED.
MM INDICATES DATA IS MISSING.
T  INDICATES TRACE AMOUNT.




$$
