667
CDUS43 KICT 280629
CLICNU


CLIMATE REPORT
NATIONAL WEATHER SERVICE WICHITA KS
1228 AM CST THU DEC 28 2017


...................................

...THE CHANUTE KS CLIMATE SUMMARY FOR DECEMBER 27 2017...

CLIMATE NORMAL PERIOD 1981 TO 2010
CLIMATE RECORD PERIOD 1894 TO 2017


WEATHER ITEM   OBSERVED TIME   RECORD YEAR NORMAL DEPARTURE LAST
                VALUE   (LST)  VALUE       VALUE  FROM      YEAR
                                                  NORMAL
..................................................................
TEMPERATURE (F)
 YESTERDAY
  MAXIMUM         24    357 PM  74    1946  42    -18       52
  MINIMUM          7    836 AM   3    1925  24    -17       21
  AVERAGE         16                        33    -17       37

PRECIPITATION (IN)
  YESTERDAY        0.00          1.41 1927   0.06  -0.06     0.00
  MONTH TO DATE    0.24                      1.58  -1.34     0.78
  SINCE DEC 1      0.24                      1.58  -1.34     0.78
  SINCE JAN 1     46.29                     41.90   4.39    36.90

DEGREE DAYS
 HEATING
  YESTERDAY       49                        32     17       28
  MONTH TO DATE  690                       809   -119      846
  SINCE DEC 1    690                       809   -119      846
  SINCE JUL 1   1391                      1661   -270     1324

 COOLING
  YESTERDAY        0                         0      0        0
  MONTH TO DATE    0                         0      0        0
  SINCE DEC 1      0                         0      0        0
  SINCE JAN 1   1619                      1532     87     1846
..................................................................


WIND (MPH)
  HIGHEST WIND SPEED    17   HIGHEST WIND DIRECTION     E (80)
  HIGHEST GUST SPEED    23   HIGHEST GUST DIRECTION     E (70)
  AVERAGE WIND SPEED    10.0


SKY COVER
  POSSIBLE SUNSHINE  MM
  AVERAGE SKY COVER 0.7


WEATHER CONDITIONS
 THE FOLLOWING WEATHER WAS RECORDED YESTERDAY.
  NO SIGNIFICANT WEATHER WAS OBSERVED.


RELATIVE HUMIDITY (PERCENT)
 HIGHEST    69           800 AM
 LOWEST     32           300 PM
 AVERAGE    51

..........................................................


THE CHANUTE KS CLIMATE NORMALS FOR TODAY
                         NORMAL    RECORD    YEAR
 MAXIMUM TEMPERATURE (F)   42        69      1928
 MINIMUM TEMPERATURE (F)   23        -4      1924


SUNRISE AND SUNSET
DECEMBER 28 2017......SUNRISE   736 AM CST   SUNSET   511 PM CST
DECEMBER 29 2017......SUNRISE   736 AM CST   SUNSET   512 PM CST


-  INDICATES NEGATIVE NUMBERS.
R  INDICATES RECORD WAS SET OR TIED.
MM INDICATES DATA IS MISSING.
T  INDICATES TRACE AMOUNT.




$$
