000
CDUS43 KICT 080647
CLICNU

CLIMATE REPORT
NATIONAL WEATHER SERVICE WICHITA KS
1246 AM CST THU JAN 8 2015


...................................

...THE CHANUTE KS CLIMATE SUMMARY FOR JANUARY 7 2015...

CLIMATE NORMAL PERIOD 1981 TO 2010
CLIMATE RECORD PERIOD 1894 TO 2015


WEATHER ITEM   OBSERVED TIME   RECORD YEAR NORMAL DEPARTURE LAST
                VALUE   (LST)  VALUE       VALUE  FROM      YEAR
                                                  NORMAL
..................................................................
TEMPERATURE (F)
 YESTERDAY
  MAXIMUM         25    102 AM  72    2008  42    -17       41
  MINIMUM          2   1159 PM -12    1912  23    -21        0
  AVERAGE         14                        32    -18       21

PRECIPITATION (IN)
  YESTERDAY        T             1.32 1935   0.04  -0.04     0.00
  MONTH TO DATE    0.20                      0.28  -0.08     0.11
  SINCE DEC 1      2.57                      2.03   0.54     0.27
  SINCE JAN 1      0.20                      0.28  -0.08     0.11

DEGREE DAYS
 HEATING
  YESTERDAY       51                        33     18       44
  MONTH TO DATE  285                       231     54      323
  SINCE DEC 1   1120                      1172    -52     1356
  SINCE JUL 1   2062                      2024     38     2276

 COOLING
  YESTERDAY        0                         0      0        0
  MONTH TO DATE    0                         0      0        0
  SINCE DEC 1      0                         0      0        0
  SINCE JAN 1      0                         0      0        0
..................................................................


WIND (MPH)
  HIGHEST WIND SPEED    25   HIGHEST WIND DIRECTION     N (340)
  HIGHEST GUST SPEED    34   HIGHEST GUST DIRECTION     N (350)
  AVERAGE WIND SPEED    13.8


SKY COVER
  POSSIBLE SUNSHINE  MM
  AVERAGE SKY COVER 0.3


WEATHER CONDITIONS
 THE FOLLOWING WEATHER WAS RECORDED YESTERDAY.
  LIGHT SNOW


RELATIVE HUMIDITY (PERCENT)
 HIGHEST    79           900 PM
 LOWEST     36           200 PM
 AVERAGE    58

..........................................................


THE CHANUTE KS CLIMATE NORMALS FOR TODAY
                         NORMAL    RECORD    YEAR
 MAXIMUM TEMPERATURE (F)   42        71      1939
 MINIMUM TEMPERATURE (F)   23        -9      1979


SUNRISE AND SUNSET
JANUARY  8 2015.......SUNRISE   737 AM CST   SUNSET   520 PM CST
JANUARY  9 2015.......SUNRISE   737 AM CST   SUNSET   521 PM CST


-  INDICATES NEGATIVE NUMBERS.
R  INDICATES RECORD WAS SET OR TIED.
MM INDICATES DATA IS MISSING.
T  INDICATES TRACE AMOUNT.




$$
