377
CDUS43 KICT 310644
CLICNU

CLIMATE REPORT
NATIONAL WEATHER SERVICE WICHITA KS
1242 AM CST SAT DEC 31 2016

...................................

...THE CHANUTE KS CLIMATE SUMMARY FOR DECEMBER 30 2016...

CLIMATE NORMAL PERIOD 1981 TO 2010
CLIMATE RECORD PERIOD 1894 TO 2016


WEATHER ITEM   OBSERVED TIME   RECORD YEAR NORMAL DEPARTURE LAST
                VALUE   (LST)  VALUE       VALUE  FROM      YEAR
                                                  NORMAL
..................................................................
TEMPERATURE (F)
 YESTERDAY
  MAXIMUM         59    322 PM  70    2004  42     17       32
  MINIMUM         22    415 AM  -8    1983  23     -1       18
  AVERAGE         41                        32      9       25

PRECIPITATION (IN)
  YESTERDAY        0.00          0.45 1945   0.04  -0.04      T
  MONTH TO DATE    0.70                      1.71  -1.01     3.55
  SINCE DEC 1      0.70                      1.71  -1.01     3.55
  SINCE JAN 1     36.82                     42.03  -5.21    43.24

DEGREE DAYS
 HEATING
  YESTERDAY       24                        33     -9       40
  MONTH TO DATE  701                       907   -206      676
  SINCE DEC 1    701                       907   -206      676
  SINCE JUL 1   1179                      1759   -580     1319

 COOLING
  YESTERDAY        0                         0      0        0
  MONTH TO DATE    0                         0      0        0
  SINCE DEC 1      0                         0      0        0
  SINCE JAN 1   1846                      1532    314     1612
..................................................................


WIND (MPH)
  HIGHEST WIND SPEED    30   HIGHEST WIND DIRECTION     S (200)
  HIGHEST GUST SPEED    41   HIGHEST GUST DIRECTION    SW (210)
  AVERAGE WIND SPEED    15.0


SKY COVER
  POSSIBLE SUNSHINE  MM
  AVERAGE SKY COVER 0.0


WEATHER CONDITIONS
 THE FOLLOWING WEATHER WAS RECORDED YESTERDAY.
  NO SIGNIFICANT WEATHER WAS OBSERVED.


RELATIVE HUMIDITY (PERCENT)
 HIGHEST    68           200 AM
 LOWEST     15           300 PM
 AVERAGE    42

..........................................................


THE CHANUTE KS CLIMATE NORMALS FOR TODAY
                         NORMAL    RECORD    YEAR
 MAXIMUM TEMPERATURE (F)   42        72      1951
 MINIMUM TEMPERATURE (F)   23        -6      1968


SUNRISE AND SUNSET
DECEMBER 31 2016......SUNRISE   737 AM CST   SUNSET   514 PM CST
JANUARY  1 2017.......SUNRISE   737 AM CST   SUNSET   514 PM CST


-  INDICATES NEGATIVE NUMBERS.
R  INDICATES RECORD WAS SET OR TIED.
MM INDICATES DATA IS MISSING.
T  INDICATES TRACE AMOUNT.

$$
