000
CDUS43 KICT 170628
CLICNU


CLIMATE REPORT
NATIONAL WEATHER SERVICE WICHITA KS
128 AM CDT MON MAR 17 2014


...................................

...THE CHANUTE KS CLIMATE SUMMARY FOR MARCH 16 2014...

CLIMATE NORMAL PERIOD 1981 TO 2010
CLIMATE RECORD PERIOD 1894 TO 2014


WEATHER ITEM   OBSERVED TIME   RECORD YEAR NORMAL DEPARTURE LAST
                VALUE   (LST)  VALUE       VALUE  FROM      YEAR
                                                  NORMAL
..................................................................
TEMPERATURE (F)
 YESTERDAY
  MAXIMUM         53   1212 AM  82    2012  58     -5       59
  MINIMUM         27   1156 PM  17    1900  36     -9       40
  AVERAGE         40                        47     -7       50

PRECIPITATION (IN)
  YESTERDAY        0.42          0.95 1970   0.10   0.32      T
  MONTH TO DATE    0.73                      1.48  -0.75     0.42
  SINCE MAR 1      0.73                      1.48  -0.75     0.42
  SINCE JAN 1      1.70                      4.64  -2.94     6.18

DEGREE DAYS
 HEATING
  YESTERDAY       25                        18      7       15
  MONTH TO DATE  415                       327     88      352
  SINCE MAR 1    415                       327     88      352
  SINCE JUL 1   4435                      3899    536     3444

 COOLING
  YESTERDAY        0                         0      0        0
  MONTH TO DATE    0                         0      0        0
  SINCE MAR 1      0                         0      0        0
  SINCE JAN 1      0                         0      0        1
..................................................................


WIND (MPH)
  HIGHEST WIND SPEED    30   HIGHEST WIND DIRECTION     N (10)
  HIGHEST GUST SPEED    39   HIGHEST GUST DIRECTION     N (20)
  AVERAGE WIND SPEED    17.1


SKY COVER
  POSSIBLE SUNSHINE  MM
  AVERAGE SKY COVER 0.7


WEATHER CONDITIONS
 THE FOLLOWING WEATHER WAS RECORDED YESTERDAY.
  RAIN
  LIGHT RAIN
  LIGHT SNOW
  FOG


RELATIVE HUMIDITY (PERCENT)
 HIGHEST    93           200 AM
 LOWEST     54           600 PM
 AVERAGE    74

..........................................................


THE CHANUTE KS CLIMATE NORMALS FOR TODAY
                         NORMAL    RECORD    YEAR
 MAXIMUM TEMPERATURE (F)   59        84      1994
 MINIMUM TEMPERATURE (F)   37        12      1941


SUNRISE AND SUNSET
MARCH 17 2014.........SUNRISE   730 AM CDT   SUNSET   731 PM CDT
MARCH 18 2014.........SUNRISE   728 AM CDT   SUNSET   732 PM CDT


-  INDICATES NEGATIVE NUMBERS.
R  INDICATES RECORD WAS SET OR TIED.
MM INDICATES DATA IS MISSING.
T  INDICATES TRACE AMOUNT.




$$
