000
CDUS43 KICT 280632
CLICNU


CLIMATE REPORT
NATIONAL WEATHER SERVICE WICHITA KS
1232 AM CST FRI NOV 28 2014


...................................

...THE CHANUTE KS CLIMATE SUMMARY FOR NOVEMBER 27 2014...

CLIMATE NORMAL PERIOD 1981 TO 2010
CLIMATE RECORD PERIOD 1894 TO 2014


WEATHER ITEM   OBSERVED TIME   RECORD YEAR NORMAL DEPARTURE LAST
                VALUE   (LST)  VALUE       VALUE  FROM      YEAR
                                                  NORMAL
..................................................................
TEMPERATURE (F)
 YESTERDAY
  MAXIMUM         43    326 PM  75    1960  51     -8       35
  MINIMUM         20    737 AM   1    1975  31    -11       16
  AVERAGE         32                        41     -9       26

PRECIPITATION (IN)
  YESTERDAY        0.00          0.79 1983   0.07  -0.07     0.00
  MONTH TO DATE    1.35                      2.28  -0.93     1.83
  SINCE SEP 1      9.03                      9.61  -0.58    11.97
  SINCE JAN 1     29.51                     40.10 -10.59    47.59

DEGREE DAYS
 HEATING
  YESTERDAY       33                        24      9       39
  MONTH TO DATE  650                       485    165      558
  SINCE SEP 1    859                       772     87      845
  SINCE JUL 1    860                       773     87      845

 COOLING
  YESTERDAY        0                         0      0        0
  MONTH TO DATE    0                         0      0        0
  SINCE SEP 1    224                       225     -1      293
  SINCE JAN 1   1512                      1529    -17     1560
..................................................................


WIND (MPH)
  HIGHEST WIND SPEED    15   HIGHEST WIND DIRECTION     N (340)
  HIGHEST GUST SPEED    20   HIGHEST GUST DIRECTION     N (340)
  AVERAGE WIND SPEED     6.1


SKY COVER
  POSSIBLE SUNSHINE  MM
  AVERAGE SKY COVER 0.0


WEATHER CONDITIONS
 THE FOLLOWING WEATHER WAS RECORDED YESTERDAY.
  NO SIGNIFICANT WEATHER WAS OBSERVED.


RELATIVE HUMIDITY (PERCENT)
 HIGHEST    92           400 AM
 LOWEST     39           300 PM
 AVERAGE    66

..........................................................


THE CHANUTE KS CLIMATE NORMALS FOR TODAY
                         NORMAL    RECORD    YEAR
 MAXIMUM TEMPERATURE (F)   50        75      1998
 MINIMUM TEMPERATURE (F)   30         9      1976


SUNRISE AND SUNSET
NOVEMBER 28 2014......SUNRISE   715 AM CST   SUNSET   504 PM CST
NOVEMBER 29 2014......SUNRISE   716 AM CST   SUNSET   504 PM CST


-  INDICATES NEGATIVE NUMBERS.
R  INDICATES RECORD WAS SET OR TIED.
MM INDICATES DATA IS MISSING.
T  INDICATES TRACE AMOUNT.




$$
