000
CDUS43 KICT 240651
CLICNU


CLIMATE REPORT
NATIONAL WEATHER SERVICE WICHITA KS
151 AM CDT THU MAR 24 2016


...................................

...THE CHANUTE KS CLIMATE SUMMARY FOR MARCH 23 2016...

CLIMATE NORMAL PERIOD 1981 TO 2010
CLIMATE RECORD PERIOD 1894 TO 2016


WEATHER ITEM   OBSERVED TIME   RECORD YEAR NORMAL DEPARTURE LAST
                VALUE   (LST)  VALUE       VALUE  FROM      YEAR
                                                  NORMAL
..................................................................
TEMPERATURE (F)
 YESTERDAY
  MAXIMUM         80    309 PM  94    1910  61     19       70
  MINIMUM         49   1159 PM  13    1974  38     11       47
  AVERAGE         65                        49     16       59

PRECIPITATION (IN)
  YESTERDAY        0.00          1.62 1958   0.10  -0.10     0.00
  MONTH TO DATE    0.60                      2.17  -1.57     0.15
  SINCE MAR 1      0.60                      2.17  -1.57     0.15
  SINCE JAN 1      1.68                      5.33  -3.65     1.46

DEGREE DAYS
 HEATING
  YESTERDAY        0                        16    -16        6
  MONTH TO DATE  280                       444   -164      404
  SINCE MAR 1    280                       444   -164      404
  SINCE JUL 1   3245                      4016   -771     4094

 COOLING
  YESTERDAY        0                         0      0        0
  MONTH TO DATE    0                         0      0        0
  SINCE MAR 1      0                         0      0        0
  SINCE JAN 1      0                         0      0        0
..................................................................


WIND (MPH)
  HIGHEST WIND SPEED    39   HIGHEST WIND DIRECTION     S (190)
  HIGHEST GUST SPEED    51   HIGHEST GUST DIRECTION     S (190)
  AVERAGE WIND SPEED    26.5


SKY COVER
  POSSIBLE SUNSHINE  MM
  AVERAGE SKY COVER 0.3


WEATHER CONDITIONS
 THE FOLLOWING WEATHER WAS RECORDED YESTERDAY.
  HAZE


RELATIVE HUMIDITY (PERCENT)
 HIGHEST    78           500 AM
 LOWEST     12           700 PM
 AVERAGE    45

..........................................................


THE CHANUTE KS CLIMATE NORMALS FOR TODAY
                         NORMAL    RECORD    YEAR
 MAXIMUM TEMPERATURE (F)   61        92      1910
 MINIMUM TEMPERATURE (F)   39         9      1974


SUNRISE AND SUNSET
MARCH 24 2016.........SUNRISE   719 AM CDT   SUNSET   738 PM CDT
MARCH 25 2016.........SUNRISE   717 AM CDT   SUNSET   739 PM CDT


-  INDICATES NEGATIVE NUMBERS.
R  INDICATES RECORD WAS SET OR TIED.
MM INDICATES DATA IS MISSING.
T  INDICATES TRACE AMOUNT.




$$
