000
CDUS43 KICT 130630
CLICNU


CLIMATE REPORT
NATIONAL WEATHER SERVICE WICHITA KS
130 AM CDT MON JUN 13 2016


...................................

...THE CHANUTE KS CLIMATE SUMMARY FOR JUNE 12 2016...

CLIMATE NORMAL PERIOD 1981 TO 2010
CLIMATE RECORD PERIOD 1894 TO 2016


WEATHER ITEM   OBSERVED TIME   RECORD YEAR NORMAL DEPARTURE LAST
                VALUE   (LST)  VALUE       VALUE  FROM      YEAR
                                                  NORMAL
..................................................................
TEMPERATURE (F)
 YESTERDAY
  MAXIMUM         90   1238 PM 106    1953  84      6       85
  MINIMUM         69    923 PM  48    1913  64      5       68
  AVERAGE         80                        74      6       77

PRECIPITATION (IN)
  YESTERDAY        0.05          1.79 2002   0.21  -0.16     0.27
  MONTH TO DATE    0.56                      2.75  -2.19     0.40
  SINCE JUN 1      0.56                      2.75  -2.19     0.40
  SINCE JAN 1     12.35                     19.15  -6.80    18.37

DEGREE DAYS
 HEATING
  YESTERDAY        0                         0      0        0
  MONTH TO DATE    0                         4     -4        0
  SINCE JUN 1      0                         4     -4        0
  SINCE JUL 1   3647                      4481   -834     4455

 COOLING
  YESTERDAY       15                         9      6       12
  MONTH TO DATE  121                        90     31      149
  SINCE JUN 1    121                        90     31      149
  SINCE JAN 1    228                       223      5      258
..................................................................


WIND (MPH)
  HIGHEST WIND SPEED    29   HIGHEST WIND DIRECTION     S (180)
  HIGHEST GUST SPEED    39   HIGHEST GUST DIRECTION     S (170)
  AVERAGE WIND SPEED     6.1


SKY COVER
  POSSIBLE SUNSHINE  MM
  AVERAGE SKY COVER 0.1


WEATHER CONDITIONS
 THE FOLLOWING WEATHER WAS RECORDED YESTERDAY.
  THUNDERSTORM
  LIGHT RAIN
  FOG
  HAZE


RELATIVE HUMIDITY (PERCENT)
 HIGHEST    93           600 AM
 LOWEST     56          1200 PM
 AVERAGE    75

..........................................................


THE CHANUTE KS CLIMATE NORMALS FOR TODAY
                         NORMAL    RECORD    YEAR
 MAXIMUM TEMPERATURE (F)   84       102      1963
 MINIMUM TEMPERATURE (F)   64        47      1985


SUNRISE AND SUNSET
JUNE 13 2016..........SUNRISE   600 AM CDT   SUNSET   845 PM CDT
JUNE 14 2016..........SUNRISE   600 AM CDT   SUNSET   845 PM CDT


-  INDICATES NEGATIVE NUMBERS.
R  INDICATES RECORD WAS SET OR TIED.
MM INDICATES DATA IS MISSING.
T  INDICATES TRACE AMOUNT.




$$
