000
CDUS43 KICT 070627
CLICNU

CLIMATE REPORT
NATIONAL WEATHER SERVICE WICHITA KS
1226 AM CST SAT MAR 7 2015


...................................

...THE CHANUTE KS CLIMATE SUMMARY FOR MARCH 6 2015...

CLIMATE NORMAL PERIOD 1981 TO 2010
CLIMATE RECORD PERIOD 1894 TO 2015


WEATHER ITEM   OBSERVED TIME   RECORD YEAR NORMAL DEPARTURE LAST
                VALUE   (LST)  VALUE       VALUE  FROM      YEAR
                                                  NORMAL
..................................................................
TEMPERATURE (F)
 YESTERDAY
  MAXIMUM         59    429 PM  81    1925  55      4       51
  MINIMUM         25    354 AM   4    1960  33     -8       26
  AVERAGE         42                        44     -2       39

PRECIPITATION (IN)
  YESTERDAY        0.00          1.26 1973   0.09  -0.09     0.00
  MONTH TO DATE    T                         0.55  -0.55     0.01
  SINCE MAR 1      T                         0.55  -0.55     0.01
  SINCE JAN 1      1.31                      3.71  -2.40     0.98

DEGREE DAYS
 HEATING
  YESTERDAY       23                        21      2       26
  MONTH TO DATE  199                       133     66      237
  SINCE MAR 1    199                       133     66      237
  SINCE JUL 1   3889                      3705    184     4257

 COOLING
  YESTERDAY        0                         0      0        0
  MONTH TO DATE    0                         0      0        0
  SINCE MAR 1      0                         0      0        0
  SINCE JAN 1      0                         0      0        0
..................................................................


WIND (MPH)
  HIGHEST WIND SPEED    22   HIGHEST WIND DIRECTION    SW (220)
  HIGHEST GUST SPEED    29   HIGHEST GUST DIRECTION    SW (210)
  AVERAGE WIND SPEED    13.3


SKY COVER
  POSSIBLE SUNSHINE  MM
  AVERAGE SKY COVER 0.0


WEATHER CONDITIONS
 THE FOLLOWING WEATHER WAS RECORDED YESTERDAY.
  NO SIGNIFICANT WEATHER WAS OBSERVED.


RELATIVE HUMIDITY (PERCENT)
 HIGHEST    81           400 AM
 LOWEST     28           400 PM
 AVERAGE    55

..........................................................


THE CHANUTE KS CLIMATE NORMALS FOR TODAY
                         NORMAL    RECORD    YEAR
 MAXIMUM TEMPERATURE (F)   55        81      1925
 MINIMUM TEMPERATURE (F)   33        -3      1943


SUNRISE AND SUNSET
MARCH  7 2015.........SUNRISE   645 AM CST   SUNSET   621 PM CST
MARCH  8 2015.........SUNRISE   744 AM CDT   SUNSET   722 PM CDT


-  INDICATES NEGATIVE NUMBERS.
R  INDICATES RECORD WAS SET OR TIED.
MM INDICATES DATA IS MISSING.
T  INDICATES TRACE AMOUNT.




$$
