000
CDUS43 KICT 050620
CLICNU

CLIMATE REPORT
NATIONAL WEATHER SERVICE WICHITA KS
119 AM CDT SAT JUL 5 2014

...................................

...THE CHANUTE KS CLIMATE SUMMARY FOR JULY 4 2014...

CLIMATE NORMAL PERIOD 1981 TO 2010
CLIMATE RECORD PERIOD 1894 TO 2014


WEATHER ITEM   OBSERVED TIME   RECORD YEAR NORMAL DEPARTURE LAST
                VALUE   (LST)  VALUE       VALUE  FROM      YEAR
                                                  NORMAL
..................................................................
TEMPERATURE (F)
 YESTERDAY
  MAXIMUM         84    510 PM 106    1911  89     -5       88
  MINIMUM         59    524 AM  50    1924  69    -10       59
  AVERAGE         72                        79     -7       74

PRECIPITATION (IN)
  YESTERDAY        0.00          4.12 1899   0.16  -0.16     0.00
  MONTH TO DATE    0.58                      0.64  -0.06     0.00
  SINCE JUN 1      8.63                      6.67   1.96     4.12
  SINCE JAN 1     18.09                     23.07  -4.98    22.68

DEGREE DAYS
 HEATING
  YESTERDAY        0                         0      0        0
  MONTH TO DATE    0                         0      0        0
  SINCE JUN 1      0                         6     -6       10
  SINCE JUL 1      0                         0      0        0

 COOLING
  YESTERDAY        7                        14     -7        9
  MONTH TO DATE   21                        54    -33       23
  SINCE JUN 1    319                       346    -27      337
  SINCE JAN 1    511                       479     32      460
..................................................................


WIND (MPH)
  HIGHEST WIND SPEED    13   HIGHEST WIND DIRECTION    SE (140)
  HIGHEST GUST SPEED    23   HIGHEST GUST DIRECTION     E (110)
  AVERAGE WIND SPEED     6.7


SKY COVER
  POSSIBLE SUNSHINE  MM
  AVERAGE SKY COVER 0.0


WEATHER CONDITIONS
 THE FOLLOWING WEATHER WAS RECORDED YESTERDAY.
  NO SIGNIFICANT WEATHER WAS OBSERVED.


RELATIVE HUMIDITY (PERCENT)
 HIGHEST    90           100 AM
 LOWEST     45          1200 PM
 AVERAGE    68

..........................................................


THE CHANUTE KS CLIMATE NORMALS FOR TODAY
                         NORMAL    RECORD    YEAR
 MAXIMUM TEMPERATURE (F)   89       106      1911
 MINIMUM TEMPERATURE (F)   69        50      1972


SUNRISE AND SUNSET
JULY  5 2014..........SUNRISE   606 AM CDT   SUNSET   847 PM CDT
JULY  6 2014..........SUNRISE   607 AM CDT   SUNSET   847 PM CDT


-  INDICATES NEGATIVE NUMBERS.
R  INDICATES RECORD WAS SET OR TIED.
MM INDICATES DATA IS MISSING.
T  INDICATES TRACE AMOUNT.

$$
