465
CDUS43 KICT 020630
CLICNU


CLIMATE REPORT
NATIONAL WEATHER SERVICE WICHITA KS
130 AM CDT WED AUG 2 2017


...................................

...THE CHANUTE KS CLIMATE SUMMARY FOR AUGUST 1 2017...

CLIMATE NORMAL PERIOD 1981 TO 2010
CLIMATE RECORD PERIOD 1894 TO 2017


WEATHER ITEM   OBSERVED TIME   RECORD YEAR NORMAL DEPARTURE LAST
                VALUE   (LST)  VALUE       VALUE  FROM      YEAR
                                                  NORMAL
..................................................................
TEMPERATURE (F)
 YESTERDAY
  MAXIMUM         82    503 PM 109    1934  91     -9       95
  MINIMUM         68   1033 PM  53    1971  69     -1       76
  AVERAGE         75                        80     -5       86

PRECIPITATION (IN)
  YESTERDAY        0.12          1.70 1999   0.12   0.00     0.00
  MONTH TO DATE    0.12                      0.12   0.00     0.00
  SINCE JUN 1      4.35                     10.52  -6.17     7.69
  SINCE JAN 1     25.43                     26.92  -1.49    19.48

DEGREE DAYS
 HEATING
  YESTERDAY        0                         0      0        0
  MONTH TO DATE    0                         0      0        0
  SINCE JUN 1      0                         6     -6        0
  SINCE JUL 1      0                         0      0        0

 COOLING
  YESTERDAY       10                        15     -5       21
  MONTH TO DATE   10                        15     -5       21
  SINCE JUN 1    831                       756     75      956
  SINCE JAN 1    998                       889    109     1063
..................................................................


WIND (MPH)
  HIGHEST WIND SPEED    10   HIGHEST WIND DIRECTION     S (170)
  HIGHEST GUST SPEED    16   HIGHEST GUST DIRECTION     S (160)
  AVERAGE WIND SPEED     4.1


SKY COVER
  POSSIBLE SUNSHINE  MM
  AVERAGE SKY COVER 0.8


WEATHER CONDITIONS
 THE FOLLOWING WEATHER WAS RECORDED YESTERDAY.
  LIGHT RAIN
  FOG


RELATIVE HUMIDITY (PERCENT)
 HIGHEST    97          1100 PM
 LOWEST     58           500 PM
 AVERAGE    78

..........................................................


THE CHANUTE KS CLIMATE NORMALS FOR TODAY
                         NORMAL    RECORD    YEAR
 MAXIMUM TEMPERATURE (F)   91       110      2011
 MINIMUM TEMPERATURE (F)   69        51      2009


SUNRISE AND SUNSET
AUGUST  2 2017........SUNRISE   627 AM CDT   SUNSET   829 PM CDT
AUGUST  3 2017........SUNRISE   628 AM CDT   SUNSET   828 PM CDT


-  INDICATES NEGATIVE NUMBERS.
R  INDICATES RECORD WAS SET OR TIED.
MM INDICATES DATA IS MISSING.
T  INDICATES TRACE AMOUNT.




$$
