809
CDUS43 KICT 030651
CLICNU


CLIMATE REPORT
NATIONAL WEATHER SERVICE WICHITA KS
151 AM CDT TUE MAY 3 2016


...................................

...THE CHANUTE KS CLIMATE SUMMARY FOR MAY 2 2016...

CLIMATE NORMAL PERIOD 1981 TO 2010
CLIMATE RECORD PERIOD 1894 TO 2016


WEATHER ITEM   OBSERVED TIME   RECORD YEAR NORMAL DEPARTURE LAST
                VALUE   (LST)  VALUE       VALUE  FROM      YEAR
                                                  NORMAL
..................................................................
TEMPERATURE (F)
 YESTERDAY
  MAXIMUM         58    114 PM  88    1968  73    -15       78
  MINIMUM         41   1105 PM  28    2005  52    -11       50
  AVERAGE         50                        62    -12       64

PRECIPITATION (IN)
  YESTERDAY        T             1.60 1910   0.15  -0.15      T
  MONTH TO DATE    T                         0.30  -0.30      T
  SINCE MAR 1      6.88                      7.74  -0.86     5.08
  SINCE JAN 1      7.96                     10.90  -2.94     6.39

DEGREE DAYS
 HEATING
  YESTERDAY       15                         5     10        1
  MONTH TO DATE   26                        10     16        7
  SINCE MAR 1    589                       840   -251      689
  SINCE JUL 1   3554                      4412   -858     4379

 COOLING
  YESTERDAY        0                         1     -1        0
  MONTH TO DATE    0                         2     -2        0
  SINCE MAR 1     24                        33     -9       22
  SINCE JAN 1     24                        33     -9       22
..................................................................


WIND (MPH)
  HIGHEST WIND SPEED    12   HIGHEST WIND DIRECTION    NW (310)
  HIGHEST GUST SPEED    15   HIGHEST GUST DIRECTION    NW (330)
  AVERAGE WIND SPEED     4.6


SKY COVER
  POSSIBLE SUNSHINE  MM
  AVERAGE SKY COVER 0.9


WEATHER CONDITIONS
 THE FOLLOWING WEATHER WAS RECORDED YESTERDAY.
  FOG


RELATIVE HUMIDITY (PERCENT)
 HIGHEST    93           900 PM
 LOWEST     61          1100 AM
 AVERAGE    77

..........................................................


THE CHANUTE KS CLIMATE NORMALS FOR TODAY
                         NORMAL    RECORD    YEAR
 MAXIMUM TEMPERATURE (F)   73        91      1952
 MINIMUM TEMPERATURE (F)   52        30      2005


SUNRISE AND SUNSET
MAY  3 2016...........SUNRISE   624 AM CDT   SUNSET   814 PM CDT
MAY  4 2016...........SUNRISE   622 AM CDT   SUNSET   815 PM CDT


-  INDICATES NEGATIVE NUMBERS.
R  INDICATES RECORD WAS SET OR TIED.
MM INDICATES DATA IS MISSING.
T  INDICATES TRACE AMOUNT.




$$
