000
CDUS43 KICT 190635
CLICNU


CLIMATE REPORT
NATIONAL WEATHER SERVICE WICHITA KS
1235 AM CST SAT NOV 19 2016


...................................

...THE CHANUTE KS CLIMATE SUMMARY FOR NOVEMBER 18 2016...

CLIMATE NORMAL PERIOD 1981 TO 2010
CLIMATE RECORD PERIOD 1894 TO 2016


WEATHER ITEM   OBSERVED TIME   RECORD YEAR NORMAL DEPARTURE LAST
                VALUE   (LST)  VALUE       VALUE  FROM      YEAR
                                                  NORMAL
..................................................................
TEMPERATURE (F)
 YESTERDAY
  MAXIMUM         70    244 AM  78    1942  56     14       59
  MINIMUM         34   1159 PM   6    2014  35     -1       43
  AVERAGE         52                        45      7       51

PRECIPITATION (IN)
  YESTERDAY        0.00          0.75 1985   0.08  -0.08     0.02
  MONTH TO DATE    0.30                      1.58  -1.28     1.76
  SINCE SEP 1     10.72                      8.91   1.81     4.65
  SINCE JAN 1     35.95                     39.40  -3.45    35.96

DEGREE DAYS
 HEATING
  YESTERDAY       13                        20     -7       14
  MONTH TO DATE  154                       285   -131      200
  SINCE SEP 1    252                       572   -320      380
  SINCE JUL 1    252                       573   -321      380

 COOLING
  YESTERDAY        0                         0      0        0
  MONTH TO DATE   20                         0     20        0
  SINCE SEP 1    365                       225    140      293
  SINCE JAN 1   1846                      1529    317     1612
..................................................................


WIND (MPH)
  HIGHEST WIND SPEED    32   HIGHEST WIND DIRECTION     W (280)
  HIGHEST GUST SPEED    42   HIGHEST GUST DIRECTION     W (280)
  AVERAGE WIND SPEED    18.4


SKY COVER
  POSSIBLE SUNSHINE  MM
  AVERAGE SKY COVER 0.5


WEATHER CONDITIONS
 THE FOLLOWING WEATHER WAS RECORDED YESTERDAY.
  NO SIGNIFICANT WEATHER WAS OBSERVED.


RELATIVE HUMIDITY (PERCENT)
 HIGHEST    76           600 AM
 LOWEST     49           100 PM
 AVERAGE    63

..........................................................


THE CHANUTE KS CLIMATE NORMALS FOR TODAY
                         NORMAL    RECORD    YEAR
 MAXIMUM TEMPERATURE (F)   55        78      1913
 MINIMUM TEMPERATURE (F)   34        15      1937


SUNRISE AND SUNSET
NOVEMBER 19 2016......SUNRISE   707 AM CST   SUNSET   508 PM CST
NOVEMBER 20 2016......SUNRISE   708 AM CST   SUNSET   507 PM CST


-  INDICATES NEGATIVE NUMBERS.
R  INDICATES RECORD WAS SET OR TIED.
MM INDICATES DATA IS MISSING.
T  INDICATES TRACE AMOUNT.




$$
