000
CDUS43 KICT 030629
CLICNU


CLIMATE REPORT
NATIONAL WEATHER SERVICE WICHITA KS
1229 AM CST FRI FEB 3 2017


...................................

...THE CHANUTE KS CLIMATE SUMMARY FOR FEBRUARY 2 2017...

CLIMATE NORMAL PERIOD 1981 TO 2010
CLIMATE RECORD PERIOD 1894 TO 2017


WEATHER ITEM   OBSERVED TIME   RECORD YEAR NORMAL DEPARTURE LAST
                VALUE   (LST)  VALUE       VALUE  FROM      YEAR
                                                  NORMAL
..................................................................
TEMPERATURE (F)
 YESTERDAY
  MAXIMUM         37    322 PM  70    1924  44     -7       56
  MINIMUM         21   1159 PM  -9    1917  24     -3       35
  AVERAGE         29                        34     -5       46

PRECIPITATION (IN)
  YESTERDAY        0.00          1.00 1913   0.05  -0.05     0.29
  MONTH TO DATE    0.00                      0.10  -0.10     0.29
  SINCE DEC 1      2.62                      3.11  -0.49     4.62
  SINCE JAN 1      1.84                      1.36   0.48     1.07

DEGREE DAYS
 HEATING
  YESTERDAY       36                        31      5       19
  MONTH TO DATE   59                        62     -3       41
  SINCE DEC 1   1843                      2009   -166     1727
  SINCE JUL 1   2321                      2861   -540     2370

 COOLING
  YESTERDAY        0                         0      0        0
  MONTH TO DATE    0                         0      0        0
  SINCE DEC 1      0                         0      0        0
  SINCE JAN 1      0                         0      0        0
..................................................................


WIND (MPH)
  HIGHEST WIND SPEED    21   HIGHEST WIND DIRECTION     N (10)
  HIGHEST GUST SPEED    28   HIGHEST GUST DIRECTION     N (10)
  AVERAGE WIND SPEED    11.2


SKY COVER
  POSSIBLE SUNSHINE  MM
  AVERAGE SKY COVER 0.1


WEATHER CONDITIONS
 THE FOLLOWING WEATHER WAS RECORDED YESTERDAY.
  NO SIGNIFICANT WEATHER WAS OBSERVED.


RELATIVE HUMIDITY (PERCENT)
 HIGHEST    75           300 AM
 LOWEST     23           400 PM
 AVERAGE    49

..........................................................


THE CHANUTE KS CLIMATE NORMALS FOR TODAY
                         NORMAL    RECORD    YEAR
 MAXIMUM TEMPERATURE (F)   45        80      1934
 MINIMUM TEMPERATURE (F)   24       -16      2011


SUNRISE AND SUNSET
FEBRUARY  3 2017......SUNRISE   724 AM CST   SUNSET   548 PM CST
FEBRUARY  4 2017......SUNRISE   723 AM CST   SUNSET   549 PM CST


-  INDICATES NEGATIVE NUMBERS.
R  INDICATES RECORD WAS SET OR TIED.
MM INDICATES DATA IS MISSING.
T  INDICATES TRACE AMOUNT.




$$
