000
CDUS43 KICT 070633
CLICNU


CLIMATE REPORT
NATIONAL WEATHER SERVICE WICHITA KS
132 AM CDT SUN AUG 7 2016


...................................

...THE CHANUTE KS CLIMATE SUMMARY FOR AUGUST 6 2016...

CLIMATE NORMAL PERIOD 1981 TO 2010
CLIMATE RECORD PERIOD 1894 TO 2016


WEATHER ITEM   OBSERVED TIME   RECORD YEAR NORMAL DEPARTURE LAST
                VALUE   (LST)  VALUE       VALUE  FROM      YEAR
                                                  NORMAL
..................................................................
TEMPERATURE (F)
 YESTERDAY
  MAXIMUM         77    512 PM 110    1956  91    -14       88
  MINIMUM         71   1034 AM  56    1994  69      2       70
  AVERAGE         74                        80     -6       79

PRECIPITATION (IN)
  YESTERDAY        1.48          1.90 2008   0.12   1.36     0.00
  MONTH TO DATE    1.61                      0.70   0.91     1.92
  SINCE JUN 1      9.30                     11.10  -1.80     9.09
  SINCE JAN 1     21.09                     27.50  -6.41    27.06

DEGREE DAYS
 HEATING
  YESTERDAY        0                         0      0        0
  MONTH TO DATE    0                         0      0        0
  SINCE JUN 1      0                         6     -6        0
  SINCE JUL 1      0                         0      0        0

 COOLING
  YESTERDAY        9                        15     -6       14
  MONTH TO DATE  109                        90     19       84
  SINCE JUN 1   1044                       831    213      961
  SINCE JAN 1   1151                       964    187     1070
..................................................................


WIND (MPH)
  HIGHEST WIND SPEED    15   HIGHEST WIND DIRECTION     E (70)
  HIGHEST GUST SPEED    19   HIGHEST GUST DIRECTION     E (70)
  AVERAGE WIND SPEED     5.7


SKY COVER
  POSSIBLE SUNSHINE  MM
  AVERAGE SKY COVER 0.7


WEATHER CONDITIONS
 THE FOLLOWING WEATHER WAS RECORDED YESTERDAY.
  THUNDERSTORM
  HEAVY RAIN
  RAIN
  LIGHT RAIN
  FOG


RELATIVE HUMIDITY (PERCENT)
 HIGHEST    93           600 AM
 LOWEST     82          1200 AM
 AVERAGE    88

..........................................................


THE CHANUTE KS CLIMATE NORMALS FOR TODAY
                         NORMAL    RECORD    YEAR
 MAXIMUM TEMPERATURE (F)   91       107      1956
 MINIMUM TEMPERATURE (F)   69        50      1997


SUNRISE AND SUNSET
AUGUST  7 2016........SUNRISE   631 AM CDT   SUNSET   823 PM CDT
AUGUST  8 2016........SUNRISE   632 AM CDT   SUNSET   822 PM CDT


-  INDICATES NEGATIVE NUMBERS.
R  INDICATES RECORD WAS SET OR TIED.
MM INDICATES DATA IS MISSING.
T  INDICATES TRACE AMOUNT.




$$
