000
CDUS43 KICT 140623
CLICNU


CLIMATE REPORT
NATIONAL WEATHER SERVICE WICHITA KS
122 AM CDT SAT OCT 14 2017


...................................

...THE CHANUTE KS CLIMATE SUMMARY FOR OCTOBER 13 2017...

CLIMATE NORMAL PERIOD 1981 TO 2010
CLIMATE RECORD PERIOD 1894 TO 2017


WEATHER ITEM   OBSERVED TIME   RECORD YEAR NORMAL DEPARTURE LAST
                VALUE   (LST)  VALUE       VALUE  FROM      YEAR
                                                  NORMAL
..................................................................
TEMPERATURE (F)
 YESTERDAY
  MAXIMUM         85    336 PM  87    1963  70     15       62
  MINIMUM         63    546 AM  26    1917  48     15       42
  AVERAGE         74                        59     15       52

PRECIPITATION (IN)
  YESTERDAY        0.00          2.61 2014   0.13  -0.13     0.16
  MONTH TO DATE    1.10                      1.78  -0.68     2.88
  SINCE SEP 1      4.69                      5.45  -0.76     9.79
  SINCE JAN 1     41.33                     35.94   5.39    35.02

DEGREE DAYS
 HEATING
  YESTERDAY        0                         7     -7       13
  MONTH TO DATE   21                        72    -51       47
  SINCE SEP 1     28                       118    -90       58
  SINCE JUL 1     28                       119    -91       58

 COOLING
  YESTERDAY        9                         1      8        0
  MONTH TO DATE   69                        21     48       21
  SINCE SEP 1    299                       214     85      282
  SINCE JAN 1   1606                      1518     88     1763
..................................................................


WIND (MPH)
  HIGHEST WIND SPEED    23   HIGHEST WIND DIRECTION     S (170)
  HIGHEST GUST SPEED    30   HIGHEST GUST DIRECTION     S (190)
  AVERAGE WIND SPEED    13.3


SKY COVER
  POSSIBLE SUNSHINE  MM
  AVERAGE SKY COVER 0.0


WEATHER CONDITIONS
 THE FOLLOWING WEATHER WAS RECORDED YESTERDAY.
  NO SIGNIFICANT WEATHER WAS OBSERVED.


RELATIVE HUMIDITY (PERCENT)
 HIGHEST    84          1000 PM
 LOWEST     55           200 PM
 AVERAGE    70

..........................................................


THE CHANUTE KS CLIMATE NORMALS FOR TODAY
                         NORMAL    RECORD    YEAR
 MAXIMUM TEMPERATURE (F)   70        91      1938
 MINIMUM TEMPERATURE (F)   48        31      1901


SUNRISE AND SUNSET
OCTOBER 14 2017.......SUNRISE   730 AM CDT   SUNSET   646 PM CDT
OCTOBER 15 2017.......SUNRISE   730 AM CDT   SUNSET   644 PM CDT


-  INDICATES NEGATIVE NUMBERS.
R  INDICATES RECORD WAS SET OR TIED.
MM INDICATES DATA IS MISSING.
T  INDICATES TRACE AMOUNT.




$$
