000
CDUS43 KICT 100642
CLICNU


CLIMATE REPORT
NATIONAL WEATHER SERVICE WICHITA KS
1241 AM CST TUE FEB 10 2015


...................................

...THE CHANUTE KS CLIMATE SUMMARY FOR FEBRUARY 9 2015...

CLIMATE NORMAL PERIOD 1981 TO 2010
CLIMATE RECORD PERIOD 1894 TO 2015


WEATHER ITEM   OBSERVED TIME   RECORD YEAR NORMAL DEPARTURE LAST
                VALUE   (LST)  VALUE       VALUE  FROM      YEAR
                                                  NORMAL
..................................................................
TEMPERATURE (F)
 YESTERDAY
  MAXIMUM         47    332 PM  74    1932  46      1       28
  MINIMUM         31    659 PM -11    1979  25      6       16
  AVERAGE         39                        36      3       22

PRECIPITATION (IN)
  YESTERDAY        0.00          0.71 1959   0.06  -0.06     0.00
  MONTH TO DATE    0.23                      0.49  -0.26     0.41
  SINCE DEC 1      3.23                      3.50  -0.27     0.68
  SINCE JAN 1      0.86                      1.75  -0.89     0.52

DEGREE DAYS
 HEATING
  YESTERDAY       26                        29     -3       43
  MONTH TO DATE  259                       273    -14      412
  SINCE DEC 1   2051                      2220   -169     2531
  SINCE JUL 1   2993                      3072    -79     3451

 COOLING
  YESTERDAY        0                         0      0        0
  MONTH TO DATE    0                         0      0        0
  SINCE DEC 1      0                         0      0        0
  SINCE JAN 1      0                         0      0        0
..................................................................


WIND (MPH)
  HIGHEST WIND SPEED    16   HIGHEST WIND DIRECTION     N (360)
  HIGHEST GUST SPEED    21   HIGHEST GUST DIRECTION     N (10)
  AVERAGE WIND SPEED     8.0


SKY COVER
  POSSIBLE SUNSHINE  MM
  AVERAGE SKY COVER 0.3


WEATHER CONDITIONS
 THE FOLLOWING WEATHER WAS RECORDED YESTERDAY.
  FOG
  HAZE


RELATIVE HUMIDITY (PERCENT)
 HIGHEST    92           400 AM
 LOWEST     65           300 PM
 AVERAGE    79

..........................................................


THE CHANUTE KS CLIMATE NORMALS FOR TODAY
                         NORMAL    RECORD    YEAR
 MAXIMUM TEMPERATURE (F)   46        80      1922
 MINIMUM TEMPERATURE (F)   25       -16      2011


SUNRISE AND SUNSET
FEBRUARY 10 2015......SUNRISE   717 AM CST   SUNSET   556 PM CST
FEBRUARY 11 2015......SUNRISE   716 AM CST   SUNSET   557 PM CST


-  INDICATES NEGATIVE NUMBERS.
R  INDICATES RECORD WAS SET OR TIED.
MM INDICATES DATA IS MISSING.
T  INDICATES TRACE AMOUNT.




$$

JMBW
