000
CDUS43 KICT 050644
CLICNU


CLIMATE REPORT
NATIONAL WEATHER SERVICE WICHITA KS
1243 AM CST FRI JAN 5 2018


...................................

...THE CHANUTE KS CLIMATE SUMMARY FOR JANUARY 4 2018...

CLIMATE NORMAL PERIOD 1981 TO 2010
CLIMATE RECORD PERIOD 1894 TO 2018


WEATHER ITEM   OBSERVED TIME   RECORD YEAR NORMAL DEPARTURE LAST
                VALUE   (LST)  VALUE       VALUE  FROM      YEAR
                                                  NORMAL
..................................................................
TEMPERATURE (F)
 YESTERDAY
  MAXIMUM         MM        MM  64    1955  42     MM       31
  MINIMUM          9    758 AM -16    1947  23    -14       12
  AVERAGE         MM                        32     MM       22

PRECIPITATION (IN)
  YESTERDAY        0.00          1.87 2005   0.04  -0.04     0.00
  MONTH TO DATE    0.00                      0.16  -0.16     0.01
  SINCE DEC 1      0.24                      1.91  -1.67     0.79
  SINCE JAN 1      0.00                      0.16  -0.16     0.01

DEGREE DAYS
 HEATING
  YESTERDAY       MM                        33     MM       43
  MONTH TO DATE  153                       132     21      108
  SINCE DEC 1   1015                      1073    -58     1050
  SINCE JUL 1   1716                      1925   -209     1528

 COOLING
  YESTERDAY       MM                         0     MM        0
  MONTH TO DATE    0                         0      0        0
  SINCE DEC 1      0                         0      0        0
  SINCE JAN 1      0                         0      0        0
..................................................................


WIND (MPH)
  HIGHEST WIND SPEED    10   HIGHEST WIND DIRECTION     N (20)
  HIGHEST GUST SPEED    13   HIGHEST GUST DIRECTION    SE (140)
  AVERAGE WIND SPEED     4.4


SKY COVER
  POSSIBLE SUNSHINE  MM
  AVERAGE SKY COVER 0.0


WEATHER CONDITIONS
 THE FOLLOWING WEATHER WAS RECORDED YESTERDAY.
  NO SIGNIFICANT WEATHER WAS OBSERVED.


RELATIVE HUMIDITY (PERCENT)
 HIGHEST    80           800 AM
 LOWEST     41           300 PM
 AVERAGE    61

..........................................................


THE CHANUTE KS CLIMATE NORMALS FOR TODAY
                         NORMAL    RECORD    YEAR
 MAXIMUM TEMPERATURE (F)   42        66      2012
                                             2008
 MINIMUM TEMPERATURE (F)   23       -11      1959


SUNRISE AND SUNSET
JANUARY  5 2018.......SUNRISE   737 AM CST   SUNSET   518 PM CST
JANUARY  6 2018.......SUNRISE   737 AM CST   SUNSET   519 PM CST


-  INDICATES NEGATIVE NUMBERS.
R  INDICATES RECORD WAS SET OR TIED.
MM INDICATES DATA IS MISSING.
T  INDICATES TRACE AMOUNT.




$$
