000
CDUS43 KICT 220632
CLICNU


CLIMATE REPORT
NATIONAL WEATHER SERVICE WICHITA KS
131 AM CDT TUE MAR 22 2016


...................................

...THE CHANUTE KS CLIMATE SUMMARY FOR MARCH 21 2016...

CLIMATE NORMAL PERIOD 1981 TO 2010
CLIMATE RECORD PERIOD 1894 TO 2016


WEATHER ITEM   OBSERVED TIME   RECORD YEAR NORMAL DEPARTURE LAST
                VALUE   (LST)  VALUE       VALUE  FROM      YEAR
                                                  NORMAL
..................................................................
TEMPERATURE (F)
 YESTERDAY
  MAXIMUM         67    349 PM  95    1916  60      7       72
  MINIMUM         25    354 AM  10    1913  38    -13       38
  AVERAGE         46                        49     -3       55

PRECIPITATION (IN)
  YESTERDAY        0.00          1.48 1902   0.09  -0.09     0.00
  MONTH TO DATE    0.60                      1.97  -1.37     0.15
  SINCE MAR 1      0.60                      1.97  -1.37     0.15
  SINCE JAN 1      1.68                      5.13  -3.45     1.46

DEGREE DAYS
 HEATING
  YESTERDAY       19                        16      3       10
  MONTH TO DATE  277                       412   -135      389
  SINCE MAR 1    277                       412   -135      389
  SINCE JUL 1   3242                      3984   -742     4079

 COOLING
  YESTERDAY        0                         0      0        0
  MONTH TO DATE    0                         0      0        0
  SINCE MAR 1      0                         0      0        0
  SINCE JAN 1      0                         0      0        0
..................................................................


WIND (MPH)
  HIGHEST WIND SPEED    30   HIGHEST WIND DIRECTION     S (180)
  HIGHEST GUST SPEED    38   HIGHEST GUST DIRECTION     S (190)
  AVERAGE WIND SPEED    16.8


SKY COVER
  POSSIBLE SUNSHINE  MM
  AVERAGE SKY COVER 0.0


WEATHER CONDITIONS
 THE FOLLOWING WEATHER WAS RECORDED YESTERDAY.
  NO SIGNIFICANT WEATHER WAS OBSERVED.


RELATIVE HUMIDITY (PERCENT)
 HIGHEST    81           300 AM
 LOWEST     24           400 PM
 AVERAGE    53

..........................................................


THE CHANUTE KS CLIMATE NORMALS FOR TODAY
                         NORMAL    RECORD    YEAR
 MAXIMUM TEMPERATURE (F)   60        90      1910
 MINIMUM TEMPERATURE (F)   38         7      1955


SUNRISE AND SUNSET
MARCH 22 2016.........SUNRISE   722 AM CDT   SUNSET   736 PM CDT
MARCH 23 2016.........SUNRISE   720 AM CDT   SUNSET   737 PM CDT


-  INDICATES NEGATIVE NUMBERS.
R  INDICATES RECORD WAS SET OR TIED.
MM INDICATES DATA IS MISSING.
T  INDICATES TRACE AMOUNT.




$$
