000
CDUS43 KICT 010630
CLICNU


CLIMATE REPORT
NATIONAL WEATHER SERVICE WICHITA KS
130 AM CDT MON AUG 1 2016


...................................

...THE CHANUTE KS CLIMATE SUMMARY FOR JULY 31 2016...

CLIMATE NORMAL PERIOD 1981 TO 2010
CLIMATE RECORD PERIOD 1894 TO 2016


WEATHER ITEM   OBSERVED TIME   RECORD YEAR NORMAL DEPARTURE LAST
                VALUE   (LST)  VALUE       VALUE  FROM      YEAR
                                                  NORMAL
..................................................................
TEMPERATURE (F)
 YESTERDAY
  MAXIMUM         93    400 PM 107    1934  91      2       92
  MINIMUM         73    620 AM  50    1971  69      4       65
  AVERAGE         83                        80      3       79

PRECIPITATION (IN)
  YESTERDAY        0.00          1.57 1979   0.12  -0.12     0.00
  MONTH TO DATE    4.49                      4.37   0.12     4.80
  SINCE JUN 1      7.69                     10.40  -2.71     7.17
  SINCE JAN 1     19.48                     26.80  -7.32    25.14

DEGREE DAYS
 HEATING
  YESTERDAY        0                         0      0        0
  MONTH TO DATE    0                         0      0        0
  SINCE JUN 1      0                         6     -6        0
  SINCE JUL 1      0                         0      0        0

 COOLING
  YESTERDAY       18                        15      3       14
  MONTH TO DATE  501                       449     52      486
  SINCE JUN 1    935                       741    194      877
  SINCE JAN 1   1042                       874    168      986
..................................................................


WIND (MPH)
  HIGHEST WIND SPEED    18   HIGHEST WIND DIRECTION    SE (140)
  HIGHEST GUST SPEED    25   HIGHEST GUST DIRECTION    SE (140)
  AVERAGE WIND SPEED     9.2


SKY COVER
  POSSIBLE SUNSHINE  MM
  AVERAGE SKY COVER 0.3


WEATHER CONDITIONS
 THE FOLLOWING WEATHER WAS RECORDED YESTERDAY.
  NO SIGNIFICANT WEATHER WAS OBSERVED.


RELATIVE HUMIDITY (PERCENT)
 HIGHEST    87          1200 AM
 LOWEST     60           300 PM
 AVERAGE    74

..........................................................


THE CHANUTE KS CLIMATE NORMALS FOR TODAY
                         NORMAL    RECORD    YEAR
 MAXIMUM TEMPERATURE (F)   91       109      1934
 MINIMUM TEMPERATURE (F)   69        53      1971


SUNRISE AND SUNSET
AUGUST  1 2016........SUNRISE   626 AM CDT   SUNSET   830 PM CDT
AUGUST  2 2016........SUNRISE   627 AM CDT   SUNSET   829 PM CDT


-  INDICATES NEGATIVE NUMBERS.
R  INDICATES RECORD WAS SET OR TIED.
MM INDICATES DATA IS MISSING.
T  INDICATES TRACE AMOUNT.




$$
