000
CDUS43 KICT 040624
CLICNU


CLIMATE REPORT
NATIONAL WEATHER SERVICE WICHITA KS
124 AM CDT MON SEP 4 2017


...................................

...THE CHANUTE KS CLIMATE SUMMARY FOR SEPTEMBER 3 2017...

CLIMATE NORMAL PERIOD 1981 TO 2010
CLIMATE RECORD PERIOD 1894 TO 2017


WEATHER ITEM   OBSERVED TIME   RECORD YEAR NORMAL DEPARTURE LAST
                VALUE   (LST)  VALUE       VALUE  FROM      YEAR
                                                  NORMAL
..................................................................
TEMPERATURE (F)
 YESTERDAY
  MAXIMUM         91    301 PM 106    1947  86      5       81
  MINIMUM         63    551 AM  45    1974  64     -1       59
  AVERAGE         77                        75      2       70

PRECIPITATION (IN)
  YESTERDAY        0.00          3.47 1961   0.10  -0.10     0.00
  MONTH TO DATE    0.00                      0.32  -0.32     0.00
  SINCE SEP 1      0.00                      0.32  -0.32     0.00
  SINCE JAN 1     36.64                     30.81   5.83    25.23

DEGREE DAYS
 HEATING
  YESTERDAY        0                         0      0        0
  MONTH TO DATE    0                         0      0        0
  SINCE SEP 1      0                         0      0        0
  SINCE JUL 1      0                         1     -1        0

 COOLING
  YESTERDAY       12                        10      2        5
  MONTH TO DATE   27                        32     -5       19
  SINCE SEP 1     27                        32     -5       19
  SINCE JAN 1   1334                      1336     -2     1500
..................................................................


WIND (MPH)
  HIGHEST WIND SPEED    10   HIGHEST WIND DIRECTION     S (190)
  HIGHEST GUST SPEED    14   HIGHEST GUST DIRECTION    NW (310)
  AVERAGE WIND SPEED     4.8


SKY COVER
  POSSIBLE SUNSHINE  MM
  AVERAGE SKY COVER 0.1


WEATHER CONDITIONS
 THE FOLLOWING WEATHER WAS RECORDED YESTERDAY.
  NO SIGNIFICANT WEATHER WAS OBSERVED.


RELATIVE HUMIDITY (PERCENT)
 HIGHEST    93           500 AM
 LOWEST     44           300 PM
 AVERAGE    69

..........................................................


THE CHANUTE KS CLIMATE NORMALS FOR TODAY
                         NORMAL    RECORD    YEAR
 MAXIMUM TEMPERATURE (F)   86       102      1978
 MINIMUM TEMPERATURE (F)   64        42      1974


SUNRISE AND SUNSET
SEPTEMBER  4 2017.....SUNRISE   655 AM CDT   SUNSET   746 PM CDT
SEPTEMBER  5 2017.....SUNRISE   656 AM CDT   SUNSET   745 PM CDT


-  INDICATES NEGATIVE NUMBERS.
R  INDICATES RECORD WAS SET OR TIED.
MM INDICATES DATA IS MISSING.
T  INDICATES TRACE AMOUNT.




$$
